{"id":7245,"date":"2022-02-05T18:54:36","date_gmt":"2022-02-05T17:54:36","guid":{"rendered":"https:\/\/videom.it\/blog\/?post_type=product&#038;p=7245"},"modified":"2024-07-24T13:12:11","modified_gmt":"2024-07-24T11:12:11","slug":"vivo-y72-5g-128gb","status":"publish","type":"product","link":"https:\/\/videom.it\/blog\/shop\/vivo-y72-5g-128gb\/","title":{"rendered":"Vivo Y72 5G 128Gb"},"content":{"rendered":"<p><span class=\"a-list-item\">Il Vivo Y72 5G e uno Smartphone Rete 5G + 128GB di ROM Goditi le migliori prestazioni con un chip 5G emblema da 7nm e una velocit\u00e0 CPU fino a 2,2 GHz. Ottieni un segnale 2 in ogni momento con <a href=\"https:\/\/it.wikipedia.org\/wiki\/5G\" target=\"_blank\" rel=\"noopener\">5G<\/a> Dual SA1 e NSA che funziona sulle frequenze principali e un&#8217;antenna che avvolge tutto il telefono. Con una memoria da 8 GB + 128 GB3, potrai godere di un&#8217;esperienza 5G pi\u00f9 fluida con una connessione pi\u00f9 veloce e il download di pi\u00f9 applicazioni contemporaneamente.<\/span><\/p>\n<ul class=\"a-unordered-list a-vertical a-spacing-mini\">\n<li><span class=\"a-list-item\">Fotocamera principale da 64 MP: la fotocamera posteriore principale da 64 MP \u00e8 dotata di una variet\u00e0 di funzioni di elaborazione che aiutano a catturare immagini perfettamente durante il giorno e la notte. Festeggia i bei momenti della vita con una nitidezza mai vista prima.<\/span><\/li>\n<li><span class=\"a-list-item\">Video ultra stabile con EIS. La tecnologia EIS della fotocamera posteriore si adatta facilmente a qualsiasi ambiente. Dalla vita quotidiana agli sport estremi, registra video chiari e stabili in ogni momento, come un vero professionista.<\/span><\/li>\n<li><span class=\"a-list-item\">Batteria da 5000 mAh + ricarica rapida da 18 W. Porta una batteria da 5000 mAh (tipica) di lunga durata e ricarica ad alta velocit\u00e0 con la ricarica rapida da 18 W, sempre e ovunque. Conserva l&#8217;uso della batteria con la nostra tecnologia Energy Guardian (VEG), che si adatta alle attivit\u00e0 della tua vita quotidiana e ti aiuta a rimanere connessi 24 ore.<\/span><\/li>\n<li><span class=\"a-list-item\">Design compatto e sofisticato. Grazie alla sua elegante cornice il Vivo Y72 5G \u00e8 sottile da 2,75 mm e al suo arco 3D, il Y72 5G \u00e8 un vero capolavoro della tecnologia. La custodia sottile e leggera \u00e8 molto comoda da tenere in mano.<\/span><\/li>\n<\/ul>\n<p><strong>Nel nostro Store \u00e8 possibile finanziare tutti gli Smartphone. Anche Senza Busta Paga.<\/strong><\/p>\n<p><strong>Proteggi il tuo Smartphone con<\/strong> <a href=\"http:\/\/videom.it\/blog\/protection-pro\/\">PROTECTION PRO ULTRA<\/a>.<\/p>\n<p>Il sistema di protezione pi\u00f9 avanzato sul mercato. Una esclusiva della<strong> VideoMusic Cava Trebisacce<\/strong>, unico rivenditore dell&#8217;Alto Ionio.<\/p>\n<p><a href=\"https:\/\/i0.wp.com\/videom.it\/blog\/wp-content\/uploads\/2021\/05\/Logo-giugno-2020-tras.png?ssl=1\"><img data-recalc-dims=\"1\" decoding=\"async\" class=\"alignnone size-medium wp-image-6231\" src=\"https:\/\/i0.wp.com\/videom.it\/blog\/wp-content\/uploads\/2021\/05\/Logo-giugno-2020-tras-300x74.png?resize=300%2C74&#038;ssl=1\" alt=\"Vivo Y72\" width=\"300\" height=\"74\" \/><\/a> <a href=\"https:\/\/i0.wp.com\/videom.it\/blog\/wp-content\/uploads\/2021\/06\/Nuova-facciata-A-nera-negozio.jpg?ssl=1\"><img data-recalc-dims=\"1\" decoding=\"async\" class=\"alignnone size-medium wp-image-7057\" src=\"https:\/\/i0.wp.com\/videom.it\/blog\/wp-content\/uploads\/2021\/06\/Nuova-facciata-A-nera-negozio.jpg?resize=300%2C134&#038;ssl=1\" alt=\"Vivo Y72\" width=\"300\" height=\"134\" \/><\/a><\/p>\n<p><a href=\"https:\/\/i0.wp.com\/videom.it\/blog\/wp-content\/uploads\/2020\/05\/consegna-gratuita-GRAT-e1618251105672.jpg?ssl=1\">\u00a0 \u00a0<img data-recalc-dims=\"1\" decoding=\"async\" class=\"alignnone size-medium wp-image-4221\" src=\"https:\/\/i0.wp.com\/videom.it\/blog\/wp-content\/uploads\/2020\/05\/consegna-gratuita-GRAT.jpg?resize=300%2C108&#038;ssl=1\" alt=\"Vivo Y72\" width=\"300\" height=\"108\" \/><\/a><\/p>\n<p><strong>Unica sede a Trebisacce (Cs) in Vle della Libert\u00e0 22\/24<\/strong> &#8211; 098158459 \/ 51519 &#8211; 3518188174 &#8211; <a href=\"mailto:info@videom.it\">info@videom.it<\/a><\/p>\n","protected":false},"excerpt":{"rendered":"<ul class=\"a-unordered-list a-vertical a-spacing-mini\">\n<li><strong><span class=\"a-list-item\">Sistema Operativo: Android 11<\/span><\/strong><\/li>\n<li><strong><span class=\"a-list-item\">Fotocamera: 64 MP, f1.79 + 8 MP, 120\u00b0, f2.2 + 2 MP, macro, f2.4.<\/span><\/strong><\/li>\n<li><strong><span class=\"a-list-item\">Batteria 5000 mAh<\/span><\/strong><\/li>\n<li><strong><span class=\"a-list-item\">Display 6.58 Pollici IPS, FHD+<\/span><\/strong><\/li>\n<li><strong><span class=\"a-list-item\">Memoria: 128 GB espandibile con MicroSD da 256 GB<\/span><\/strong><\/li>\n<\/ul>\n<p><a href=\"https:\/\/videom.it\/blog\/wp-content\/uploads\/2021\/05\/carte-di-credito-supportate-da-paypal-2.png\"><img loading=\"lazy\" decoding=\"async\" class=\"alignnone size-medium wp-image-6452\" src=\"https:\/\/videom.it\/blog\/wp-content\/uploads\/2021\/05\/carte-di-credito-supportate-da-paypal-2-300x68.png\" alt=\"\" width=\"300\" height=\"68\" srcset=\"https:\/\/i0.wp.com\/videom.it\/blog\/wp-content\/uploads\/2021\/05\/carte-di-credito-supportate-da-paypal-2.png?resize=300%2C68&amp;ssl=1 300w, https:\/\/i0.wp.com\/videom.it\/blog\/wp-content\/uploads\/2021\/05\/carte-di-credito-supportate-da-paypal-2.png?resize=768%2C175&amp;ssl=1 768w, https:\/\/i0.wp.com\/videom.it\/blog\/wp-content\/uploads\/2021\/05\/carte-di-credito-supportate-da-paypal-2.png?resize=600%2C137&amp;ssl=1 600w, https:\/\/i0.wp.com\/videom.it\/blog\/wp-content\/uploads\/2021\/05\/carte-di-credito-supportate-da-paypal-2.png?w=1000&amp;ssl=1 1000w\" sizes=\"(max-width: 300px) 100vw, 300px\" \/><\/a><\/p>\n<p><a href=\"https:\/\/videom.it\/blog\/wp-content\/uploads\/2020\/05\/consegna-gratuita-GRAT-e1618251105672.jpg\"><img loading=\"lazy\" decoding=\"async\" class=\"alignnone size-medium wp-image-4221\" src=\"https:\/\/videom.it\/blog\/wp-content\/uploads\/2020\/05\/consegna-gratuita-GRAT-300x108.jpg\" alt=\"\" width=\"300\" height=\"108\" \/><\/a><\/p>\n","protected":false},"featured_media":7240,"comment_status":"open","ping_status":"closed","template":"","meta":{"jetpack_post_was_ever_published":false,"jetpack_publicize_message":"","jetpack_publicize_feature_enabled":true,"jetpack_social_post_already_shared":true,"jetpack_social_options":{"image_generator_settings":{"template":"highway","default_image_id":0,"font":"","enabled":false},"version":2}},"product_brand":[],"product_cat":[27],"product_tag":[140,55,36,54,276],"class_list":{"0":"post-7245","1":"product","2":"type-product","3":"status-publish","4":"has-post-thumbnail","6":"product_cat-smartphone","7":"product_tag-5g","8":"product_tag-android","9":"product_tag-cellulari","10":"product_tag-smartphone","11":"product_tag-vivo","13":"first","14":"outofstock","15":"sale","16":"taxable","17":"shipping-taxable","18":"purchasable","19":"product-type-simple"},"yoast_head":"<!-- This site is optimized with the Yoast SEO plugin v27.4 - https:\/\/yoast.com\/product\/yoast-seo-wordpress\/ -->\n<title>Vivo Y72 5G 128Gb<\/title>\n<meta name=\"description\" content=\"Vivo Y72 5G \u00e8 uno smartphone Dual SIM basato sul sistema operativo Android 11, che ha una batteria da 5000mAh di capacit\u00e0 e adotta una ...\" \/>\n<meta name=\"robots\" content=\"index, follow, max-snippet:-1, max-image-preview:large, max-video-preview:-1\" \/>\n<link rel=\"canonical\" href=\"https:\/\/videom.it\/blog\/shop\/vivo-y72-5g-128gb\/\" \/>\n<meta property=\"og:locale\" content=\"it_IT\" \/>\n<meta property=\"og:type\" content=\"article\" \/>\n<meta property=\"og:title\" content=\"Vivo Y72 5G 128Gb\" \/>\n<meta property=\"og:description\" content=\"Vivo Y72 5G \u00e8 uno smartphone Dual SIM basato sul sistema operativo Android 11, che ha una batteria da 5000mAh di capacit\u00e0 e adotta una ...\" \/>\n<meta property=\"og:url\" content=\"https:\/\/videom.it\/blog\/shop\/vivo-y72-5g-128gb\/\" \/>\n<meta property=\"og:site_name\" content=\"VideoMusic\" \/>\n<meta property=\"article:publisher\" content=\"https:\/\/www.facebook.com\/videomusiccava.trebisacce\" \/>\n<meta property=\"article:modified_time\" content=\"2024-07-24T11:12:11+00:00\" \/>\n<meta property=\"og:image\" content=\"https:\/\/videom.it\/blog\/wp-content\/uploads\/2022\/02\/vivo-Y72AA.jpg\" \/>\n\t<meta property=\"og:image:width\" content=\"1024\" \/>\n\t<meta property=\"og:image:height\" content=\"600\" \/>\n\t<meta property=\"og:image:type\" content=\"image\/jpeg\" \/>\n<meta name=\"twitter:label1\" content=\"Tempo di lettura stimato\" \/>\n\t<meta name=\"twitter:data1\" content=\"2 minuti\" \/>\n<script type=\"application\/ld+json\" class=\"yoast-schema-graph\">{\"@context\":\"https:\\\/\\\/schema.org\",\"@graph\":[{\"@type\":\"WebPage\",\"@id\":\"https:\\\/\\\/videom.it\\\/blog\\\/shop\\\/vivo-y72-5g-128gb\\\/\",\"url\":\"https:\\\/\\\/videom.it\\\/blog\\\/shop\\\/vivo-y72-5g-128gb\\\/\",\"name\":\"Vivo Y72 5G 128Gb\",\"isPartOf\":{\"@id\":\"https:\\\/\\\/videom.it\\\/blog\\\/#website\"},\"primaryImageOfPage\":{\"@id\":\"https:\\\/\\\/videom.it\\\/blog\\\/shop\\\/vivo-y72-5g-128gb\\\/#primaryimage\"},\"image\":{\"@id\":\"https:\\\/\\\/videom.it\\\/blog\\\/shop\\\/vivo-y72-5g-128gb\\\/#primaryimage\"},\"thumbnailUrl\":\"https:\\\/\\\/i0.wp.com\\\/videom.it\\\/blog\\\/wp-content\\\/uploads\\\/2022\\\/02\\\/vivo-Y72AA.jpg?fit=1024%2C600&ssl=1\",\"datePublished\":\"2022-02-05T17:54:36+00:00\",\"dateModified\":\"2024-07-24T11:12:11+00:00\",\"description\":\"Vivo Y72 5G \u00e8 uno smartphone Dual SIM basato sul sistema operativo Android 11, che ha una batteria da 5000mAh di capacit\u00e0 e adotta una ...\",\"breadcrumb\":{\"@id\":\"https:\\\/\\\/videom.it\\\/blog\\\/shop\\\/vivo-y72-5g-128gb\\\/#breadcrumb\"},\"inLanguage\":\"it-IT\",\"potentialAction\":[{\"@type\":\"ReadAction\",\"target\":[\"https:\\\/\\\/videom.it\\\/blog\\\/shop\\\/vivo-y72-5g-128gb\\\/\"]}]},{\"@type\":\"ImageObject\",\"inLanguage\":\"it-IT\",\"@id\":\"https:\\\/\\\/videom.it\\\/blog\\\/shop\\\/vivo-y72-5g-128gb\\\/#primaryimage\",\"url\":\"https:\\\/\\\/i0.wp.com\\\/videom.it\\\/blog\\\/wp-content\\\/uploads\\\/2022\\\/02\\\/vivo-Y72AA.jpg?fit=1024%2C600&ssl=1\",\"contentUrl\":\"https:\\\/\\\/i0.wp.com\\\/videom.it\\\/blog\\\/wp-content\\\/uploads\\\/2022\\\/02\\\/vivo-Y72AA.jpg?fit=1024%2C600&ssl=1\",\"width\":1024,\"height\":600},{\"@type\":\"BreadcrumbList\",\"@id\":\"https:\\\/\\\/videom.it\\\/blog\\\/shop\\\/vivo-y72-5g-128gb\\\/#breadcrumb\",\"itemListElement\":[{\"@type\":\"ListItem\",\"position\":1,\"name\":\"Home\",\"item\":\"https:\\\/\\\/videom.it\\\/blog\\\/\"},{\"@type\":\"ListItem\",\"position\":2,\"name\":\"Shop\",\"item\":\"https:\\\/\\\/videom.it\\\/blog\\\/shop\\\/\"},{\"@type\":\"ListItem\",\"position\":3,\"name\":\"Vivo Y72 5G 128Gb\"}]},{\"@type\":\"WebSite\",\"@id\":\"https:\\\/\\\/videom.it\\\/blog\\\/#website\",\"url\":\"https:\\\/\\\/videom.it\\\/blog\\\/\",\"name\":\"VideoMusic\",\"description\":\"Luce &amp; Gas - Assicurazioni - Riparazioni\",\"publisher\":{\"@id\":\"https:\\\/\\\/videom.it\\\/blog\\\/#organization\"},\"potentialAction\":[{\"@type\":\"SearchAction\",\"target\":{\"@type\":\"EntryPoint\",\"urlTemplate\":\"https:\\\/\\\/videom.it\\\/blog\\\/?s={search_term_string}\"},\"query-input\":{\"@type\":\"PropertyValueSpecification\",\"valueRequired\":true,\"valueName\":\"search_term_string\"}}],\"inLanguage\":\"it-IT\"},{\"@type\":\"Organization\",\"@id\":\"https:\\\/\\\/videom.it\\\/blog\\\/#organization\",\"name\":\"VideoMusic\",\"url\":\"https:\\\/\\\/videom.it\\\/blog\\\/\",\"logo\":{\"@type\":\"ImageObject\",\"inLanguage\":\"it-IT\",\"@id\":\"https:\\\/\\\/videom.it\\\/blog\\\/#\\\/schema\\\/logo\\\/image\\\/\",\"url\":\"https:\\\/\\\/i2.wp.com\\\/videom.it\\\/blog\\\/wp-content\\\/uploads\\\/2015\\\/04\\\/25th-giallo-3.jpg?fit=1300%2C1192&ssl=1\",\"contentUrl\":\"https:\\\/\\\/i2.wp.com\\\/videom.it\\\/blog\\\/wp-content\\\/uploads\\\/2015\\\/04\\\/25th-giallo-3.jpg?fit=1300%2C1192&ssl=1\",\"width\":1300,\"height\":1192,\"caption\":\"VideoMusic\"},\"image\":{\"@id\":\"https:\\\/\\\/videom.it\\\/blog\\\/#\\\/schema\\\/logo\\\/image\\\/\"},\"sameAs\":[\"https:\\\/\\\/www.facebook.com\\\/videomusiccava.trebisacce\",\"https:\\\/\\\/x.com\\\/vbcava\",\"https:\\\/\\\/www.youtube.com\\\/channel\\\/UCgNxnZpk2zqHaIcIxF3swOA\"]}]}<\/script>\n<!-- \/ Yoast SEO plugin. -->","yoast_head_json":{"title":"Vivo Y72 5G 128Gb","description":"Vivo Y72 5G \u00e8 uno smartphone Dual SIM basato sul sistema operativo Android 11, che ha una batteria da 5000mAh di capacit\u00e0 e adotta una ...","robots":{"index":"index","follow":"follow","max-snippet":"max-snippet:-1","max-image-preview":"max-image-preview:large","max-video-preview":"max-video-preview:-1"},"canonical":"https:\/\/videom.it\/blog\/shop\/vivo-y72-5g-128gb\/","og_locale":"it_IT","og_type":"article","og_title":"Vivo Y72 5G 128Gb","og_description":"Vivo Y72 5G \u00e8 uno smartphone Dual SIM basato sul sistema operativo Android 11, che ha una batteria da 5000mAh di capacit\u00e0 e adotta una ...","og_url":"https:\/\/videom.it\/blog\/shop\/vivo-y72-5g-128gb\/","og_site_name":"VideoMusic","article_publisher":"https:\/\/www.facebook.com\/videomusiccava.trebisacce","article_modified_time":"2024-07-24T11:12:11+00:00","og_image":[{"width":1024,"height":600,"url":"https:\/\/videom.it\/blog\/wp-content\/uploads\/2022\/02\/vivo-Y72AA.jpg","type":"image\/jpeg"}],"twitter_misc":{"Tempo di lettura stimato":"2 minuti"},"schema":{"@context":"https:\/\/schema.org","@graph":[{"@type":"WebPage","@id":"https:\/\/videom.it\/blog\/shop\/vivo-y72-5g-128gb\/","url":"https:\/\/videom.it\/blog\/shop\/vivo-y72-5g-128gb\/","name":"Vivo Y72 5G 128Gb","isPartOf":{"@id":"https:\/\/videom.it\/blog\/#website"},"primaryImageOfPage":{"@id":"https:\/\/videom.it\/blog\/shop\/vivo-y72-5g-128gb\/#primaryimage"},"image":{"@id":"https:\/\/videom.it\/blog\/shop\/vivo-y72-5g-128gb\/#primaryimage"},"thumbnailUrl":"https:\/\/i0.wp.com\/videom.it\/blog\/wp-content\/uploads\/2022\/02\/vivo-Y72AA.jpg?fit=1024%2C600&ssl=1","datePublished":"2022-02-05T17:54:36+00:00","dateModified":"2024-07-24T11:12:11+00:00","description":"Vivo Y72 5G \u00e8 uno smartphone Dual SIM basato sul sistema operativo Android 11, che ha una batteria da 5000mAh di capacit\u00e0 e adotta una ...","breadcrumb":{"@id":"https:\/\/videom.it\/blog\/shop\/vivo-y72-5g-128gb\/#breadcrumb"},"inLanguage":"it-IT","potentialAction":[{"@type":"ReadAction","target":["https:\/\/videom.it\/blog\/shop\/vivo-y72-5g-128gb\/"]}]},{"@type":"ImageObject","inLanguage":"it-IT","@id":"https:\/\/videom.it\/blog\/shop\/vivo-y72-5g-128gb\/#primaryimage","url":"https:\/\/i0.wp.com\/videom.it\/blog\/wp-content\/uploads\/2022\/02\/vivo-Y72AA.jpg?fit=1024%2C600&ssl=1","contentUrl":"https:\/\/i0.wp.com\/videom.it\/blog\/wp-content\/uploads\/2022\/02\/vivo-Y72AA.jpg?fit=1024%2C600&ssl=1","width":1024,"height":600},{"@type":"BreadcrumbList","@id":"https:\/\/videom.it\/blog\/shop\/vivo-y72-5g-128gb\/#breadcrumb","itemListElement":[{"@type":"ListItem","position":1,"name":"Home","item":"https:\/\/videom.it\/blog\/"},{"@type":"ListItem","position":2,"name":"Shop","item":"https:\/\/videom.it\/blog\/shop\/"},{"@type":"ListItem","position":3,"name":"Vivo Y72 5G 128Gb"}]},{"@type":"WebSite","@id":"https:\/\/videom.it\/blog\/#website","url":"https:\/\/videom.it\/blog\/","name":"VideoMusic","description":"Luce &amp; Gas - Assicurazioni - Riparazioni","publisher":{"@id":"https:\/\/videom.it\/blog\/#organization"},"potentialAction":[{"@type":"SearchAction","target":{"@type":"EntryPoint","urlTemplate":"https:\/\/videom.it\/blog\/?s={search_term_string}"},"query-input":{"@type":"PropertyValueSpecification","valueRequired":true,"valueName":"search_term_string"}}],"inLanguage":"it-IT"},{"@type":"Organization","@id":"https:\/\/videom.it\/blog\/#organization","name":"VideoMusic","url":"https:\/\/videom.it\/blog\/","logo":{"@type":"ImageObject","inLanguage":"it-IT","@id":"https:\/\/videom.it\/blog\/#\/schema\/logo\/image\/","url":"https:\/\/i2.wp.com\/videom.it\/blog\/wp-content\/uploads\/2015\/04\/25th-giallo-3.jpg?fit=1300%2C1192&ssl=1","contentUrl":"https:\/\/i2.wp.com\/videom.it\/blog\/wp-content\/uploads\/2015\/04\/25th-giallo-3.jpg?fit=1300%2C1192&ssl=1","width":1300,"height":1192,"caption":"VideoMusic"},"image":{"@id":"https:\/\/videom.it\/blog\/#\/schema\/logo\/image\/"},"sameAs":["https:\/\/www.facebook.com\/videomusiccava.trebisacce","https:\/\/x.com\/vbcava","https:\/\/www.youtube.com\/channel\/UCgNxnZpk2zqHaIcIxF3swOA"]}]}},"jetpack_publicize_connections":[],"jetpack_sharing_enabled":true,"_links":{"self":[{"href":"https:\/\/videom.it\/blog\/wp-json\/wp\/v2\/product\/7245","targetHints":{"allow":["GET"]}}],"collection":[{"href":"https:\/\/videom.it\/blog\/wp-json\/wp\/v2\/product"}],"about":[{"href":"https:\/\/videom.it\/blog\/wp-json\/wp\/v2\/types\/product"}],"replies":[{"embeddable":true,"href":"https:\/\/videom.it\/blog\/wp-json\/wp\/v2\/comments?post=7245"}],"wp:featuredmedia":[{"embeddable":true,"href":"https:\/\/videom.it\/blog\/wp-json\/wp\/v2\/media\/7240"}],"wp:attachment":[{"href":"https:\/\/videom.it\/blog\/wp-json\/wp\/v2\/media?parent=7245"}],"wp:term":[{"taxonomy":"product_brand","embeddable":true,"href":"https:\/\/videom.it\/blog\/wp-json\/wp\/v2\/product_brand?post=7245"},{"taxonomy":"product_cat","embeddable":true,"href":"https:\/\/videom.it\/blog\/wp-json\/wp\/v2\/product_cat?post=7245"},{"taxonomy":"product_tag","embeddable":true,"href":"https:\/\/videom.it\/blog\/wp-json\/wp\/v2\/product_tag?post=7245"}],"curies":[{"name":"wp","href":"https:\/\/api.w.org\/{rel}","templated":true}]}}