{"id":6568,"date":"2021-05-18T13:00:48","date_gmt":"2021-05-18T11:00:48","guid":{"rendered":"https:\/\/videom.it\/blog\/?post_type=product&#038;p=6568"},"modified":"2024-12-28T11:19:17","modified_gmt":"2024-12-28T10:19:17","slug":"xiaomi-mi-11-lite-5g","status":"publish","type":"product","link":"https:\/\/videom.it\/blog\/shop\/xiaomi-mi-11-lite-5g\/","title":{"rendered":"Xiaomi MI 11 Lite 5G"},"content":{"rendered":"<p>Xiaomi Mi 11 Lite 5G \u00e8 un smartphone <a href=\"https:\/\/it.wikipedia.org\/wiki\/Android\" target=\"_blank\" rel=\"noopener\"><b>Android<\/b><\/a>\u00a0di buon livello, fortemente votato all&#8217;imaging, in grado di soddisfare anche l&#8217;utente pi\u00f9 esigente. Sorprende il display\u00a0<b>Touchscreen<\/b>\u00a0da\u00a0<b>6.55<\/b> pollici che pone questo Xiaomi al vertice della categoria. La Risoluzione \u00e8 di <b>2400&#215;1080<\/b> pixel. Sul versante delle funzionalit\u00e0 a questo Smartphone Xiaomi non manca davvero nulla. A cominciare dal modulo <b>LTE 5G<\/b> che permette un trasferimento dati e una navigazione in internet eccellente. Passando per la connettivit\u00e0 <b>Wi-fi<\/b>\u00a0e il\u00a0<b>GPS<\/b>.<br \/>\nIl nuovo Smartphone Xiaomi Mi 11 Lite 5G \u00e8 un prodotto con pochi competitor per ci\u00f2 che riguarda la multimedialit\u00e0. Grazie alla fotocamera da ben <b>64<\/b> megapixel che permette al Xiaomi Mi 11 Lite di scattare foto di alta qualit\u00e0. La risoluzione \u00e8 di <b>9216&#215;6912<\/b> pixel. Inoltre \u00e8 in grado di registrare video in <b>4K<\/b>\u00a0alla risoluzione di\u00a0<b>3840&#215;2160<\/b>\u00a0pixel. Lo spessore di appena\u00a0<b>6.8mm<\/b>\u00a0rende questo Xiaomi Mi 11 Lite un prodotto completo e tra i pi\u00f9 sottili sul mercato.<\/p>\n<p><strong>Proteggi il tuo Smartphone con <a href=\"http:\/\/videom.it\/blog\/protection-pro\/\">PROTECTION PRO ULTRA<\/a>\u00a0<\/strong><\/p>\n<p>Il sistema di protezione pi\u00f9 avanzato sul mercato. Una esclusiva della VideoMusic Cava Trebisacce, unico rivenditore dell&#8217;Alto Ionio<\/p>\n<p><a href=\"https:\/\/i0.wp.com\/videom.it\/blog\/wp-content\/uploads\/2021\/03\/nuova-insegna-blog.jpg?ssl=1\"><img data-recalc-dims=\"1\" decoding=\"async\" class=\"alignnone wp-image-5230\" src=\"https:\/\/i0.wp.com\/videom.it\/blog\/wp-content\/uploads\/2021\/03\/nuova-insegna-blog-300x173.jpg?resize=251%2C145&#038;ssl=1\" alt=\"Xiaomi MI 11 Lite 5g\" width=\"251\" height=\"145\" \/><\/a>\u00a0\u00a0<a href=\"https:\/\/i0.wp.com\/videom.it\/blog\/wp-content\/uploads\/2020\/05\/consegna-gratuita-GRAT-e1618251105672.jpg?ssl=1\"><img data-recalc-dims=\"1\" decoding=\"async\" class=\"alignnone size-medium wp-image-4221\" src=\"https:\/\/i0.wp.com\/videom.it\/blog\/wp-content\/uploads\/2020\/05\/consegna-gratuita-GRAT.jpg?resize=300%2C108&#038;ssl=1\" alt=\"Xiaomi MI 11 Lite 5g\" width=\"300\" height=\"108\" \/><\/a><\/p>\n<p><strong>Unica sede a Trebisacce (Cs) in Vle della Libert\u00e0 22\/24 &#8211; 098158459 \/ 51519 &#8211; 3518188174 &#8211; <a href=\"mailto:info@videom.it\">info@videom.it<\/a><\/strong><\/p>\n","protected":false},"excerpt":{"rendered":"<ul>\n<li>\n<p class=\"product-description\"><strong>Quadri Band &#8211; 5G-LTE &#8211; Wi-Fi &#8211; NFC &#8211; A-GPS &#8211;<\/strong><\/p>\n<\/li>\n<li><strong>Display 6,55 &#8221; AMOLED<\/strong><\/li>\n<li>\n<p class=\"product-description\"><strong>Fotocamera posteriore: 64 Megapixel &#8211; <\/strong><\/p>\n<\/li>\n<li>\n<p class=\"product-description\"><strong>Android 11 con MIUI 12 &#8211; <\/strong><\/p>\n<\/li>\n<li>\n<p class=\"product-description\"><strong>Processore: 8-Core da 2,4 GHz &#8211;<\/strong><\/p>\n<\/li>\n<li>\n<p class=\"product-description\"><strong> Memoria interna: 128 GB &#8211; RAM: 8 GB<\/strong><\/p>\n<\/li>\n<\/ul>\n<p><a href=\"https:\/\/videom.it\/blog\/wp-content\/uploads\/2020\/05\/consegna-gratuita-GRAT-e1618251105672.jpg\"><img decoding=\"async\" class=\"alignnone size-medium wp-image-4221\" src=\"https:\/\/videom.it\/blog\/wp-content\/uploads\/2020\/05\/consegna-gratuita-GRAT-300x108.jpg\" alt=\"\" width=\"300\" height=\"108\" \/><\/a><\/p>\n","protected":false},"featured_media":6569,"comment_status":"open","ping_status":"closed","template":"","meta":{"jetpack_post_was_ever_published":false,"jetpack_publicize_message":"","jetpack_publicize_feature_enabled":true,"jetpack_social_post_already_shared":true,"jetpack_social_options":{"image_generator_settings":{"template":"highway","default_image_id":0,"font":"","enabled":false},"version":2}},"product_brand":[],"product_cat":[27],"product_tag":[55,85,54,186],"class_list":{"0":"post-6568","1":"product","2":"type-product","3":"status-publish","4":"has-post-thumbnail","6":"product_cat-smartphone","7":"product_tag-android","8":"product_tag-dual-sim","9":"product_tag-smartphone","10":"product_tag-xiaomi","12":"first","13":"outofstock","14":"sale","15":"taxable","16":"shipping-taxable","17":"purchasable","18":"product-type-simple"},"yoast_head":"<!-- This site is optimized with the Yoast SEO plugin v27.3 - https:\/\/yoast.com\/product\/yoast-seo-wordpress\/ -->\n<title>Xiaomi MI 11 Lite 5G<\/title>\n<meta name=\"description\" content=\"Xiaomi Mi 11 Lite 5G - Smartphone con Ram 8+128GB, 6,55&quot; AMOLED Dot Display, Snapdragon 732G, Tripla Camera da ben 64 MP, Batteria 4250 mAh,\" \/>\n<meta name=\"robots\" content=\"index, follow, max-snippet:-1, max-image-preview:large, max-video-preview:-1\" \/>\n<link rel=\"canonical\" href=\"https:\/\/videom.it\/blog\/shop\/xiaomi-mi-11-lite-5g\/\" \/>\n<meta property=\"og:locale\" content=\"it_IT\" \/>\n<meta property=\"og:type\" content=\"article\" \/>\n<meta property=\"og:title\" content=\"Xiaomi MI 11 Lite 5G\" \/>\n<meta property=\"og:description\" content=\"Xiaomi Mi 11 Lite 5G - Smartphone con Ram 8+128GB, 6,55&quot; AMOLED Dot Display, Snapdragon 732G, Tripla Camera da ben 64 MP, Batteria 4250 mAh,\" \/>\n<meta property=\"og:url\" content=\"https:\/\/videom.it\/blog\/shop\/xiaomi-mi-11-lite-5g\/\" \/>\n<meta property=\"og:site_name\" content=\"VideoMusic\" \/>\n<meta property=\"article:publisher\" content=\"https:\/\/www.facebook.com\/videomusiccava.trebisacce\" \/>\n<meta property=\"article:modified_time\" content=\"2024-12-28T10:19:17+00:00\" \/>\n<meta property=\"og:image\" content=\"https:\/\/videom.it\/blog\/wp-content\/uploads\/2021\/05\/11lite-AA.jpg\" \/>\n\t<meta property=\"og:image:width\" content=\"1738\" \/>\n\t<meta property=\"og:image:height\" content=\"869\" \/>\n\t<meta property=\"og:image:type\" content=\"image\/jpeg\" \/>\n<meta name=\"twitter:label1\" content=\"Tempo di lettura stimato\" \/>\n\t<meta name=\"twitter:data1\" content=\"2 minuti\" \/>\n<script type=\"application\/ld+json\" class=\"yoast-schema-graph\">{\"@context\":\"https:\\\/\\\/schema.org\",\"@graph\":[{\"@type\":\"WebPage\",\"@id\":\"https:\\\/\\\/videom.it\\\/blog\\\/shop\\\/xiaomi-mi-11-lite-5g\\\/\",\"url\":\"https:\\\/\\\/videom.it\\\/blog\\\/shop\\\/xiaomi-mi-11-lite-5g\\\/\",\"name\":\"Xiaomi MI 11 Lite 5G\",\"isPartOf\":{\"@id\":\"https:\\\/\\\/videom.it\\\/blog\\\/#website\"},\"primaryImageOfPage\":{\"@id\":\"https:\\\/\\\/videom.it\\\/blog\\\/shop\\\/xiaomi-mi-11-lite-5g\\\/#primaryimage\"},\"image\":{\"@id\":\"https:\\\/\\\/videom.it\\\/blog\\\/shop\\\/xiaomi-mi-11-lite-5g\\\/#primaryimage\"},\"thumbnailUrl\":\"https:\\\/\\\/i0.wp.com\\\/videom.it\\\/blog\\\/wp-content\\\/uploads\\\/2021\\\/05\\\/11-lite-5g.jpg?fit=1024%2C600&ssl=1\",\"datePublished\":\"2021-05-18T11:00:48+00:00\",\"dateModified\":\"2024-12-28T10:19:17+00:00\",\"description\":\"Xiaomi Mi 11 Lite 5G - Smartphone con Ram 8+128GB, 6,55\\\" AMOLED Dot Display, Snapdragon 732G, Tripla Camera da ben 64 MP, Batteria 4250 mAh,\",\"breadcrumb\":{\"@id\":\"https:\\\/\\\/videom.it\\\/blog\\\/shop\\\/xiaomi-mi-11-lite-5g\\\/#breadcrumb\"},\"inLanguage\":\"it-IT\",\"potentialAction\":[{\"@type\":\"ReadAction\",\"target\":[\"https:\\\/\\\/videom.it\\\/blog\\\/shop\\\/xiaomi-mi-11-lite-5g\\\/\"]}]},{\"@type\":\"ImageObject\",\"inLanguage\":\"it-IT\",\"@id\":\"https:\\\/\\\/videom.it\\\/blog\\\/shop\\\/xiaomi-mi-11-lite-5g\\\/#primaryimage\",\"url\":\"https:\\\/\\\/i0.wp.com\\\/videom.it\\\/blog\\\/wp-content\\\/uploads\\\/2021\\\/05\\\/11-lite-5g.jpg?fit=1024%2C600&ssl=1\",\"contentUrl\":\"https:\\\/\\\/i0.wp.com\\\/videom.it\\\/blog\\\/wp-content\\\/uploads\\\/2021\\\/05\\\/11-lite-5g.jpg?fit=1024%2C600&ssl=1\",\"width\":1024,\"height\":600},{\"@type\":\"BreadcrumbList\",\"@id\":\"https:\\\/\\\/videom.it\\\/blog\\\/shop\\\/xiaomi-mi-11-lite-5g\\\/#breadcrumb\",\"itemListElement\":[{\"@type\":\"ListItem\",\"position\":1,\"name\":\"Home\",\"item\":\"https:\\\/\\\/videom.it\\\/blog\\\/\"},{\"@type\":\"ListItem\",\"position\":2,\"name\":\"Shop\",\"item\":\"https:\\\/\\\/videom.it\\\/blog\\\/shop\\\/\"},{\"@type\":\"ListItem\",\"position\":3,\"name\":\"Xiaomi MI 11 Lite 5G\"}]},{\"@type\":\"WebSite\",\"@id\":\"https:\\\/\\\/videom.it\\\/blog\\\/#website\",\"url\":\"https:\\\/\\\/videom.it\\\/blog\\\/\",\"name\":\"VideoMusic\",\"description\":\"Luce &amp; Gas - Assicurazioni - Riparazioni\",\"publisher\":{\"@id\":\"https:\\\/\\\/videom.it\\\/blog\\\/#organization\"},\"potentialAction\":[{\"@type\":\"SearchAction\",\"target\":{\"@type\":\"EntryPoint\",\"urlTemplate\":\"https:\\\/\\\/videom.it\\\/blog\\\/?s={search_term_string}\"},\"query-input\":{\"@type\":\"PropertyValueSpecification\",\"valueRequired\":true,\"valueName\":\"search_term_string\"}}],\"inLanguage\":\"it-IT\"},{\"@type\":\"Organization\",\"@id\":\"https:\\\/\\\/videom.it\\\/blog\\\/#organization\",\"name\":\"VideoMusic\",\"url\":\"https:\\\/\\\/videom.it\\\/blog\\\/\",\"logo\":{\"@type\":\"ImageObject\",\"inLanguage\":\"it-IT\",\"@id\":\"https:\\\/\\\/videom.it\\\/blog\\\/#\\\/schema\\\/logo\\\/image\\\/\",\"url\":\"https:\\\/\\\/i2.wp.com\\\/videom.it\\\/blog\\\/wp-content\\\/uploads\\\/2015\\\/04\\\/25th-giallo-3.jpg?fit=1300%2C1192&ssl=1\",\"contentUrl\":\"https:\\\/\\\/i2.wp.com\\\/videom.it\\\/blog\\\/wp-content\\\/uploads\\\/2015\\\/04\\\/25th-giallo-3.jpg?fit=1300%2C1192&ssl=1\",\"width\":1300,\"height\":1192,\"caption\":\"VideoMusic\"},\"image\":{\"@id\":\"https:\\\/\\\/videom.it\\\/blog\\\/#\\\/schema\\\/logo\\\/image\\\/\"},\"sameAs\":[\"https:\\\/\\\/www.facebook.com\\\/videomusiccava.trebisacce\",\"https:\\\/\\\/x.com\\\/vbcava\",\"https:\\\/\\\/www.youtube.com\\\/channel\\\/UCgNxnZpk2zqHaIcIxF3swOA\"]}]}<\/script>\n<!-- \/ Yoast SEO plugin. -->","yoast_head_json":{"title":"Xiaomi MI 11 Lite 5G","description":"Xiaomi Mi 11 Lite 5G - Smartphone con Ram 8+128GB, 6,55\" AMOLED Dot Display, Snapdragon 732G, Tripla Camera da ben 64 MP, Batteria 4250 mAh,","robots":{"index":"index","follow":"follow","max-snippet":"max-snippet:-1","max-image-preview":"max-image-preview:large","max-video-preview":"max-video-preview:-1"},"canonical":"https:\/\/videom.it\/blog\/shop\/xiaomi-mi-11-lite-5g\/","og_locale":"it_IT","og_type":"article","og_title":"Xiaomi MI 11 Lite 5G","og_description":"Xiaomi Mi 11 Lite 5G - Smartphone con Ram 8+128GB, 6,55\" AMOLED Dot Display, Snapdragon 732G, Tripla Camera da ben 64 MP, Batteria 4250 mAh,","og_url":"https:\/\/videom.it\/blog\/shop\/xiaomi-mi-11-lite-5g\/","og_site_name":"VideoMusic","article_publisher":"https:\/\/www.facebook.com\/videomusiccava.trebisacce","article_modified_time":"2024-12-28T10:19:17+00:00","og_image":[{"width":1738,"height":869,"url":"https:\/\/videom.it\/blog\/wp-content\/uploads\/2021\/05\/11lite-AA.jpg","type":"image\/jpeg"}],"twitter_misc":{"Tempo di lettura stimato":"2 minuti"},"schema":{"@context":"https:\/\/schema.org","@graph":[{"@type":"WebPage","@id":"https:\/\/videom.it\/blog\/shop\/xiaomi-mi-11-lite-5g\/","url":"https:\/\/videom.it\/blog\/shop\/xiaomi-mi-11-lite-5g\/","name":"Xiaomi MI 11 Lite 5G","isPartOf":{"@id":"https:\/\/videom.it\/blog\/#website"},"primaryImageOfPage":{"@id":"https:\/\/videom.it\/blog\/shop\/xiaomi-mi-11-lite-5g\/#primaryimage"},"image":{"@id":"https:\/\/videom.it\/blog\/shop\/xiaomi-mi-11-lite-5g\/#primaryimage"},"thumbnailUrl":"https:\/\/i0.wp.com\/videom.it\/blog\/wp-content\/uploads\/2021\/05\/11-lite-5g.jpg?fit=1024%2C600&ssl=1","datePublished":"2021-05-18T11:00:48+00:00","dateModified":"2024-12-28T10:19:17+00:00","description":"Xiaomi Mi 11 Lite 5G - Smartphone con Ram 8+128GB, 6,55\" AMOLED Dot Display, Snapdragon 732G, Tripla Camera da ben 64 MP, Batteria 4250 mAh,","breadcrumb":{"@id":"https:\/\/videom.it\/blog\/shop\/xiaomi-mi-11-lite-5g\/#breadcrumb"},"inLanguage":"it-IT","potentialAction":[{"@type":"ReadAction","target":["https:\/\/videom.it\/blog\/shop\/xiaomi-mi-11-lite-5g\/"]}]},{"@type":"ImageObject","inLanguage":"it-IT","@id":"https:\/\/videom.it\/blog\/shop\/xiaomi-mi-11-lite-5g\/#primaryimage","url":"https:\/\/i0.wp.com\/videom.it\/blog\/wp-content\/uploads\/2021\/05\/11-lite-5g.jpg?fit=1024%2C600&ssl=1","contentUrl":"https:\/\/i0.wp.com\/videom.it\/blog\/wp-content\/uploads\/2021\/05\/11-lite-5g.jpg?fit=1024%2C600&ssl=1","width":1024,"height":600},{"@type":"BreadcrumbList","@id":"https:\/\/videom.it\/blog\/shop\/xiaomi-mi-11-lite-5g\/#breadcrumb","itemListElement":[{"@type":"ListItem","position":1,"name":"Home","item":"https:\/\/videom.it\/blog\/"},{"@type":"ListItem","position":2,"name":"Shop","item":"https:\/\/videom.it\/blog\/shop\/"},{"@type":"ListItem","position":3,"name":"Xiaomi MI 11 Lite 5G"}]},{"@type":"WebSite","@id":"https:\/\/videom.it\/blog\/#website","url":"https:\/\/videom.it\/blog\/","name":"VideoMusic","description":"Luce &amp; Gas - Assicurazioni - Riparazioni","publisher":{"@id":"https:\/\/videom.it\/blog\/#organization"},"potentialAction":[{"@type":"SearchAction","target":{"@type":"EntryPoint","urlTemplate":"https:\/\/videom.it\/blog\/?s={search_term_string}"},"query-input":{"@type":"PropertyValueSpecification","valueRequired":true,"valueName":"search_term_string"}}],"inLanguage":"it-IT"},{"@type":"Organization","@id":"https:\/\/videom.it\/blog\/#organization","name":"VideoMusic","url":"https:\/\/videom.it\/blog\/","logo":{"@type":"ImageObject","inLanguage":"it-IT","@id":"https:\/\/videom.it\/blog\/#\/schema\/logo\/image\/","url":"https:\/\/i2.wp.com\/videom.it\/blog\/wp-content\/uploads\/2015\/04\/25th-giallo-3.jpg?fit=1300%2C1192&ssl=1","contentUrl":"https:\/\/i2.wp.com\/videom.it\/blog\/wp-content\/uploads\/2015\/04\/25th-giallo-3.jpg?fit=1300%2C1192&ssl=1","width":1300,"height":1192,"caption":"VideoMusic"},"image":{"@id":"https:\/\/videom.it\/blog\/#\/schema\/logo\/image\/"},"sameAs":["https:\/\/www.facebook.com\/videomusiccava.trebisacce","https:\/\/x.com\/vbcava","https:\/\/www.youtube.com\/channel\/UCgNxnZpk2zqHaIcIxF3swOA"]}]}},"jetpack_publicize_connections":[],"jetpack_sharing_enabled":true,"_links":{"self":[{"href":"https:\/\/videom.it\/blog\/wp-json\/wp\/v2\/product\/6568","targetHints":{"allow":["GET"]}}],"collection":[{"href":"https:\/\/videom.it\/blog\/wp-json\/wp\/v2\/product"}],"about":[{"href":"https:\/\/videom.it\/blog\/wp-json\/wp\/v2\/types\/product"}],"replies":[{"embeddable":true,"href":"https:\/\/videom.it\/blog\/wp-json\/wp\/v2\/comments?post=6568"}],"wp:featuredmedia":[{"embeddable":true,"href":"https:\/\/videom.it\/blog\/wp-json\/wp\/v2\/media\/6569"}],"wp:attachment":[{"href":"https:\/\/videom.it\/blog\/wp-json\/wp\/v2\/media?parent=6568"}],"wp:term":[{"taxonomy":"product_brand","embeddable":true,"href":"https:\/\/videom.it\/blog\/wp-json\/wp\/v2\/product_brand?post=6568"},{"taxonomy":"product_cat","embeddable":true,"href":"https:\/\/videom.it\/blog\/wp-json\/wp\/v2\/product_cat?post=6568"},{"taxonomy":"product_tag","embeddable":true,"href":"https:\/\/videom.it\/blog\/wp-json\/wp\/v2\/product_tag?post=6568"}],"curies":[{"name":"wp","href":"https:\/\/api.w.org\/{rel}","templated":true}]}}