{"id":5303,"date":"2021-04-02T19:29:40","date_gmt":"2021-04-02T17:29:40","guid":{"rendered":"https:\/\/videom.it\/blog\/?post_type=product&#038;p=5303"},"modified":"2025-12-15T01:30:45","modified_gmt":"2025-12-15T00:30:45","slug":"tivu-sat-hd-xoro-hrs-8830","status":"publish","type":"product","link":"https:\/\/videom.it\/blog\/shop\/tivu-sat-hd-xoro-hrs-8830\/","title":{"rendered":"Tiv\u00f9 Sat HD XORO HRS 8830"},"content":{"rendered":"<h4 id=\"title\" class=\"a-size-large a-spacing-none\"><span id=\"productTitle\" class=\"a-size-large product-title-word-break\">XORO Ricevitore satellitare HRS 8830 Tiv\u00f9 sat HD con Smartcard HD inclusa e telecomando.<\/span><\/h4>\n<p>Tiv\u00f9 Sat HD Xoro HRS 8830 \u00e8 il decoder di nuova generazione certificato <strong>tiv\u00f9sat classic HD<\/strong> dal design accattivante, con un grande display sul frontalino. Vedere tutti i canali tiv\u00f9sat e tutti i canali satellitari gratuiti non \u00e8 mai stato cos\u00ec semplice. Con Xoro HRS 8830 si pu\u00f2 finalmente dire addio ai problemi di ricezione del segnale televisivo digitale terrestre.<\/p>\n<p>Grazie a i canali vengono trasmessi via satellite, quindi sono ricevibili ovunque. L\u2019installazione guidata, il men\u00f9 semplificato e il grande display sul frontalino rendono XORO HRS 8830 il decoder ideale per chi vuole vedere in alta definizione e in modo semplice. Inoltre, con il telecomando 2in1 \u00e8 possibile <strong>controllare sia il decoder che la TV<\/strong> con un solo telecomando. Filmati o foto su chiavetta USB o Harddisk? Nessun problema grazie al <strong>mediaplayer integrato<\/strong>.<\/p>\n<div>L\u2019installazione guidata, il men\u00f9 semplificato e il grande display sul frontalino rendono XORO HRS 8830 il decoder ideale per chi vuole vedere in alta definizione e in modo semplice.<\/div>\n<p>L\u2019alimentatore a 12V rende XORO HRS 8830 ideale anche per camping e barche.<\/p>\n<p>Smartcard tiv\u00f9sat HD inclusa nella confezione.<\/p>\n<p><strong><a href=\"https:\/\/bonustv-decoder.mise.gov.it\/prodotti_idonei\" target=\"_blank\" rel=\"noopener\">Bonus TV-Decoder<\/a>\u00a0<\/strong><\/p>\n<div><a href=\"https:\/\/i0.wp.com\/videom.it\/blog\/wp-content\/uploads\/2019\/10\/cropped-Logo-video-Blog.jpg?ssl=1\"><img data-recalc-dims=\"1\" decoding=\"async\" class=\"alignnone wp-image-3822\" src=\"https:\/\/i0.wp.com\/videom.it\/blog\/wp-content\/uploads\/2019\/10\/cropped-Logo-video-Blog.jpg?resize=313%2C78&#038;ssl=1\" alt=\"\" width=\"313\" height=\"78\" srcset=\"https:\/\/i0.wp.com\/videom.it\/blog\/wp-content\/uploads\/2019\/10\/cropped-Logo-video-Blog.jpg?resize=1024%2C256&amp;ssl=1 1024w, https:\/\/i0.wp.com\/videom.it\/blog\/wp-content\/uploads\/2019\/10\/cropped-Logo-video-Blog.jpg?resize=300%2C75&amp;ssl=1 300w, https:\/\/i0.wp.com\/videom.it\/blog\/wp-content\/uploads\/2019\/10\/cropped-Logo-video-Blog.jpg?resize=768%2C192&amp;ssl=1 768w, https:\/\/i0.wp.com\/videom.it\/blog\/wp-content\/uploads\/2019\/10\/cropped-Logo-video-Blog.jpg?resize=500%2C125&amp;ssl=1 500w, https:\/\/i0.wp.com\/videom.it\/blog\/wp-content\/uploads\/2019\/10\/cropped-Logo-video-Blog.jpg?resize=100%2C25&amp;ssl=1 100w, https:\/\/i0.wp.com\/videom.it\/blog\/wp-content\/uploads\/2019\/10\/cropped-Logo-video-Blog.jpg?resize=150%2C38&amp;ssl=1 150w, https:\/\/i0.wp.com\/videom.it\/blog\/wp-content\/uploads\/2019\/10\/cropped-Logo-video-Blog.jpg?resize=200%2C50&amp;ssl=1 200w, https:\/\/i0.wp.com\/videom.it\/blog\/wp-content\/uploads\/2019\/10\/cropped-Logo-video-Blog.jpg?resize=450%2C113&amp;ssl=1 450w, https:\/\/i0.wp.com\/videom.it\/blog\/wp-content\/uploads\/2019\/10\/cropped-Logo-video-Blog.jpg?resize=600%2C150&amp;ssl=1 600w, https:\/\/i0.wp.com\/videom.it\/blog\/wp-content\/uploads\/2019\/10\/cropped-Logo-video-Blog.jpg?resize=900%2C225&amp;ssl=1 900w, https:\/\/i0.wp.com\/videom.it\/blog\/wp-content\/uploads\/2019\/10\/cropped-Logo-video-Blog.jpg?w=1500&amp;ssl=1 1500w\" sizes=\"(max-width: 313px) 100vw, 313px\" \/><\/a>\u00a0 <a href=\"https:\/\/i0.wp.com\/videom.it\/blog\/wp-content\/uploads\/2021\/03\/nuova-insegna-blog.jpg?ssl=1\"><img data-recalc-dims=\"1\" decoding=\"async\" class=\"alignnone wp-image-5230\" src=\"https:\/\/i0.wp.com\/videom.it\/blog\/wp-content\/uploads\/2021\/03\/nuova-insegna-blog-1024x591.jpg?resize=206%2C119&#038;ssl=1\" alt=\"tiv\u00f9 sat hd xoro\" width=\"206\" height=\"119\" \/><\/a>\u00a0 \u00a0<a href=\"https:\/\/i0.wp.com\/videom.it\/blog\/wp-content\/uploads\/2020\/05\/consegna-gratuita-GRAT.jpg?ssl=1\"><img data-recalc-dims=\"1\" decoding=\"async\" class=\"alignnone wp-image-4221\" src=\"https:\/\/i0.wp.com\/videom.it\/blog\/wp-content\/uploads\/2020\/05\/consegna-gratuita-GRAT.jpg?resize=244%2C88&#038;ssl=1\" alt=\"tiv\u00f9 sat hd xoro\" width=\"244\" height=\"88\" \/><\/a><\/div>\n<div><\/div>\n<div><strong>Unica sede a Trebisacce (Cs) in Vle della Libert\u00e0 22\/24 &#8211; 098158459 \/ 51519 &#8211; 3518188174 &#8211; info@videom.it<\/strong><\/div>\n","protected":false},"excerpt":{"rendered":"<ul>\n<li><span class=\"a-list-item\">Full HD \u2013 <\/span><\/li>\n<li><span class=\"a-list-item\">supporta la risoluzione HD fino a 1920 x 1080 p<\/span><\/li>\n<li><span class=\"a-list-item\">Video: MPEG2 MP@ML MP@ HL, H.264 MP\/HP@Level 4.2, <\/span><\/li>\n<li><span class=\"a-list-item\">H.265\/HEVC profile main 10 @ level 4.1<\/span><\/li>\n<li><span class=\"a-list-item\">Gamma di frequenza: <\/span><span class=\"a-list-item\">915 &#8230; 2150 MHz<\/span><\/li>\n<li>Smartcard Tiv\u00f9 Sat HD inclusa nella confezione.<\/li>\n<\/ul>\n<p><a href=\"https:\/\/videom.it\/blog\/wp-content\/uploads\/2020\/05\/consegna-gratuita-GRAT.jpg\"><img loading=\"lazy\" decoding=\"async\" class=\"alignnone size-medium wp-image-4221\" src=\"https:\/\/videom.it\/blog\/wp-content\/uploads\/2020\/05\/consegna-gratuita-GRAT-300x108.jpg\" alt=\"\" width=\"300\" height=\"108\" \/><\/a><\/p>\n<p>&nbsp;<\/p>\n","protected":false},"featured_media":5307,"comment_status":"open","ping_status":"closed","template":"","meta":{"jetpack_post_was_ever_published":false,"jetpack_publicize_message":"","jetpack_publicize_feature_enabled":true,"jetpack_social_post_already_shared":true,"jetpack_social_options":{"image_generator_settings":{"template":"highway","default_image_id":0,"font":"","enabled":false},"version":2}},"product_brand":[],"product_cat":[66,241],"product_tag":[50,222,240],"class_list":{"0":"post-5303","1":"product","2":"type-product","3":"status-publish","4":"has-post-thumbnail","6":"product_cat-accessori","7":"product_cat-tv-decoder","8":"product_tag-accessori","9":"product_tag-rete-fissa","10":"product_tag-tivusat","12":"first","13":"instock","14":"sale","15":"taxable","16":"shipping-taxable","17":"purchasable","18":"product-type-simple"},"yoast_head":"<!-- This site is optimized with the Yoast SEO plugin v27.4 - https:\/\/yoast.com\/product\/yoast-seo-wordpress\/ -->\n<title>Tiv\u00f9 Sat HD XORO HRS 8830<\/title>\n<meta name=\"description\" content=\"XORO Ricevitore satellitare HRS 8830 Tiv\u00f9 sat HD con Smartcard HD inclusa e telecomando dal design accattivante, con un grande display...\" \/>\n<meta name=\"robots\" content=\"index, follow, max-snippet:-1, max-image-preview:large, max-video-preview:-1\" \/>\n<link rel=\"canonical\" href=\"https:\/\/videom.it\/blog\/shop\/tivu-sat-hd-xoro-hrs-8830\/\" \/>\n<meta property=\"og:locale\" content=\"it_IT\" \/>\n<meta property=\"og:type\" content=\"article\" \/>\n<meta property=\"og:title\" content=\"Tiv\u00f9 Sat HD XORO HRS 8830\" \/>\n<meta property=\"og:description\" content=\"XORO Ricevitore satellitare HRS 8830 Tiv\u00f9 sat HD con Smartcard HD inclusa e telecomando dal design accattivante, con un grande display...\" \/>\n<meta property=\"og:url\" content=\"https:\/\/videom.it\/blog\/shop\/tivu-sat-hd-xoro-hrs-8830\/\" \/>\n<meta property=\"og:site_name\" content=\"VideoMusic\" \/>\n<meta property=\"article:publisher\" content=\"https:\/\/www.facebook.com\/videomusiccava.trebisacce\" \/>\n<meta property=\"article:modified_time\" content=\"2025-12-15T00:30:45+00:00\" \/>\n<meta property=\"og:image\" content=\"https:\/\/i1.wp.com\/videom.it\/blog\/wp-content\/uploads\/2021\/04\/SAT.jpg?fit=1024%2C600&ssl=1\" \/>\n\t<meta property=\"og:image:width\" content=\"1024\" \/>\n\t<meta property=\"og:image:height\" content=\"600\" \/>\n\t<meta property=\"og:image:type\" content=\"image\/jpeg\" \/>\n<meta name=\"twitter:label1\" content=\"Tempo di lettura stimato\" \/>\n\t<meta name=\"twitter:data1\" content=\"2 minuti\" \/>\n<script type=\"application\/ld+json\" class=\"yoast-schema-graph\">{\"@context\":\"https:\\\/\\\/schema.org\",\"@graph\":[{\"@type\":\"WebPage\",\"@id\":\"https:\\\/\\\/videom.it\\\/blog\\\/shop\\\/tivu-sat-hd-xoro-hrs-8830\\\/\",\"url\":\"https:\\\/\\\/videom.it\\\/blog\\\/shop\\\/tivu-sat-hd-xoro-hrs-8830\\\/\",\"name\":\"Tiv\u00f9 Sat HD XORO HRS 8830\",\"isPartOf\":{\"@id\":\"https:\\\/\\\/videom.it\\\/blog\\\/#website\"},\"primaryImageOfPage\":{\"@id\":\"https:\\\/\\\/videom.it\\\/blog\\\/shop\\\/tivu-sat-hd-xoro-hrs-8830\\\/#primaryimage\"},\"image\":{\"@id\":\"https:\\\/\\\/videom.it\\\/blog\\\/shop\\\/tivu-sat-hd-xoro-hrs-8830\\\/#primaryimage\"},\"thumbnailUrl\":\"https:\\\/\\\/i0.wp.com\\\/videom.it\\\/blog\\\/wp-content\\\/uploads\\\/2021\\\/04\\\/SAT.jpg?fit=1024%2C600&ssl=1\",\"datePublished\":\"2021-04-02T17:29:40+00:00\",\"dateModified\":\"2025-12-15T00:30:45+00:00\",\"description\":\"XORO Ricevitore satellitare HRS 8830 Tiv\u00f9 sat HD con Smartcard HD inclusa e telecomando dal design accattivante, con un grande display...\",\"breadcrumb\":{\"@id\":\"https:\\\/\\\/videom.it\\\/blog\\\/shop\\\/tivu-sat-hd-xoro-hrs-8830\\\/#breadcrumb\"},\"inLanguage\":\"it-IT\",\"potentialAction\":[{\"@type\":\"ReadAction\",\"target\":[\"https:\\\/\\\/videom.it\\\/blog\\\/shop\\\/tivu-sat-hd-xoro-hrs-8830\\\/\"]}]},{\"@type\":\"ImageObject\",\"inLanguage\":\"it-IT\",\"@id\":\"https:\\\/\\\/videom.it\\\/blog\\\/shop\\\/tivu-sat-hd-xoro-hrs-8830\\\/#primaryimage\",\"url\":\"https:\\\/\\\/i0.wp.com\\\/videom.it\\\/blog\\\/wp-content\\\/uploads\\\/2021\\\/04\\\/SAT.jpg?fit=1024%2C600&ssl=1\",\"contentUrl\":\"https:\\\/\\\/i0.wp.com\\\/videom.it\\\/blog\\\/wp-content\\\/uploads\\\/2021\\\/04\\\/SAT.jpg?fit=1024%2C600&ssl=1\",\"width\":1024,\"height\":600},{\"@type\":\"BreadcrumbList\",\"@id\":\"https:\\\/\\\/videom.it\\\/blog\\\/shop\\\/tivu-sat-hd-xoro-hrs-8830\\\/#breadcrumb\",\"itemListElement\":[{\"@type\":\"ListItem\",\"position\":1,\"name\":\"Home\",\"item\":\"https:\\\/\\\/videom.it\\\/blog\\\/\"},{\"@type\":\"ListItem\",\"position\":2,\"name\":\"Shop\",\"item\":\"https:\\\/\\\/videom.it\\\/blog\\\/shop\\\/\"},{\"@type\":\"ListItem\",\"position\":3,\"name\":\"Tiv\u00f9 Sat HD XORO HRS 8830\"}]},{\"@type\":\"WebSite\",\"@id\":\"https:\\\/\\\/videom.it\\\/blog\\\/#website\",\"url\":\"https:\\\/\\\/videom.it\\\/blog\\\/\",\"name\":\"VideoMusic\",\"description\":\"Luce &amp; Gas - Assicurazioni - Riparazioni\",\"publisher\":{\"@id\":\"https:\\\/\\\/videom.it\\\/blog\\\/#organization\"},\"potentialAction\":[{\"@type\":\"SearchAction\",\"target\":{\"@type\":\"EntryPoint\",\"urlTemplate\":\"https:\\\/\\\/videom.it\\\/blog\\\/?s={search_term_string}\"},\"query-input\":{\"@type\":\"PropertyValueSpecification\",\"valueRequired\":true,\"valueName\":\"search_term_string\"}}],\"inLanguage\":\"it-IT\"},{\"@type\":\"Organization\",\"@id\":\"https:\\\/\\\/videom.it\\\/blog\\\/#organization\",\"name\":\"VideoMusic\",\"url\":\"https:\\\/\\\/videom.it\\\/blog\\\/\",\"logo\":{\"@type\":\"ImageObject\",\"inLanguage\":\"it-IT\",\"@id\":\"https:\\\/\\\/videom.it\\\/blog\\\/#\\\/schema\\\/logo\\\/image\\\/\",\"url\":\"https:\\\/\\\/i2.wp.com\\\/videom.it\\\/blog\\\/wp-content\\\/uploads\\\/2015\\\/04\\\/25th-giallo-3.jpg?fit=1300%2C1192&ssl=1\",\"contentUrl\":\"https:\\\/\\\/i2.wp.com\\\/videom.it\\\/blog\\\/wp-content\\\/uploads\\\/2015\\\/04\\\/25th-giallo-3.jpg?fit=1300%2C1192&ssl=1\",\"width\":1300,\"height\":1192,\"caption\":\"VideoMusic\"},\"image\":{\"@id\":\"https:\\\/\\\/videom.it\\\/blog\\\/#\\\/schema\\\/logo\\\/image\\\/\"},\"sameAs\":[\"https:\\\/\\\/www.facebook.com\\\/videomusiccava.trebisacce\",\"https:\\\/\\\/x.com\\\/vbcava\",\"https:\\\/\\\/www.youtube.com\\\/channel\\\/UCgNxnZpk2zqHaIcIxF3swOA\"]}]}<\/script>\n<!-- \/ Yoast SEO plugin. -->","yoast_head_json":{"title":"Tiv\u00f9 Sat HD XORO HRS 8830","description":"XORO Ricevitore satellitare HRS 8830 Tiv\u00f9 sat HD con Smartcard HD inclusa e telecomando dal design accattivante, con un grande display...","robots":{"index":"index","follow":"follow","max-snippet":"max-snippet:-1","max-image-preview":"max-image-preview:large","max-video-preview":"max-video-preview:-1"},"canonical":"https:\/\/videom.it\/blog\/shop\/tivu-sat-hd-xoro-hrs-8830\/","og_locale":"it_IT","og_type":"article","og_title":"Tiv\u00f9 Sat HD XORO HRS 8830","og_description":"XORO Ricevitore satellitare HRS 8830 Tiv\u00f9 sat HD con Smartcard HD inclusa e telecomando dal design accattivante, con un grande display...","og_url":"https:\/\/videom.it\/blog\/shop\/tivu-sat-hd-xoro-hrs-8830\/","og_site_name":"VideoMusic","article_publisher":"https:\/\/www.facebook.com\/videomusiccava.trebisacce","article_modified_time":"2025-12-15T00:30:45+00:00","og_image":[{"width":1024,"height":600,"url":"https:\/\/i1.wp.com\/videom.it\/blog\/wp-content\/uploads\/2021\/04\/SAT.jpg?fit=1024%2C600&ssl=1","type":"image\/jpeg"}],"twitter_misc":{"Tempo di lettura stimato":"2 minuti"},"schema":{"@context":"https:\/\/schema.org","@graph":[{"@type":"WebPage","@id":"https:\/\/videom.it\/blog\/shop\/tivu-sat-hd-xoro-hrs-8830\/","url":"https:\/\/videom.it\/blog\/shop\/tivu-sat-hd-xoro-hrs-8830\/","name":"Tiv\u00f9 Sat HD XORO HRS 8830","isPartOf":{"@id":"https:\/\/videom.it\/blog\/#website"},"primaryImageOfPage":{"@id":"https:\/\/videom.it\/blog\/shop\/tivu-sat-hd-xoro-hrs-8830\/#primaryimage"},"image":{"@id":"https:\/\/videom.it\/blog\/shop\/tivu-sat-hd-xoro-hrs-8830\/#primaryimage"},"thumbnailUrl":"https:\/\/i0.wp.com\/videom.it\/blog\/wp-content\/uploads\/2021\/04\/SAT.jpg?fit=1024%2C600&ssl=1","datePublished":"2021-04-02T17:29:40+00:00","dateModified":"2025-12-15T00:30:45+00:00","description":"XORO Ricevitore satellitare HRS 8830 Tiv\u00f9 sat HD con Smartcard HD inclusa e telecomando dal design accattivante, con un grande display...","breadcrumb":{"@id":"https:\/\/videom.it\/blog\/shop\/tivu-sat-hd-xoro-hrs-8830\/#breadcrumb"},"inLanguage":"it-IT","potentialAction":[{"@type":"ReadAction","target":["https:\/\/videom.it\/blog\/shop\/tivu-sat-hd-xoro-hrs-8830\/"]}]},{"@type":"ImageObject","inLanguage":"it-IT","@id":"https:\/\/videom.it\/blog\/shop\/tivu-sat-hd-xoro-hrs-8830\/#primaryimage","url":"https:\/\/i0.wp.com\/videom.it\/blog\/wp-content\/uploads\/2021\/04\/SAT.jpg?fit=1024%2C600&ssl=1","contentUrl":"https:\/\/i0.wp.com\/videom.it\/blog\/wp-content\/uploads\/2021\/04\/SAT.jpg?fit=1024%2C600&ssl=1","width":1024,"height":600},{"@type":"BreadcrumbList","@id":"https:\/\/videom.it\/blog\/shop\/tivu-sat-hd-xoro-hrs-8830\/#breadcrumb","itemListElement":[{"@type":"ListItem","position":1,"name":"Home","item":"https:\/\/videom.it\/blog\/"},{"@type":"ListItem","position":2,"name":"Shop","item":"https:\/\/videom.it\/blog\/shop\/"},{"@type":"ListItem","position":3,"name":"Tiv\u00f9 Sat HD XORO HRS 8830"}]},{"@type":"WebSite","@id":"https:\/\/videom.it\/blog\/#website","url":"https:\/\/videom.it\/blog\/","name":"VideoMusic","description":"Luce &amp; Gas - Assicurazioni - Riparazioni","publisher":{"@id":"https:\/\/videom.it\/blog\/#organization"},"potentialAction":[{"@type":"SearchAction","target":{"@type":"EntryPoint","urlTemplate":"https:\/\/videom.it\/blog\/?s={search_term_string}"},"query-input":{"@type":"PropertyValueSpecification","valueRequired":true,"valueName":"search_term_string"}}],"inLanguage":"it-IT"},{"@type":"Organization","@id":"https:\/\/videom.it\/blog\/#organization","name":"VideoMusic","url":"https:\/\/videom.it\/blog\/","logo":{"@type":"ImageObject","inLanguage":"it-IT","@id":"https:\/\/videom.it\/blog\/#\/schema\/logo\/image\/","url":"https:\/\/i2.wp.com\/videom.it\/blog\/wp-content\/uploads\/2015\/04\/25th-giallo-3.jpg?fit=1300%2C1192&ssl=1","contentUrl":"https:\/\/i2.wp.com\/videom.it\/blog\/wp-content\/uploads\/2015\/04\/25th-giallo-3.jpg?fit=1300%2C1192&ssl=1","width":1300,"height":1192,"caption":"VideoMusic"},"image":{"@id":"https:\/\/videom.it\/blog\/#\/schema\/logo\/image\/"},"sameAs":["https:\/\/www.facebook.com\/videomusiccava.trebisacce","https:\/\/x.com\/vbcava","https:\/\/www.youtube.com\/channel\/UCgNxnZpk2zqHaIcIxF3swOA"]}]}},"jetpack_publicize_connections":[],"jetpack_sharing_enabled":true,"_links":{"self":[{"href":"https:\/\/videom.it\/blog\/wp-json\/wp\/v2\/product\/5303","targetHints":{"allow":["GET"]}}],"collection":[{"href":"https:\/\/videom.it\/blog\/wp-json\/wp\/v2\/product"}],"about":[{"href":"https:\/\/videom.it\/blog\/wp-json\/wp\/v2\/types\/product"}],"replies":[{"embeddable":true,"href":"https:\/\/videom.it\/blog\/wp-json\/wp\/v2\/comments?post=5303"}],"wp:featuredmedia":[{"embeddable":true,"href":"https:\/\/videom.it\/blog\/wp-json\/wp\/v2\/media\/5307"}],"wp:attachment":[{"href":"https:\/\/videom.it\/blog\/wp-json\/wp\/v2\/media?parent=5303"}],"wp:term":[{"taxonomy":"product_brand","embeddable":true,"href":"https:\/\/videom.it\/blog\/wp-json\/wp\/v2\/product_brand?post=5303"},{"taxonomy":"product_cat","embeddable":true,"href":"https:\/\/videom.it\/blog\/wp-json\/wp\/v2\/product_cat?post=5303"},{"taxonomy":"product_tag","embeddable":true,"href":"https:\/\/videom.it\/blog\/wp-json\/wp\/v2\/product_tag?post=5303"}],"curies":[{"name":"wp","href":"https:\/\/api.w.org\/{rel}","templated":true}]}}