{"id":5280,"date":"2021-03-31T19:48:45","date_gmt":"2021-03-31T17:48:45","guid":{"rendered":"https:\/\/videom.it\/blog\/?post_type=product&#038;p=5280"},"modified":"2023-09-23T09:53:03","modified_gmt":"2023-09-23T07:53:03","slug":"router-tenda-4g680-lte","status":"publish","type":"product","link":"https:\/\/videom.it\/blog\/shop\/router-tenda-4g680-lte\/","title":{"rendered":"Router Tenda 4G680 LTE"},"content":{"rendered":"<p><span class=\"a-list-item\">Il Router Tenda 4G680 \u00e8 perfetto quando la connessione a banda larga via cavo e ADSL risulta poco potente o troppo costosa. Questa \u00e8 la soluzione migliore! Inserendo una sim si potr\u00e0 sfruttare la connessione 4g LTE per la tua navigazione.<\/span><\/p>\n<p><span class=\"a-list-item\">\u261b Rete 4G LTE veloce. Supportando l&#8217;ultima generazione di reti 4G LTE Andvanced, il 4G680 pu\u00f2 raggiungere velocit\u00e0 di download fino a <strong><a href=\"https:\/\/it.wikipedia.org\/wiki\/Megabit_per_secondo\" target=\"_blank\" rel=\"noopener\">150 Mbps<\/a><\/strong> e velocit\u00e0 di upload di 50 Mbps. <strong>Supporta fino a 32 dispositivi<\/strong> che si collegano simultaneamente al segnale WiFi e la velocit\u00e0 wireless a 300 Mbps \u00e8 ideale per offrire un&#8217;esperienza stabile a tutta la famiglia.<\/span><\/p>\n<p><span class=\"a-list-item\">\u261b Facile da usare. <strong>Basta inserire la carta SIM<\/strong>, accendere il router e digitare il PIN nella pagina di configurazione web (192.168.0.1), \u00e8 possibile condividerla con pi\u00f9 utenti o pi\u00f9 dispositivi e godere della velocit\u00e0 4G pi\u00f9 veloce. Potrebbe essere necessario configurare manualmente l&#8217;APN quando si utilizza la rete di nuovi operatori.<\/span><\/p>\n<p><span class=\"a-list-item\">\u261b Limitatore consumo dati. \u00c8 possibile installare un limite massimo mensile di utilizzo dati nella pagina di gestione web o tramite tenda wifi app. Quando il traffico dati raggiunge il limite dati il router si disconnetter\u00e0 automaticamente dalla rete. Inoltre, \u00e8 possibile impostare un alert quando la soglia di utilizzo dati raggiunge una percentuale impostata dall&#8217;utente , ad. es. 70\/80\/90% del massimo traffico utilizzabile.<\/span><\/p>\n<p><span class=\"a-list-item\">\u261b Smart connection. pu\u00f2 essere utilizzato con come <strong><a href=\"https:\/\/videom.it\/blog\/shop\/tp-link-tl-mr6400-router-4g-lte\/\" target=\"_blank\" rel=\"noopener\">router<\/a><\/strong> wireles ma non come modem ASDL. La porta RJ pu\u00f2 essere utilizzata solamente per connettere il telefono. \u00c8 possibile utilizzare 4G \/ 3G come connessione principale mentre la connessione cablata come backup, il dispositivo esegue automaticamente il failover sulla connessione cablata quando il segnale 4G \/ 3G viene perso e il failback quando riprende<\/span><\/p>\n<p><span class=\"a-list-item\">\u261b3 anni di garanzia e supporto Tecnico qualificato. Se hai ulteriori domande su questo prodotto o desideri chiarire un dettaglio tecnico prima dell&#8217;acquisto, chiama o invia una e-mail a supportoitalia@tenda.cn<\/span><\/p>\n<p><a href=\"https:\/\/i0.wp.com\/videom.it\/blog\/wp-content\/uploads\/2020\/01\/Logo-Videomusic-Blog1.jpg?ssl=1\"><img data-recalc-dims=\"1\" decoding=\"async\" class=\"alignnone size-medium wp-image-3983\" src=\"https:\/\/i0.wp.com\/videom.it\/blog\/wp-content\/uploads\/2020\/01\/Logo-Videomusic-Blog1.jpg?resize=300%2C74&#038;ssl=1\" alt=\"Router Tenda 4G680\" width=\"300\" height=\"74\" srcset=\"https:\/\/i0.wp.com\/videom.it\/blog\/wp-content\/uploads\/2020\/01\/Logo-Videomusic-Blog1.jpg?resize=300%2C74&amp;ssl=1 300w, https:\/\/i0.wp.com\/videom.it\/blog\/wp-content\/uploads\/2020\/01\/Logo-Videomusic-Blog1.jpg?resize=1024%2C252&amp;ssl=1 1024w, https:\/\/i0.wp.com\/videom.it\/blog\/wp-content\/uploads\/2020\/01\/Logo-Videomusic-Blog1.jpg?resize=768%2C189&amp;ssl=1 768w, https:\/\/i0.wp.com\/videom.it\/blog\/wp-content\/uploads\/2020\/01\/Logo-Videomusic-Blog1.jpg?resize=1536%2C379&amp;ssl=1 1536w, https:\/\/i0.wp.com\/videom.it\/blog\/wp-content\/uploads\/2020\/01\/Logo-Videomusic-Blog1.jpg?resize=100%2C25&amp;ssl=1 100w, https:\/\/i0.wp.com\/videom.it\/blog\/wp-content\/uploads\/2020\/01\/Logo-Videomusic-Blog1.jpg?resize=150%2C37&amp;ssl=1 150w, https:\/\/i0.wp.com\/videom.it\/blog\/wp-content\/uploads\/2020\/01\/Logo-Videomusic-Blog1.jpg?resize=200%2C49&amp;ssl=1 200w, https:\/\/i0.wp.com\/videom.it\/blog\/wp-content\/uploads\/2020\/01\/Logo-Videomusic-Blog1.jpg?resize=450%2C111&amp;ssl=1 450w, https:\/\/i0.wp.com\/videom.it\/blog\/wp-content\/uploads\/2020\/01\/Logo-Videomusic-Blog1.jpg?resize=600%2C148&amp;ssl=1 600w, https:\/\/i0.wp.com\/videom.it\/blog\/wp-content\/uploads\/2020\/01\/Logo-Videomusic-Blog1.jpg?resize=900%2C222&amp;ssl=1 900w, https:\/\/i0.wp.com\/videom.it\/blog\/wp-content\/uploads\/2020\/01\/Logo-Videomusic-Blog1.jpg?w=1712&amp;ssl=1 1712w\" sizes=\"(max-width: 300px) 100vw, 300px\" \/><\/a> <a href=\"https:\/\/i0.wp.com\/videom.it\/blog\/wp-content\/uploads\/2021\/03\/nuova-insegna-blog.jpg?ssl=1\"><img data-recalc-dims=\"1\" decoding=\"async\" class=\"alignnone wp-image-5230\" src=\"https:\/\/i0.wp.com\/videom.it\/blog\/wp-content\/uploads\/2021\/03\/nuova-insegna-blog-1024x591.jpg?resize=250%2C144&#038;ssl=1\" alt=\"\" width=\"250\" height=\"144\" \/><\/a> \u00a0 \u00a0<a href=\"https:\/\/i0.wp.com\/videom.it\/blog\/wp-content\/uploads\/2020\/05\/consegna-gratuita-GRAT.jpg?ssl=1\"><img data-recalc-dims=\"1\" decoding=\"async\" class=\"alignnone wp-image-4221\" src=\"https:\/\/i0.wp.com\/videom.it\/blog\/wp-content\/uploads\/2020\/05\/consegna-gratuita-GRAT.jpg?resize=247%2C89&#038;ssl=1\" alt=\"Router Tenda 4G680\" width=\"247\" height=\"89\" \/><\/a><\/p>\n<p><strong><span class=\"a-list-item\">Unica sede a Trebisacce (Cs) in Vle della Libert\u00e0 22\/24 &#8211; 098158459 \/ 51519 &#8211; 3518188174 &#8211; info@videom.it<\/span><\/strong><\/p>\n","protected":false},"excerpt":{"rendered":"<ul>\n<li>Router Tenda 4G680 LTE,<\/li>\n<li>Wireless N300,<\/li>\n<li>2 Porte<\/li>\n<li>2 Antenne Esterne e Staccabili,<\/li>\n<li>Monitoraggio del Traffico Dati,<\/li>\n<li>Supporta schede Tim\/WindTre\/Vodafone e tutti i gestori<\/li>\n<li>Si auto configura<\/li>\n<\/ul>\n<p><a href=\"https:\/\/videom.it\/blog\/wp-content\/uploads\/2020\/05\/consegna-gratuita-GRAT.jpg\"><img loading=\"lazy\" decoding=\"async\" class=\"alignnone size-medium wp-image-4221\" src=\"https:\/\/videom.it\/blog\/wp-content\/uploads\/2020\/05\/consegna-gratuita-GRAT-300x108.jpg\" alt=\"\" width=\"300\" height=\"108\" \/><\/a><\/p>\n","protected":false},"featured_media":5284,"comment_status":"open","ping_status":"closed","template":"","meta":{"jetpack_post_was_ever_published":false,"jetpack_publicize_message":"","jetpack_publicize_feature_enabled":true,"jetpack_social_post_already_shared":true,"jetpack_social_options":{"image_generator_settings":{"template":"highway","default_image_id":0,"font":"","enabled":false},"version":2}},"product_brand":[],"product_cat":[66,204],"product_tag":[102,50,210,209,215],"class_list":{"0":"post-5280","1":"product","2":"type-product","3":"status-publish","4":"has-post-thumbnail","6":"product_cat-accessori","7":"product_cat-telefonia-fissa","8":"product_tag-4g","9":"product_tag-accessori","10":"product_tag-modem","11":"product_tag-router","12":"product_tag-telefonia-trebisacce","14":"first","15":"outofstock","16":"sale","17":"taxable","18":"shipping-taxable","19":"purchasable","20":"product-type-simple"},"yoast_head":"<!-- This site is optimized with the Yoast SEO plugin v27.4 - https:\/\/yoast.com\/product\/yoast-seo-wordpress\/ -->\n<title>Router Tenda 4G680 LTE<\/title>\n<meta name=\"description\" content=\"Router Tenda 4G680 LTE, Wireless N300, 2 Porte 2 Antenne Esterne e Staccabili, Monitoraggio del Traffico Dati, Supporta Tim\/Wind\/Vodafone\/...\" \/>\n<meta name=\"robots\" content=\"index, follow, max-snippet:-1, max-image-preview:large, max-video-preview:-1\" \/>\n<link rel=\"canonical\" href=\"https:\/\/videom.it\/blog\/shop\/router-tenda-4g680-lte\/\" \/>\n<meta property=\"og:locale\" content=\"it_IT\" \/>\n<meta property=\"og:type\" content=\"article\" \/>\n<meta property=\"og:title\" content=\"Router Tenda 4G680 LTE\" \/>\n<meta property=\"og:description\" content=\"Router Tenda 4G680 LTE, Wireless N300, 2 Porte 2 Antenne Esterne e Staccabili, Monitoraggio del Traffico Dati, Supporta Tim\/Wind\/Vodafone\/...\" \/>\n<meta property=\"og:url\" content=\"https:\/\/videom.it\/blog\/shop\/router-tenda-4g680-lte\/\" \/>\n<meta property=\"og:site_name\" content=\"VideoMusic\" \/>\n<meta property=\"article:publisher\" content=\"https:\/\/www.facebook.com\/videomusiccava.trebisacce\" \/>\n<meta property=\"article:modified_time\" content=\"2023-09-23T07:53:03+00:00\" \/>\n<meta property=\"og:image\" content=\"https:\/\/videom.it\/blog\/wp-content\/uploads\/2021\/03\/tenda-hero.jpg\" \/>\n\t<meta property=\"og:image:width\" content=\"1024\" \/>\n\t<meta property=\"og:image:height\" content=\"600\" \/>\n\t<meta property=\"og:image:type\" content=\"image\/jpeg\" \/>\n<meta name=\"twitter:label1\" content=\"Tempo di lettura stimato\" \/>\n\t<meta name=\"twitter:data1\" content=\"3 minuti\" \/>\n<script type=\"application\/ld+json\" class=\"yoast-schema-graph\">{\"@context\":\"https:\\\/\\\/schema.org\",\"@graph\":[{\"@type\":\"WebPage\",\"@id\":\"https:\\\/\\\/videom.it\\\/blog\\\/shop\\\/router-tenda-4g680-lte\\\/\",\"url\":\"https:\\\/\\\/videom.it\\\/blog\\\/shop\\\/router-tenda-4g680-lte\\\/\",\"name\":\"Router Tenda 4G680 LTE\",\"isPartOf\":{\"@id\":\"https:\\\/\\\/videom.it\\\/blog\\\/#website\"},\"primaryImageOfPage\":{\"@id\":\"https:\\\/\\\/videom.it\\\/blog\\\/shop\\\/router-tenda-4g680-lte\\\/#primaryimage\"},\"image\":{\"@id\":\"https:\\\/\\\/videom.it\\\/blog\\\/shop\\\/router-tenda-4g680-lte\\\/#primaryimage\"},\"thumbnailUrl\":\"https:\\\/\\\/i0.wp.com\\\/videom.it\\\/blog\\\/wp-content\\\/uploads\\\/2021\\\/03\\\/tenda-hero.jpg?fit=1024%2C600&ssl=1\",\"datePublished\":\"2021-03-31T17:48:45+00:00\",\"dateModified\":\"2023-09-23T07:53:03+00:00\",\"description\":\"Router Tenda 4G680 LTE, Wireless N300, 2 Porte 2 Antenne Esterne e Staccabili, Monitoraggio del Traffico Dati, Supporta Tim\\\/Wind\\\/Vodafone\\\/...\",\"breadcrumb\":{\"@id\":\"https:\\\/\\\/videom.it\\\/blog\\\/shop\\\/router-tenda-4g680-lte\\\/#breadcrumb\"},\"inLanguage\":\"it-IT\",\"potentialAction\":[{\"@type\":\"ReadAction\",\"target\":[\"https:\\\/\\\/videom.it\\\/blog\\\/shop\\\/router-tenda-4g680-lte\\\/\"]}]},{\"@type\":\"ImageObject\",\"inLanguage\":\"it-IT\",\"@id\":\"https:\\\/\\\/videom.it\\\/blog\\\/shop\\\/router-tenda-4g680-lte\\\/#primaryimage\",\"url\":\"https:\\\/\\\/i0.wp.com\\\/videom.it\\\/blog\\\/wp-content\\\/uploads\\\/2021\\\/03\\\/tenda-hero.jpg?fit=1024%2C600&ssl=1\",\"contentUrl\":\"https:\\\/\\\/i0.wp.com\\\/videom.it\\\/blog\\\/wp-content\\\/uploads\\\/2021\\\/03\\\/tenda-hero.jpg?fit=1024%2C600&ssl=1\",\"width\":1024,\"height\":600},{\"@type\":\"BreadcrumbList\",\"@id\":\"https:\\\/\\\/videom.it\\\/blog\\\/shop\\\/router-tenda-4g680-lte\\\/#breadcrumb\",\"itemListElement\":[{\"@type\":\"ListItem\",\"position\":1,\"name\":\"Home\",\"item\":\"https:\\\/\\\/videom.it\\\/blog\\\/\"},{\"@type\":\"ListItem\",\"position\":2,\"name\":\"Shop\",\"item\":\"https:\\\/\\\/videom.it\\\/blog\\\/shop\\\/\"},{\"@type\":\"ListItem\",\"position\":3,\"name\":\"Router Tenda 4G680 LTE\"}]},{\"@type\":\"WebSite\",\"@id\":\"https:\\\/\\\/videom.it\\\/blog\\\/#website\",\"url\":\"https:\\\/\\\/videom.it\\\/blog\\\/\",\"name\":\"VideoMusic\",\"description\":\"Luce &amp; Gas - Assicurazioni - Riparazioni\",\"publisher\":{\"@id\":\"https:\\\/\\\/videom.it\\\/blog\\\/#organization\"},\"potentialAction\":[{\"@type\":\"SearchAction\",\"target\":{\"@type\":\"EntryPoint\",\"urlTemplate\":\"https:\\\/\\\/videom.it\\\/blog\\\/?s={search_term_string}\"},\"query-input\":{\"@type\":\"PropertyValueSpecification\",\"valueRequired\":true,\"valueName\":\"search_term_string\"}}],\"inLanguage\":\"it-IT\"},{\"@type\":\"Organization\",\"@id\":\"https:\\\/\\\/videom.it\\\/blog\\\/#organization\",\"name\":\"VideoMusic\",\"url\":\"https:\\\/\\\/videom.it\\\/blog\\\/\",\"logo\":{\"@type\":\"ImageObject\",\"inLanguage\":\"it-IT\",\"@id\":\"https:\\\/\\\/videom.it\\\/blog\\\/#\\\/schema\\\/logo\\\/image\\\/\",\"url\":\"https:\\\/\\\/i2.wp.com\\\/videom.it\\\/blog\\\/wp-content\\\/uploads\\\/2015\\\/04\\\/25th-giallo-3.jpg?fit=1300%2C1192&ssl=1\",\"contentUrl\":\"https:\\\/\\\/i2.wp.com\\\/videom.it\\\/blog\\\/wp-content\\\/uploads\\\/2015\\\/04\\\/25th-giallo-3.jpg?fit=1300%2C1192&ssl=1\",\"width\":1300,\"height\":1192,\"caption\":\"VideoMusic\"},\"image\":{\"@id\":\"https:\\\/\\\/videom.it\\\/blog\\\/#\\\/schema\\\/logo\\\/image\\\/\"},\"sameAs\":[\"https:\\\/\\\/www.facebook.com\\\/videomusiccava.trebisacce\",\"https:\\\/\\\/x.com\\\/vbcava\",\"https:\\\/\\\/www.youtube.com\\\/channel\\\/UCgNxnZpk2zqHaIcIxF3swOA\"]}]}<\/script>\n<!-- \/ Yoast SEO plugin. -->","yoast_head_json":{"title":"Router Tenda 4G680 LTE","description":"Router Tenda 4G680 LTE, Wireless N300, 2 Porte 2 Antenne Esterne e Staccabili, Monitoraggio del Traffico Dati, Supporta Tim\/Wind\/Vodafone\/...","robots":{"index":"index","follow":"follow","max-snippet":"max-snippet:-1","max-image-preview":"max-image-preview:large","max-video-preview":"max-video-preview:-1"},"canonical":"https:\/\/videom.it\/blog\/shop\/router-tenda-4g680-lte\/","og_locale":"it_IT","og_type":"article","og_title":"Router Tenda 4G680 LTE","og_description":"Router Tenda 4G680 LTE, Wireless N300, 2 Porte 2 Antenne Esterne e Staccabili, Monitoraggio del Traffico Dati, Supporta Tim\/Wind\/Vodafone\/...","og_url":"https:\/\/videom.it\/blog\/shop\/router-tenda-4g680-lte\/","og_site_name":"VideoMusic","article_publisher":"https:\/\/www.facebook.com\/videomusiccava.trebisacce","article_modified_time":"2023-09-23T07:53:03+00:00","og_image":[{"width":1024,"height":600,"url":"https:\/\/videom.it\/blog\/wp-content\/uploads\/2021\/03\/tenda-hero.jpg","type":"image\/jpeg"}],"twitter_misc":{"Tempo di lettura stimato":"3 minuti"},"schema":{"@context":"https:\/\/schema.org","@graph":[{"@type":"WebPage","@id":"https:\/\/videom.it\/blog\/shop\/router-tenda-4g680-lte\/","url":"https:\/\/videom.it\/blog\/shop\/router-tenda-4g680-lte\/","name":"Router Tenda 4G680 LTE","isPartOf":{"@id":"https:\/\/videom.it\/blog\/#website"},"primaryImageOfPage":{"@id":"https:\/\/videom.it\/blog\/shop\/router-tenda-4g680-lte\/#primaryimage"},"image":{"@id":"https:\/\/videom.it\/blog\/shop\/router-tenda-4g680-lte\/#primaryimage"},"thumbnailUrl":"https:\/\/i0.wp.com\/videom.it\/blog\/wp-content\/uploads\/2021\/03\/tenda-hero.jpg?fit=1024%2C600&ssl=1","datePublished":"2021-03-31T17:48:45+00:00","dateModified":"2023-09-23T07:53:03+00:00","description":"Router Tenda 4G680 LTE, Wireless N300, 2 Porte 2 Antenne Esterne e Staccabili, Monitoraggio del Traffico Dati, Supporta Tim\/Wind\/Vodafone\/...","breadcrumb":{"@id":"https:\/\/videom.it\/blog\/shop\/router-tenda-4g680-lte\/#breadcrumb"},"inLanguage":"it-IT","potentialAction":[{"@type":"ReadAction","target":["https:\/\/videom.it\/blog\/shop\/router-tenda-4g680-lte\/"]}]},{"@type":"ImageObject","inLanguage":"it-IT","@id":"https:\/\/videom.it\/blog\/shop\/router-tenda-4g680-lte\/#primaryimage","url":"https:\/\/i0.wp.com\/videom.it\/blog\/wp-content\/uploads\/2021\/03\/tenda-hero.jpg?fit=1024%2C600&ssl=1","contentUrl":"https:\/\/i0.wp.com\/videom.it\/blog\/wp-content\/uploads\/2021\/03\/tenda-hero.jpg?fit=1024%2C600&ssl=1","width":1024,"height":600},{"@type":"BreadcrumbList","@id":"https:\/\/videom.it\/blog\/shop\/router-tenda-4g680-lte\/#breadcrumb","itemListElement":[{"@type":"ListItem","position":1,"name":"Home","item":"https:\/\/videom.it\/blog\/"},{"@type":"ListItem","position":2,"name":"Shop","item":"https:\/\/videom.it\/blog\/shop\/"},{"@type":"ListItem","position":3,"name":"Router Tenda 4G680 LTE"}]},{"@type":"WebSite","@id":"https:\/\/videom.it\/blog\/#website","url":"https:\/\/videom.it\/blog\/","name":"VideoMusic","description":"Luce &amp; Gas - Assicurazioni - Riparazioni","publisher":{"@id":"https:\/\/videom.it\/blog\/#organization"},"potentialAction":[{"@type":"SearchAction","target":{"@type":"EntryPoint","urlTemplate":"https:\/\/videom.it\/blog\/?s={search_term_string}"},"query-input":{"@type":"PropertyValueSpecification","valueRequired":true,"valueName":"search_term_string"}}],"inLanguage":"it-IT"},{"@type":"Organization","@id":"https:\/\/videom.it\/blog\/#organization","name":"VideoMusic","url":"https:\/\/videom.it\/blog\/","logo":{"@type":"ImageObject","inLanguage":"it-IT","@id":"https:\/\/videom.it\/blog\/#\/schema\/logo\/image\/","url":"https:\/\/i2.wp.com\/videom.it\/blog\/wp-content\/uploads\/2015\/04\/25th-giallo-3.jpg?fit=1300%2C1192&ssl=1","contentUrl":"https:\/\/i2.wp.com\/videom.it\/blog\/wp-content\/uploads\/2015\/04\/25th-giallo-3.jpg?fit=1300%2C1192&ssl=1","width":1300,"height":1192,"caption":"VideoMusic"},"image":{"@id":"https:\/\/videom.it\/blog\/#\/schema\/logo\/image\/"},"sameAs":["https:\/\/www.facebook.com\/videomusiccava.trebisacce","https:\/\/x.com\/vbcava","https:\/\/www.youtube.com\/channel\/UCgNxnZpk2zqHaIcIxF3swOA"]}]}},"jetpack_publicize_connections":[],"jetpack_sharing_enabled":true,"_links":{"self":[{"href":"https:\/\/videom.it\/blog\/wp-json\/wp\/v2\/product\/5280","targetHints":{"allow":["GET"]}}],"collection":[{"href":"https:\/\/videom.it\/blog\/wp-json\/wp\/v2\/product"}],"about":[{"href":"https:\/\/videom.it\/blog\/wp-json\/wp\/v2\/types\/product"}],"replies":[{"embeddable":true,"href":"https:\/\/videom.it\/blog\/wp-json\/wp\/v2\/comments?post=5280"}],"wp:featuredmedia":[{"embeddable":true,"href":"https:\/\/videom.it\/blog\/wp-json\/wp\/v2\/media\/5284"}],"wp:attachment":[{"href":"https:\/\/videom.it\/blog\/wp-json\/wp\/v2\/media?parent=5280"}],"wp:term":[{"taxonomy":"product_brand","embeddable":true,"href":"https:\/\/videom.it\/blog\/wp-json\/wp\/v2\/product_brand?post=5280"},{"taxonomy":"product_cat","embeddable":true,"href":"https:\/\/videom.it\/blog\/wp-json\/wp\/v2\/product_cat?post=5280"},{"taxonomy":"product_tag","embeddable":true,"href":"https:\/\/videom.it\/blog\/wp-json\/wp\/v2\/product_tag?post=5280"}],"curies":[{"name":"wp","href":"https:\/\/api.w.org\/{rel}","templated":true}]}}