{"id":4912,"date":"2021-01-02T10:06:15","date_gmt":"2021-01-02T09:06:15","guid":{"rendered":"https:\/\/videom.it\/blog\/?post_type=product&#038;p=4912"},"modified":"2025-05-23T11:07:10","modified_gmt":"2025-05-23T09:07:10","slug":"oppo-reno4-z-5g","status":"publish","type":"product","link":"https:\/\/videom.it\/blog\/shop\/oppo-reno4-z-5g\/","title":{"rendered":"OPPO RENO4 Z 5G"},"content":{"rendered":"<p>Oppo Reno4 Z 5G \u00e8 un smartphone <b><a href=\"https:\/\/it.wikipedia.org\/wiki\/Android\" target=\"_blank\" rel=\"noopener\">Android<\/a><\/b>\u00a0di buon livello, fortemente votato all&#8217;imaging, in grado di soddisfare anche l&#8217;utente pi\u00f9 esigente. Sorprende il display\u00a0<b>Touchscreen<\/b>\u00a0da\u00a0<b>6.57<\/b>\u00a0pollici che pone questo Oppo al vertice della categoria. Risoluzione di\u00a0<b>2400&#215;1080<\/b> pixel.<\/p>\n<p>Sul versante delle funzionalit\u00e0 a questo Smartphone non manca davvero nulla. A cominciare dal modulo <b>5G<\/b>\u00a0che permette un trasferimento dati e una navigazione in internet eccellente, passando per la connettivit\u00e0\u00a0<b>Wi-fi<\/b>\u00a0e il\u00a0<b>GPS<\/b>.<br \/>\nQuesto Oppo Reno 4Z \u00e8 un prodotto con pochi competitor per ci\u00f2 che riguarda la multimedialit\u00e0. Grazie alla fotocamera da ben <b>48<\/b> megapixel che permette al Oppo Reno4 Z di scattare foto di alta qualit\u00e0. Con una risoluzione di <b>8000&#215;6000<\/b>\u00a0pixel e di registrare video in\u00a0<b>4K<\/b>\u00a0alla risoluzione di\u00a0<b>3840&#215;2160<\/b> pixel.\u00a0<strong>Ultra Steady Video<\/strong>, cattura il movimento senza sfocature. La nostra tecnologia di Ultra Steady Mode utilizza un giroscopio ultra sensibile per consentire registrazioni stabili e fluide. Registrerai video nitidi sia che tu sia in bicicletta, correndo o in movimento<\/p>\n<p>Lo spessore di\u00a0<b>8.1mm<\/b>\u00a0\u00e8 contenuto e rende questo Oppo Reno 4Z molto interessante.<\/p>\n<p><strong>Proteggi il tuo Smartphone con <a href=\"http:\/\/videom.it\/blog\/protection-pro\/\">PROTECTION PRO ULTRA<\/a> <\/strong>\u2013\u00a0 Il sistema di protezione pi\u00f9 avanzato sul mercato. Una esclusiva della VideoMusic Trebisacce, unico rivenditore dell&#8217;Alto Ionio<\/p>\n<p>&nbsp;<\/p>\n<p><a href=\"https:\/\/i0.wp.com\/videom.it\/blog\/wp-content\/uploads\/2019\/10\/cropped-Logo-video-Blog.jpg?ssl=1\"><img data-recalc-dims=\"1\" decoding=\"async\" class=\"alignnone wp-image-3822\" src=\"https:\/\/i0.wp.com\/videom.it\/blog\/wp-content\/uploads\/2019\/10\/cropped-Logo-video-Blog.jpg?resize=413%2C103&#038;ssl=1\" alt=\"OPPO RENO4 Z 5G\" width=\"413\" height=\"103\" srcset=\"https:\/\/i0.wp.com\/videom.it\/blog\/wp-content\/uploads\/2019\/10\/cropped-Logo-video-Blog.jpg?resize=1024%2C256&amp;ssl=1 1024w, https:\/\/i0.wp.com\/videom.it\/blog\/wp-content\/uploads\/2019\/10\/cropped-Logo-video-Blog.jpg?resize=300%2C75&amp;ssl=1 300w, https:\/\/i0.wp.com\/videom.it\/blog\/wp-content\/uploads\/2019\/10\/cropped-Logo-video-Blog.jpg?resize=768%2C192&amp;ssl=1 768w, https:\/\/i0.wp.com\/videom.it\/blog\/wp-content\/uploads\/2019\/10\/cropped-Logo-video-Blog.jpg?resize=500%2C125&amp;ssl=1 500w, https:\/\/i0.wp.com\/videom.it\/blog\/wp-content\/uploads\/2019\/10\/cropped-Logo-video-Blog.jpg?resize=100%2C25&amp;ssl=1 100w, https:\/\/i0.wp.com\/videom.it\/blog\/wp-content\/uploads\/2019\/10\/cropped-Logo-video-Blog.jpg?resize=150%2C38&amp;ssl=1 150w, https:\/\/i0.wp.com\/videom.it\/blog\/wp-content\/uploads\/2019\/10\/cropped-Logo-video-Blog.jpg?resize=200%2C50&amp;ssl=1 200w, https:\/\/i0.wp.com\/videom.it\/blog\/wp-content\/uploads\/2019\/10\/cropped-Logo-video-Blog.jpg?resize=450%2C113&amp;ssl=1 450w, https:\/\/i0.wp.com\/videom.it\/blog\/wp-content\/uploads\/2019\/10\/cropped-Logo-video-Blog.jpg?resize=600%2C150&amp;ssl=1 600w, https:\/\/i0.wp.com\/videom.it\/blog\/wp-content\/uploads\/2019\/10\/cropped-Logo-video-Blog.jpg?resize=900%2C225&amp;ssl=1 900w, https:\/\/i0.wp.com\/videom.it\/blog\/wp-content\/uploads\/2019\/10\/cropped-Logo-video-Blog.jpg?w=1500&amp;ssl=1 1500w\" sizes=\"(max-width: 413px) 100vw, 413px\" \/><\/a> <a href=\"https:\/\/i0.wp.com\/videom.it\/blog\/wp-content\/uploads\/2020\/10\/Imma-da-usar-on-line-b.jpg?ssl=1\"><img data-recalc-dims=\"1\" fetchpriority=\"high\" decoding=\"async\" class=\"alignnone wp-image-4732\" src=\"https:\/\/i0.wp.com\/videom.it\/blog\/wp-content\/uploads\/2020\/10\/Imma-da-usar-on-line-b-1024x534.jpg?resize=317%2C165&#038;ssl=1\" alt=\"OPPO RENO4 Z 5G\" width=\"317\" height=\"165\" \/><\/a><\/p>\n<p><strong>Unica sede a Trebisacce (Cs) in Vle della Libert\u00e0 22\/24 &#8211; 098158459 \/ 51519 &#8211; 3518188174 &#8211; info@videom.it<\/strong><\/p>\n","protected":false},"excerpt":{"rendered":"<ul>\n<li class=\"micon_display\" title=\"Display\">Display: 6.57 pollici (FHD+)<\/li>\n<li class=\"micon_camera\" title=\"Fotocamera\">Fotocamera: 48+8+2+2MP \/ 16+2MP<\/li>\n<li class=\"micon_cpu\" title=\"Processore\">Processore: MediaTek MT6873V Dimensity 800<\/li>\n<li class=\"micon_memory\" title=\"Memoria\">Memoria: 8GB RAM + 128GB<\/li>\n<li class=\"micon_battery\" title=\"Batteria\">Batteria: 3890mAh \/ 20Watt<\/li>\n<li class=\"micon_os\" title=\"Sistema operativo\">Sistema operativo: Android 10<\/li>\n<li class=\"micon_network\" title=\"Rete Mobile\">Rete: mobile5G<\/li>\n<li class=\"micon_sim\" title=\"SIM Card\">SIM Card: Dual SIM<\/li>\n<li class=\"micon_finger\" title=\"Lettore impronte\">Lettore impronte<br \/>\nlaterale<\/li>\n<\/ul>\n","protected":false},"featured_media":4915,"comment_status":"open","ping_status":"closed","template":"","meta":{"jetpack_post_was_ever_published":false,"jetpack_publicize_message":"","jetpack_publicize_feature_enabled":true,"jetpack_social_post_already_shared":true,"jetpack_social_options":{"image_generator_settings":{"template":"highway","default_image_id":0,"font":"","enabled":false},"version":2}},"product_brand":[],"product_cat":[27],"product_tag":[140,55,228,215],"class_list":{"0":"post-4912","1":"product","2":"type-product","3":"status-publish","4":"has-post-thumbnail","6":"product_cat-smartphone","7":"product_tag-5g","8":"product_tag-android","9":"product_tag-oppo","10":"product_tag-telefonia-trebisacce","12":"first","13":"outofstock","14":"taxable","15":"shipping-taxable","16":"purchasable","17":"product-type-simple"},"yoast_head":"<!-- This site is optimized with the Yoast SEO plugin v27.5 - https:\/\/yoast.com\/product\/yoast-seo-wordpress\/ -->\n<title>OPPO RENO4 Z 5G<\/title>\n<meta name=\"description\" content=\"Oppo Reno4 Z \u00e8 un smartphone Android\u00a0di buon livello, fortemente votato all&#039;imaging, in grado di soddisfare anche l&#039;utente pi\u00f9 esigente....\" \/>\n<meta name=\"robots\" content=\"index, follow, max-snippet:-1, max-image-preview:large, max-video-preview:-1\" \/>\n<link rel=\"canonical\" href=\"https:\/\/videom.it\/blog\/shop\/oppo-reno4-z-5g\/\" \/>\n<meta property=\"og:locale\" content=\"it_IT\" \/>\n<meta property=\"og:type\" content=\"article\" \/>\n<meta property=\"og:title\" content=\"OPPO RENO4 Z 5G\" \/>\n<meta property=\"og:description\" content=\"Oppo Reno4 Z \u00e8 un smartphone Android\u00a0di buon livello, fortemente votato all&#039;imaging, in grado di soddisfare anche l&#039;utente pi\u00f9 esigente....\" \/>\n<meta property=\"og:url\" content=\"https:\/\/videom.it\/blog\/shop\/oppo-reno4-z-5g\/\" \/>\n<meta property=\"og:site_name\" content=\"VideoMusic\" \/>\n<meta property=\"article:publisher\" content=\"https:\/\/www.facebook.com\/videomusiccava.trebisacce\" \/>\n<meta property=\"article:modified_time\" content=\"2025-05-23T09:07:10+00:00\" \/>\n<meta property=\"og:image\" content=\"https:\/\/videom.it\/blog\/wp-content\/uploads\/2021\/01\/OPPO-Reno4-Z-10.jpg\" \/>\n\t<meta property=\"og:image:width\" content=\"1200\" \/>\n\t<meta property=\"og:image:height\" content=\"600\" \/>\n\t<meta property=\"og:image:type\" content=\"image\/jpeg\" \/>\n<meta name=\"twitter:label1\" content=\"Tempo di lettura stimato\" \/>\n\t<meta name=\"twitter:data1\" content=\"1 minuto\" \/>\n<script type=\"application\/ld+json\" class=\"yoast-schema-graph\">{\"@context\":\"https:\\\/\\\/schema.org\",\"@graph\":[{\"@type\":\"WebPage\",\"@id\":\"https:\\\/\\\/videom.it\\\/blog\\\/shop\\\/oppo-reno4-z-5g\\\/\",\"url\":\"https:\\\/\\\/videom.it\\\/blog\\\/shop\\\/oppo-reno4-z-5g\\\/\",\"name\":\"OPPO RENO4 Z 5G\",\"isPartOf\":{\"@id\":\"https:\\\/\\\/videom.it\\\/blog\\\/#website\"},\"primaryImageOfPage\":{\"@id\":\"https:\\\/\\\/videom.it\\\/blog\\\/shop\\\/oppo-reno4-z-5g\\\/#primaryimage\"},\"image\":{\"@id\":\"https:\\\/\\\/videom.it\\\/blog\\\/shop\\\/oppo-reno4-z-5g\\\/#primaryimage\"},\"thumbnailUrl\":\"https:\\\/\\\/i0.wp.com\\\/videom.it\\\/blog\\\/wp-content\\\/uploads\\\/2021\\\/01\\\/OPPO-Reno4-Z-10.jpg?fit=1200%2C600&ssl=1\",\"datePublished\":\"2021-01-02T09:06:15+00:00\",\"dateModified\":\"2025-05-23T09:07:10+00:00\",\"description\":\"Oppo Reno4 Z \u00e8 un smartphone Android\u00a0di buon livello, fortemente votato all'imaging, in grado di soddisfare anche l'utente pi\u00f9 esigente....\",\"breadcrumb\":{\"@id\":\"https:\\\/\\\/videom.it\\\/blog\\\/shop\\\/oppo-reno4-z-5g\\\/#breadcrumb\"},\"inLanguage\":\"it-IT\",\"potentialAction\":[{\"@type\":\"ReadAction\",\"target\":[\"https:\\\/\\\/videom.it\\\/blog\\\/shop\\\/oppo-reno4-z-5g\\\/\"]}]},{\"@type\":\"ImageObject\",\"inLanguage\":\"it-IT\",\"@id\":\"https:\\\/\\\/videom.it\\\/blog\\\/shop\\\/oppo-reno4-z-5g\\\/#primaryimage\",\"url\":\"https:\\\/\\\/i0.wp.com\\\/videom.it\\\/blog\\\/wp-content\\\/uploads\\\/2021\\\/01\\\/OPPO-Reno4-Z-10.jpg?fit=1200%2C600&ssl=1\",\"contentUrl\":\"https:\\\/\\\/i0.wp.com\\\/videom.it\\\/blog\\\/wp-content\\\/uploads\\\/2021\\\/01\\\/OPPO-Reno4-Z-10.jpg?fit=1200%2C600&ssl=1\",\"width\":1200,\"height\":600},{\"@type\":\"BreadcrumbList\",\"@id\":\"https:\\\/\\\/videom.it\\\/blog\\\/shop\\\/oppo-reno4-z-5g\\\/#breadcrumb\",\"itemListElement\":[{\"@type\":\"ListItem\",\"position\":1,\"name\":\"Home\",\"item\":\"https:\\\/\\\/videom.it\\\/blog\\\/\"},{\"@type\":\"ListItem\",\"position\":2,\"name\":\"Shop\",\"item\":\"https:\\\/\\\/videom.it\\\/blog\\\/shop\\\/\"},{\"@type\":\"ListItem\",\"position\":3,\"name\":\"OPPO RENO4 Z 5G\"}]},{\"@type\":\"WebSite\",\"@id\":\"https:\\\/\\\/videom.it\\\/blog\\\/#website\",\"url\":\"https:\\\/\\\/videom.it\\\/blog\\\/\",\"name\":\"VideoMusic\",\"description\":\"Luce &amp; Gas - Assicurazioni - Riparazioni\",\"publisher\":{\"@id\":\"https:\\\/\\\/videom.it\\\/blog\\\/#organization\"},\"potentialAction\":[{\"@type\":\"SearchAction\",\"target\":{\"@type\":\"EntryPoint\",\"urlTemplate\":\"https:\\\/\\\/videom.it\\\/blog\\\/?s={search_term_string}\"},\"query-input\":{\"@type\":\"PropertyValueSpecification\",\"valueRequired\":true,\"valueName\":\"search_term_string\"}}],\"inLanguage\":\"it-IT\"},{\"@type\":\"Organization\",\"@id\":\"https:\\\/\\\/videom.it\\\/blog\\\/#organization\",\"name\":\"VideoMusic\",\"url\":\"https:\\\/\\\/videom.it\\\/blog\\\/\",\"logo\":{\"@type\":\"ImageObject\",\"inLanguage\":\"it-IT\",\"@id\":\"https:\\\/\\\/videom.it\\\/blog\\\/#\\\/schema\\\/logo\\\/image\\\/\",\"url\":\"https:\\\/\\\/i2.wp.com\\\/videom.it\\\/blog\\\/wp-content\\\/uploads\\\/2015\\\/04\\\/25th-giallo-3.jpg?fit=1300%2C1192&ssl=1\",\"contentUrl\":\"https:\\\/\\\/i2.wp.com\\\/videom.it\\\/blog\\\/wp-content\\\/uploads\\\/2015\\\/04\\\/25th-giallo-3.jpg?fit=1300%2C1192&ssl=1\",\"width\":1300,\"height\":1192,\"caption\":\"VideoMusic\"},\"image\":{\"@id\":\"https:\\\/\\\/videom.it\\\/blog\\\/#\\\/schema\\\/logo\\\/image\\\/\"},\"sameAs\":[\"https:\\\/\\\/www.facebook.com\\\/videomusiccava.trebisacce\",\"https:\\\/\\\/x.com\\\/vbcava\",\"https:\\\/\\\/www.youtube.com\\\/channel\\\/UCgNxnZpk2zqHaIcIxF3swOA\"]}]}<\/script>\n<!-- \/ Yoast SEO plugin. -->","yoast_head_json":{"title":"OPPO RENO4 Z 5G","description":"Oppo Reno4 Z \u00e8 un smartphone Android\u00a0di buon livello, fortemente votato all'imaging, in grado di soddisfare anche l'utente pi\u00f9 esigente....","robots":{"index":"index","follow":"follow","max-snippet":"max-snippet:-1","max-image-preview":"max-image-preview:large","max-video-preview":"max-video-preview:-1"},"canonical":"https:\/\/videom.it\/blog\/shop\/oppo-reno4-z-5g\/","og_locale":"it_IT","og_type":"article","og_title":"OPPO RENO4 Z 5G","og_description":"Oppo Reno4 Z \u00e8 un smartphone Android\u00a0di buon livello, fortemente votato all'imaging, in grado di soddisfare anche l'utente pi\u00f9 esigente....","og_url":"https:\/\/videom.it\/blog\/shop\/oppo-reno4-z-5g\/","og_site_name":"VideoMusic","article_publisher":"https:\/\/www.facebook.com\/videomusiccava.trebisacce","article_modified_time":"2025-05-23T09:07:10+00:00","og_image":[{"width":1200,"height":600,"url":"https:\/\/videom.it\/blog\/wp-content\/uploads\/2021\/01\/OPPO-Reno4-Z-10.jpg","type":"image\/jpeg"}],"twitter_misc":{"Tempo di lettura stimato":"1 minuto"},"schema":{"@context":"https:\/\/schema.org","@graph":[{"@type":"WebPage","@id":"https:\/\/videom.it\/blog\/shop\/oppo-reno4-z-5g\/","url":"https:\/\/videom.it\/blog\/shop\/oppo-reno4-z-5g\/","name":"OPPO RENO4 Z 5G","isPartOf":{"@id":"https:\/\/videom.it\/blog\/#website"},"primaryImageOfPage":{"@id":"https:\/\/videom.it\/blog\/shop\/oppo-reno4-z-5g\/#primaryimage"},"image":{"@id":"https:\/\/videom.it\/blog\/shop\/oppo-reno4-z-5g\/#primaryimage"},"thumbnailUrl":"https:\/\/i0.wp.com\/videom.it\/blog\/wp-content\/uploads\/2021\/01\/OPPO-Reno4-Z-10.jpg?fit=1200%2C600&ssl=1","datePublished":"2021-01-02T09:06:15+00:00","dateModified":"2025-05-23T09:07:10+00:00","description":"Oppo Reno4 Z \u00e8 un smartphone Android\u00a0di buon livello, fortemente votato all'imaging, in grado di soddisfare anche l'utente pi\u00f9 esigente....","breadcrumb":{"@id":"https:\/\/videom.it\/blog\/shop\/oppo-reno4-z-5g\/#breadcrumb"},"inLanguage":"it-IT","potentialAction":[{"@type":"ReadAction","target":["https:\/\/videom.it\/blog\/shop\/oppo-reno4-z-5g\/"]}]},{"@type":"ImageObject","inLanguage":"it-IT","@id":"https:\/\/videom.it\/blog\/shop\/oppo-reno4-z-5g\/#primaryimage","url":"https:\/\/i0.wp.com\/videom.it\/blog\/wp-content\/uploads\/2021\/01\/OPPO-Reno4-Z-10.jpg?fit=1200%2C600&ssl=1","contentUrl":"https:\/\/i0.wp.com\/videom.it\/blog\/wp-content\/uploads\/2021\/01\/OPPO-Reno4-Z-10.jpg?fit=1200%2C600&ssl=1","width":1200,"height":600},{"@type":"BreadcrumbList","@id":"https:\/\/videom.it\/blog\/shop\/oppo-reno4-z-5g\/#breadcrumb","itemListElement":[{"@type":"ListItem","position":1,"name":"Home","item":"https:\/\/videom.it\/blog\/"},{"@type":"ListItem","position":2,"name":"Shop","item":"https:\/\/videom.it\/blog\/shop\/"},{"@type":"ListItem","position":3,"name":"OPPO RENO4 Z 5G"}]},{"@type":"WebSite","@id":"https:\/\/videom.it\/blog\/#website","url":"https:\/\/videom.it\/blog\/","name":"VideoMusic","description":"Luce &amp; Gas - Assicurazioni - Riparazioni","publisher":{"@id":"https:\/\/videom.it\/blog\/#organization"},"potentialAction":[{"@type":"SearchAction","target":{"@type":"EntryPoint","urlTemplate":"https:\/\/videom.it\/blog\/?s={search_term_string}"},"query-input":{"@type":"PropertyValueSpecification","valueRequired":true,"valueName":"search_term_string"}}],"inLanguage":"it-IT"},{"@type":"Organization","@id":"https:\/\/videom.it\/blog\/#organization","name":"VideoMusic","url":"https:\/\/videom.it\/blog\/","logo":{"@type":"ImageObject","inLanguage":"it-IT","@id":"https:\/\/videom.it\/blog\/#\/schema\/logo\/image\/","url":"https:\/\/i2.wp.com\/videom.it\/blog\/wp-content\/uploads\/2015\/04\/25th-giallo-3.jpg?fit=1300%2C1192&ssl=1","contentUrl":"https:\/\/i2.wp.com\/videom.it\/blog\/wp-content\/uploads\/2015\/04\/25th-giallo-3.jpg?fit=1300%2C1192&ssl=1","width":1300,"height":1192,"caption":"VideoMusic"},"image":{"@id":"https:\/\/videom.it\/blog\/#\/schema\/logo\/image\/"},"sameAs":["https:\/\/www.facebook.com\/videomusiccava.trebisacce","https:\/\/x.com\/vbcava","https:\/\/www.youtube.com\/channel\/UCgNxnZpk2zqHaIcIxF3swOA"]}]}},"jetpack_publicize_connections":[],"jetpack_sharing_enabled":true,"_links":{"self":[{"href":"https:\/\/videom.it\/blog\/wp-json\/wp\/v2\/product\/4912","targetHints":{"allow":["GET"]}}],"collection":[{"href":"https:\/\/videom.it\/blog\/wp-json\/wp\/v2\/product"}],"about":[{"href":"https:\/\/videom.it\/blog\/wp-json\/wp\/v2\/types\/product"}],"replies":[{"embeddable":true,"href":"https:\/\/videom.it\/blog\/wp-json\/wp\/v2\/comments?post=4912"}],"wp:featuredmedia":[{"embeddable":true,"href":"https:\/\/videom.it\/blog\/wp-json\/wp\/v2\/media\/4915"}],"wp:attachment":[{"href":"https:\/\/videom.it\/blog\/wp-json\/wp\/v2\/media?parent=4912"}],"wp:term":[{"taxonomy":"product_brand","embeddable":true,"href":"https:\/\/videom.it\/blog\/wp-json\/wp\/v2\/product_brand?post=4912"},{"taxonomy":"product_cat","embeddable":true,"href":"https:\/\/videom.it\/blog\/wp-json\/wp\/v2\/product_cat?post=4912"},{"taxonomy":"product_tag","embeddable":true,"href":"https:\/\/videom.it\/blog\/wp-json\/wp\/v2\/product_tag?post=4912"}],"curies":[{"name":"wp","href":"https:\/\/api.w.org\/{rel}","templated":true}]}}