{"id":4509,"date":"2020-07-01T11:09:18","date_gmt":"2020-07-01T09:09:18","guid":{"rendered":"https:\/\/videom.it\/blog\/?post_type=product&#038;p=4509"},"modified":"2025-05-27T00:15:21","modified_gmt":"2025-05-26T22:15:21","slug":"huawei-p40-lite-5g","status":"publish","type":"product","link":"https:\/\/videom.it\/blog\/shop\/huawei-p40-lite-5g\/","title":{"rendered":"Huawei P40 Lite 5G"},"content":{"rendered":"<header>\n<h2>Huawei P40 Lite 5G disponibile anche in Italia<\/h2>\n<\/header>\n<header>Il nuovo Huawei P40 Lite 5G si aggiunge alla gamma <strong><a href=\"https:\/\/videom.it\/blog\/shop\/huawei-p40-lite\/\" target=\"_blank\" rel=\"noopener noreferrer\">Huawei P40<\/a><\/strong>. Unisce un sistema multimediale avanzato a quadrupla fotocamera alla compatibilit\u00e0 con le reti 5G. Caratterizzato da una scocca rivestita in vetro con curvatura 3D, il P40 Lite 5G \u00e8 dotato di <strong>display IPS LCD da 6,5 pollici FHD+.<\/strong> La risoluzione \u00e8 1080 x 2400 pixel, raggiungendo un rapporto screen-to-body del 90,3% e interrotto da un unico foro in alto a sinistra per la fotocamera frontale. <strong>Quattro le fotocamere a bordo, supportate da sistema AI. Con sensore principale da 64MP<\/strong>, sensore grandangolare da 8MP e due sensori da 2MP per macro e profondit\u00e0. Tra le funzionalit\u00e0 extra da segnalare la possibilit\u00e0 di registrare video in modalit\u00e0 Dual-View, utilizzando contemporaneamente due diverse telecamere. La fotocamera frontale \u00e8 da 16MP con apertura f\/2.0 e funzione Super Night Selfie per ottenere foto luminose anche in ambienti con poca luce.<\/p>\n<h4>Huawei P40 Lite 5G il software<\/h4>\n<p>Sotto la scocca pulsa il\u00a0<strong>processore Kirin 820 5G SoC da 7nm, naturalmente compatibile con le reti 5G<\/strong>. La connettivit\u00e0 \u00e8 corredata da modulo WiFi dual band e Bluetooth 5.1 A2DP. Presenti inoltre USB type C, lettore di impronte fisico posto sul lato e jack da 3,5mm. Da 4000 mAh la batteria integrata dotata di sistema di ricarica rapido\u00a0<strong>SuperCharge da 40W\u00a0<\/strong>in grado di raggiungere il 70% di ricarica in 30 minuti.<\/p>\n<p>Unico il taglio di memoria da\u00a0<strong>6GB di RAM e 128GB per l\u2019archiviazione interna<\/strong>, espandibili con microSD fino a 256GB. Il sistema operativo scelto \u00e8 Android 10 con interfaccia <strong><a href=\"https:\/\/it.wikipedia.org\/wiki\/EMUI\" target=\"_blank\" rel=\"noopener noreferrer\">Emui 10.1<\/a><\/strong>.<\/p>\n<p><strong>Ricordiamo che non supporta i Google Play Services facendo affidamento sulla piattaforma proprietaria Huawei Mobile Services.<\/strong><\/p>\n<p>Huawei P40 Lite 5G \u00e8 disponibile da oggi. Chi acquister\u00e0 lo smartphone entro il<strong>\u00a031 agosto sono inoltre inclusi 3 mesi di abbonamento VIP su Huawei Music e 15 GB extra su Huawei Cloud<\/strong>.<\/p>\n<p>&nbsp;<\/p>\n<p><strong>Proteggi il tuo Smartphone con <a href=\"http:\/\/videom.it\/blog\/protection-pro\/\">PROTECTION PRO ULTRA<\/a><\/strong> \u2013\u00a0 Il sistema di protezione pi\u00f9 avanzato sul mercato. Una esclusiva della VideoMusic Trebisacce, unico rivenditore dell&#8217;Alto Ionio<\/p>\n<p>&nbsp;<\/p>\n<p><a href=\"https:\/\/i0.wp.com\/videom.it\/blog\/wp-content\/uploads\/2020\/01\/Logo-Videomusic-Blog1.jpg?ssl=1\"><img data-recalc-dims=\"1\" decoding=\"async\" class=\"alignnone size-medium wp-image-3983\" src=\"https:\/\/i0.wp.com\/videom.it\/blog\/wp-content\/uploads\/2020\/01\/Logo-Videomusic-Blog1.jpg?resize=300%2C74&#038;ssl=1\" alt=\"Huawei P40 Lite 5G\" width=\"300\" height=\"74\" srcset=\"https:\/\/i0.wp.com\/videom.it\/blog\/wp-content\/uploads\/2020\/01\/Logo-Videomusic-Blog1.jpg?resize=300%2C74&amp;ssl=1 300w, https:\/\/i0.wp.com\/videom.it\/blog\/wp-content\/uploads\/2020\/01\/Logo-Videomusic-Blog1.jpg?resize=1024%2C252&amp;ssl=1 1024w, https:\/\/i0.wp.com\/videom.it\/blog\/wp-content\/uploads\/2020\/01\/Logo-Videomusic-Blog1.jpg?resize=768%2C189&amp;ssl=1 768w, https:\/\/i0.wp.com\/videom.it\/blog\/wp-content\/uploads\/2020\/01\/Logo-Videomusic-Blog1.jpg?resize=1536%2C379&amp;ssl=1 1536w, https:\/\/i0.wp.com\/videom.it\/blog\/wp-content\/uploads\/2020\/01\/Logo-Videomusic-Blog1.jpg?resize=100%2C25&amp;ssl=1 100w, https:\/\/i0.wp.com\/videom.it\/blog\/wp-content\/uploads\/2020\/01\/Logo-Videomusic-Blog1.jpg?resize=150%2C37&amp;ssl=1 150w, https:\/\/i0.wp.com\/videom.it\/blog\/wp-content\/uploads\/2020\/01\/Logo-Videomusic-Blog1.jpg?resize=200%2C49&amp;ssl=1 200w, https:\/\/i0.wp.com\/videom.it\/blog\/wp-content\/uploads\/2020\/01\/Logo-Videomusic-Blog1.jpg?resize=450%2C111&amp;ssl=1 450w, https:\/\/i0.wp.com\/videom.it\/blog\/wp-content\/uploads\/2020\/01\/Logo-Videomusic-Blog1.jpg?resize=600%2C148&amp;ssl=1 600w, https:\/\/i0.wp.com\/videom.it\/blog\/wp-content\/uploads\/2020\/01\/Logo-Videomusic-Blog1.jpg?resize=900%2C222&amp;ssl=1 900w, https:\/\/i0.wp.com\/videom.it\/blog\/wp-content\/uploads\/2020\/01\/Logo-Videomusic-Blog1.jpg?w=1712&amp;ssl=1 1712w\" sizes=\"(max-width: 300px) 100vw, 300px\" \/><\/a><strong>Unica sede a Trebiscace (Cs) in Vle della Libert\u00e0 22\/24 &#8211; 098158459 \/ 51519 &#8211; 3518188174 &#8211; info@videom.it<\/strong><\/p>\n<\/header>\n","protected":false},"excerpt":{"rendered":"<p>&nbsp;<\/p>\n<ul>\n<li class=\"micon_display\" title=\"Display\">Display: 6.5 pollici (FHD+)<\/li>\n<li class=\"micon_camera\" title=\"Fotocamera\">Fotocamera: 64+8+2+2MP \/ 16MP<\/li>\n<li class=\"micon_cpu\" title=\"Processore\">Processore: HiSilicon Kirin 820 5G<\/li>\n<li class=\"micon_memory\" title=\"Memoria\">Memoria: 8GB RAM + 128GB<\/li>\n<li class=\"micon_battery\" title=\"Batteria\">Batteria: 4000mAh<\/li>\n<li class=\"micon_os\" title=\"Sistema operativo\">Sistema operativo: Android 10<\/li>\n<li class=\"micon_network\" title=\"Rete Mobile\">Rete mobile: 5G<\/li>\n<li class=\"micon_sim\" title=\"SIM Card\">SIM Card: Dual SIM<\/li>\n<li class=\"micon_finger\" title=\"Lettore impronte\">Lettore impronte: laterale<\/li>\n<\/ul>\n<p>&nbsp;<\/p>\n","protected":false},"featured_media":4510,"comment_status":"open","ping_status":"closed","template":"","meta":{"jetpack_post_was_ever_published":false,"jetpack_publicize_message":"","jetpack_publicize_feature_enabled":true,"jetpack_social_post_already_shared":true,"jetpack_social_options":{"image_generator_settings":{"template":"highway","default_image_id":0,"font":"","enabled":false},"version":2}},"product_brand":[],"product_cat":[27],"product_tag":[140,220,55,36,114,54,215,214],"class_list":{"0":"post-4509","1":"product","2":"type-product","3":"status-publish","4":"has-post-thumbnail","6":"product_cat-smartphone","7":"product_tag-5g","8":"product_tag-accessori-huawei","9":"product_tag-android","10":"product_tag-cellulari","11":"product_tag-huawei","12":"product_tag-smartphone","13":"product_tag-telefonia-trebisacce","14":"product_tag-vip-service","16":"first","17":"outofstock","18":"sale","19":"taxable","20":"shipping-taxable","21":"purchasable","22":"product-type-simple"},"yoast_head":"<!-- This site is optimized with the Yoast SEO plugin v27.4 - https:\/\/yoast.com\/product\/yoast-seo-wordpress\/ -->\n<title>Huawei P40 Lite 5G<\/title>\n<meta name=\"description\" content=\"Si aggiunge alla gamma Huawei P40 il nuovo P40 Lite 5G, che unisce un sistema multimediale avanzato a quadrupla fotocamera alla compatibilit\u00e0 con le reti 5G\" \/>\n<meta name=\"robots\" content=\"index, follow, max-snippet:-1, max-image-preview:large, max-video-preview:-1\" \/>\n<link rel=\"canonical\" href=\"https:\/\/videom.it\/blog\/shop\/huawei-p40-lite-5g\/\" \/>\n<meta property=\"og:locale\" content=\"it_IT\" \/>\n<meta property=\"og:type\" content=\"article\" \/>\n<meta property=\"og:title\" content=\"Huawei P40 Lite 5G\" \/>\n<meta property=\"og:description\" content=\"Si aggiunge alla gamma Huawei P40 il nuovo P40 Lite 5G, che unisce un sistema multimediale avanzato a quadrupla fotocamera alla compatibilit\u00e0 con le reti 5G\" \/>\n<meta property=\"og:url\" content=\"https:\/\/videom.it\/blog\/shop\/huawei-p40-lite-5g\/\" \/>\n<meta property=\"og:site_name\" content=\"VideoMusic\" \/>\n<meta property=\"article:publisher\" content=\"https:\/\/www.facebook.com\/videomusiccava.trebisacce\" \/>\n<meta property=\"article:modified_time\" content=\"2025-05-26T22:15:21+00:00\" \/>\n<meta property=\"og:image\" content=\"https:\/\/videom.it\/blog\/wp-content\/uploads\/2020\/07\/P40-lite-5G-b.jpg\" \/>\n\t<meta property=\"og:image:width\" content=\"1200\" \/>\n\t<meta property=\"og:image:height\" content=\"600\" \/>\n\t<meta property=\"og:image:type\" content=\"image\/jpeg\" \/>\n<meta name=\"twitter:label1\" content=\"Tempo di lettura stimato\" \/>\n\t<meta name=\"twitter:data1\" content=\"2 minuti\" \/>\n<script type=\"application\/ld+json\" class=\"yoast-schema-graph\">{\"@context\":\"https:\\\/\\\/schema.org\",\"@graph\":[{\"@type\":\"WebPage\",\"@id\":\"https:\\\/\\\/videom.it\\\/blog\\\/shop\\\/huawei-p40-lite-5g\\\/\",\"url\":\"https:\\\/\\\/videom.it\\\/blog\\\/shop\\\/huawei-p40-lite-5g\\\/\",\"name\":\"Huawei P40 Lite 5G\",\"isPartOf\":{\"@id\":\"https:\\\/\\\/videom.it\\\/blog\\\/#website\"},\"primaryImageOfPage\":{\"@id\":\"https:\\\/\\\/videom.it\\\/blog\\\/shop\\\/huawei-p40-lite-5g\\\/#primaryimage\"},\"image\":{\"@id\":\"https:\\\/\\\/videom.it\\\/blog\\\/shop\\\/huawei-p40-lite-5g\\\/#primaryimage\"},\"thumbnailUrl\":\"https:\\\/\\\/i0.wp.com\\\/videom.it\\\/blog\\\/wp-content\\\/uploads\\\/2020\\\/07\\\/P40-lite-5G-b.jpg?fit=1200%2C600&ssl=1\",\"datePublished\":\"2020-07-01T09:09:18+00:00\",\"dateModified\":\"2025-05-26T22:15:21+00:00\",\"description\":\"Si aggiunge alla gamma Huawei P40 il nuovo P40 Lite 5G, che unisce un sistema multimediale avanzato a quadrupla fotocamera alla compatibilit\u00e0 con le reti 5G\",\"breadcrumb\":{\"@id\":\"https:\\\/\\\/videom.it\\\/blog\\\/shop\\\/huawei-p40-lite-5g\\\/#breadcrumb\"},\"inLanguage\":\"it-IT\",\"potentialAction\":[{\"@type\":\"ReadAction\",\"target\":[\"https:\\\/\\\/videom.it\\\/blog\\\/shop\\\/huawei-p40-lite-5g\\\/\"]}]},{\"@type\":\"ImageObject\",\"inLanguage\":\"it-IT\",\"@id\":\"https:\\\/\\\/videom.it\\\/blog\\\/shop\\\/huawei-p40-lite-5g\\\/#primaryimage\",\"url\":\"https:\\\/\\\/i0.wp.com\\\/videom.it\\\/blog\\\/wp-content\\\/uploads\\\/2020\\\/07\\\/P40-lite-5G-b.jpg?fit=1200%2C600&ssl=1\",\"contentUrl\":\"https:\\\/\\\/i0.wp.com\\\/videom.it\\\/blog\\\/wp-content\\\/uploads\\\/2020\\\/07\\\/P40-lite-5G-b.jpg?fit=1200%2C600&ssl=1\",\"width\":1200,\"height\":600},{\"@type\":\"BreadcrumbList\",\"@id\":\"https:\\\/\\\/videom.it\\\/blog\\\/shop\\\/huawei-p40-lite-5g\\\/#breadcrumb\",\"itemListElement\":[{\"@type\":\"ListItem\",\"position\":1,\"name\":\"Home\",\"item\":\"https:\\\/\\\/videom.it\\\/blog\\\/\"},{\"@type\":\"ListItem\",\"position\":2,\"name\":\"Shop\",\"item\":\"https:\\\/\\\/videom.it\\\/blog\\\/shop\\\/\"},{\"@type\":\"ListItem\",\"position\":3,\"name\":\"Huawei P40 Lite 5G\"}]},{\"@type\":\"WebSite\",\"@id\":\"https:\\\/\\\/videom.it\\\/blog\\\/#website\",\"url\":\"https:\\\/\\\/videom.it\\\/blog\\\/\",\"name\":\"VideoMusic\",\"description\":\"Luce &amp; Gas - Assicurazioni - Riparazioni\",\"publisher\":{\"@id\":\"https:\\\/\\\/videom.it\\\/blog\\\/#organization\"},\"potentialAction\":[{\"@type\":\"SearchAction\",\"target\":{\"@type\":\"EntryPoint\",\"urlTemplate\":\"https:\\\/\\\/videom.it\\\/blog\\\/?s={search_term_string}\"},\"query-input\":{\"@type\":\"PropertyValueSpecification\",\"valueRequired\":true,\"valueName\":\"search_term_string\"}}],\"inLanguage\":\"it-IT\"},{\"@type\":\"Organization\",\"@id\":\"https:\\\/\\\/videom.it\\\/blog\\\/#organization\",\"name\":\"VideoMusic\",\"url\":\"https:\\\/\\\/videom.it\\\/blog\\\/\",\"logo\":{\"@type\":\"ImageObject\",\"inLanguage\":\"it-IT\",\"@id\":\"https:\\\/\\\/videom.it\\\/blog\\\/#\\\/schema\\\/logo\\\/image\\\/\",\"url\":\"https:\\\/\\\/i2.wp.com\\\/videom.it\\\/blog\\\/wp-content\\\/uploads\\\/2015\\\/04\\\/25th-giallo-3.jpg?fit=1300%2C1192&ssl=1\",\"contentUrl\":\"https:\\\/\\\/i2.wp.com\\\/videom.it\\\/blog\\\/wp-content\\\/uploads\\\/2015\\\/04\\\/25th-giallo-3.jpg?fit=1300%2C1192&ssl=1\",\"width\":1300,\"height\":1192,\"caption\":\"VideoMusic\"},\"image\":{\"@id\":\"https:\\\/\\\/videom.it\\\/blog\\\/#\\\/schema\\\/logo\\\/image\\\/\"},\"sameAs\":[\"https:\\\/\\\/www.facebook.com\\\/videomusiccava.trebisacce\",\"https:\\\/\\\/x.com\\\/vbcava\",\"https:\\\/\\\/www.youtube.com\\\/channel\\\/UCgNxnZpk2zqHaIcIxF3swOA\"]}]}<\/script>\n<!-- \/ Yoast SEO plugin. -->","yoast_head_json":{"title":"Huawei P40 Lite 5G","description":"Si aggiunge alla gamma Huawei P40 il nuovo P40 Lite 5G, che unisce un sistema multimediale avanzato a quadrupla fotocamera alla compatibilit\u00e0 con le reti 5G","robots":{"index":"index","follow":"follow","max-snippet":"max-snippet:-1","max-image-preview":"max-image-preview:large","max-video-preview":"max-video-preview:-1"},"canonical":"https:\/\/videom.it\/blog\/shop\/huawei-p40-lite-5g\/","og_locale":"it_IT","og_type":"article","og_title":"Huawei P40 Lite 5G","og_description":"Si aggiunge alla gamma Huawei P40 il nuovo P40 Lite 5G, che unisce un sistema multimediale avanzato a quadrupla fotocamera alla compatibilit\u00e0 con le reti 5G","og_url":"https:\/\/videom.it\/blog\/shop\/huawei-p40-lite-5g\/","og_site_name":"VideoMusic","article_publisher":"https:\/\/www.facebook.com\/videomusiccava.trebisacce","article_modified_time":"2025-05-26T22:15:21+00:00","og_image":[{"width":1200,"height":600,"url":"https:\/\/videom.it\/blog\/wp-content\/uploads\/2020\/07\/P40-lite-5G-b.jpg","type":"image\/jpeg"}],"twitter_misc":{"Tempo di lettura stimato":"2 minuti"},"schema":{"@context":"https:\/\/schema.org","@graph":[{"@type":"WebPage","@id":"https:\/\/videom.it\/blog\/shop\/huawei-p40-lite-5g\/","url":"https:\/\/videom.it\/blog\/shop\/huawei-p40-lite-5g\/","name":"Huawei P40 Lite 5G","isPartOf":{"@id":"https:\/\/videom.it\/blog\/#website"},"primaryImageOfPage":{"@id":"https:\/\/videom.it\/blog\/shop\/huawei-p40-lite-5g\/#primaryimage"},"image":{"@id":"https:\/\/videom.it\/blog\/shop\/huawei-p40-lite-5g\/#primaryimage"},"thumbnailUrl":"https:\/\/i0.wp.com\/videom.it\/blog\/wp-content\/uploads\/2020\/07\/P40-lite-5G-b.jpg?fit=1200%2C600&ssl=1","datePublished":"2020-07-01T09:09:18+00:00","dateModified":"2025-05-26T22:15:21+00:00","description":"Si aggiunge alla gamma Huawei P40 il nuovo P40 Lite 5G, che unisce un sistema multimediale avanzato a quadrupla fotocamera alla compatibilit\u00e0 con le reti 5G","breadcrumb":{"@id":"https:\/\/videom.it\/blog\/shop\/huawei-p40-lite-5g\/#breadcrumb"},"inLanguage":"it-IT","potentialAction":[{"@type":"ReadAction","target":["https:\/\/videom.it\/blog\/shop\/huawei-p40-lite-5g\/"]}]},{"@type":"ImageObject","inLanguage":"it-IT","@id":"https:\/\/videom.it\/blog\/shop\/huawei-p40-lite-5g\/#primaryimage","url":"https:\/\/i0.wp.com\/videom.it\/blog\/wp-content\/uploads\/2020\/07\/P40-lite-5G-b.jpg?fit=1200%2C600&ssl=1","contentUrl":"https:\/\/i0.wp.com\/videom.it\/blog\/wp-content\/uploads\/2020\/07\/P40-lite-5G-b.jpg?fit=1200%2C600&ssl=1","width":1200,"height":600},{"@type":"BreadcrumbList","@id":"https:\/\/videom.it\/blog\/shop\/huawei-p40-lite-5g\/#breadcrumb","itemListElement":[{"@type":"ListItem","position":1,"name":"Home","item":"https:\/\/videom.it\/blog\/"},{"@type":"ListItem","position":2,"name":"Shop","item":"https:\/\/videom.it\/blog\/shop\/"},{"@type":"ListItem","position":3,"name":"Huawei P40 Lite 5G"}]},{"@type":"WebSite","@id":"https:\/\/videom.it\/blog\/#website","url":"https:\/\/videom.it\/blog\/","name":"VideoMusic","description":"Luce &amp; Gas - Assicurazioni - Riparazioni","publisher":{"@id":"https:\/\/videom.it\/blog\/#organization"},"potentialAction":[{"@type":"SearchAction","target":{"@type":"EntryPoint","urlTemplate":"https:\/\/videom.it\/blog\/?s={search_term_string}"},"query-input":{"@type":"PropertyValueSpecification","valueRequired":true,"valueName":"search_term_string"}}],"inLanguage":"it-IT"},{"@type":"Organization","@id":"https:\/\/videom.it\/blog\/#organization","name":"VideoMusic","url":"https:\/\/videom.it\/blog\/","logo":{"@type":"ImageObject","inLanguage":"it-IT","@id":"https:\/\/videom.it\/blog\/#\/schema\/logo\/image\/","url":"https:\/\/i2.wp.com\/videom.it\/blog\/wp-content\/uploads\/2015\/04\/25th-giallo-3.jpg?fit=1300%2C1192&ssl=1","contentUrl":"https:\/\/i2.wp.com\/videom.it\/blog\/wp-content\/uploads\/2015\/04\/25th-giallo-3.jpg?fit=1300%2C1192&ssl=1","width":1300,"height":1192,"caption":"VideoMusic"},"image":{"@id":"https:\/\/videom.it\/blog\/#\/schema\/logo\/image\/"},"sameAs":["https:\/\/www.facebook.com\/videomusiccava.trebisacce","https:\/\/x.com\/vbcava","https:\/\/www.youtube.com\/channel\/UCgNxnZpk2zqHaIcIxF3swOA"]}]}},"jetpack_publicize_connections":[],"jetpack_sharing_enabled":true,"_links":{"self":[{"href":"https:\/\/videom.it\/blog\/wp-json\/wp\/v2\/product\/4509","targetHints":{"allow":["GET"]}}],"collection":[{"href":"https:\/\/videom.it\/blog\/wp-json\/wp\/v2\/product"}],"about":[{"href":"https:\/\/videom.it\/blog\/wp-json\/wp\/v2\/types\/product"}],"replies":[{"embeddable":true,"href":"https:\/\/videom.it\/blog\/wp-json\/wp\/v2\/comments?post=4509"}],"wp:featuredmedia":[{"embeddable":true,"href":"https:\/\/videom.it\/blog\/wp-json\/wp\/v2\/media\/4510"}],"wp:attachment":[{"href":"https:\/\/videom.it\/blog\/wp-json\/wp\/v2\/media?parent=4509"}],"wp:term":[{"taxonomy":"product_brand","embeddable":true,"href":"https:\/\/videom.it\/blog\/wp-json\/wp\/v2\/product_brand?post=4509"},{"taxonomy":"product_cat","embeddable":true,"href":"https:\/\/videom.it\/blog\/wp-json\/wp\/v2\/product_cat?post=4509"},{"taxonomy":"product_tag","embeddable":true,"href":"https:\/\/videom.it\/blog\/wp-json\/wp\/v2\/product_tag?post=4509"}],"curies":[{"name":"wp","href":"https:\/\/api.w.org\/{rel}","templated":true}]}}