{"id":4216,"date":"2020-05-02T12:42:39","date_gmt":"2020-05-02T10:42:39","guid":{"rendered":"http:\/\/videom.it\/blog\/?post_type=product&#038;p=4216"},"modified":"2024-06-19T04:30:49","modified_gmt":"2024-06-19T02:30:49","slug":"lenovo-v145","status":"publish","type":"product","link":"https:\/\/videom.it\/blog\/shop\/lenovo-v145\/","title":{"rendered":"Lenovo V145-15AST"},"content":{"rendered":"<p>Notebook Essential\u00a0 Lenovo V145 -15AST con Processore : AMD A4-9125 Dual Core, 2.3 GHz frequenza turbo massima 2.6 GHz. <a href=\"https:\/\/it.wikipedia.org\/wiki\/RAM\" target=\"_blank\" rel=\"noopener noreferrer\">Ram<\/a> : 4 GB, DDR4-SDRAM. Ram massima supportata : 8 GB. Storage : 256 GB (Solid State Disk). Scheda grafica integrata : AMD Radeon R3. Fotocamera frontale 0.3 MP. Connettivit\u00e0 Wireless LAN 802.11a, 802.11b, 802.11g, Wi-Fi 4 (802.11n), Wi-Fi 5 (802.11ac) e Bluetooth 4.1. Porte: 2x USB 3.0 Gen 1 (3.1 Gen 1) di tipo A, 1x HDMI, 1x Ethernet LAN (RJ-45), Jack combinato per microfono \/ auricolare. Sistema operativo : Free Dos. Monitor da 15.6&#8243; LED con risoluzione 1366 x 768 Pixel HD. Bateria Polimero di litio (LiPo) a 2 celle con capacit\u00e0 della batteria 30 Wh. Durata della Batteria 5 Ore.<\/p>\n<p>Pertanto la memoria risulta abbastanza spazioso per chi ha particolari esigenze di archiviazione. Sul <strong>Lenovo V145 <\/strong>\u00e8 assicurata la presenza minima indispensabile di tutte le porte necessarie. Compresa un&#8217;uscita video HDMI. Due porte USB e un&#8217;unit\u00e0 ottica DVD per effettuare backup o leggere dati su disco. L&#8217;autonomia della batteria \u00e8 dichiarata dall&#8217;azienda in cinque ore. Fatta eccezione di particolari modalit\u00e0 di utilizzo che richiedano pi\u00f9 risorse. Altres\u00ec il notebook dispone di webcam e microfono integrato. Questo per consentire un facile accesso a videochiamate o riunioni di lavoro a distanza.<strong><br \/>\n<\/strong><\/p>\n<p><strong>Disponibile in consegna immediata nel nostro Store.\u00a0 VideoMusic\u00a0 in Vle della Libert\u00e0 22 a Trebisacce (Cs) &#8211; 098158459 \/ 51519 &#8211; 3518188174 &#8211; info@videom.it<\/strong><\/p>\n<p><strong>CONSEGNA IN TUTTA ITALIA<\/strong><\/p>\n<p><a href=\"https:\/\/i0.wp.com\/videom.it\/blog\/wp-content\/uploads\/2020\/05\/consegna-gratuita-GRAT.jpg\"><img data-recalc-dims=\"1\" decoding=\"async\" class=\"alignnone size-medium wp-image-4221\" src=\"https:\/\/i0.wp.com\/videom.it\/blog\/wp-content\/uploads\/2020\/05\/consegna-gratuita-GRAT-300x108.jpg?resize=300%2C108\" alt=\"lenovo v145\" width=\"300\" height=\"108\" \/><\/a> <a href=\"https:\/\/i0.wp.com\/videom.it\/blog\/wp-content\/uploads\/2020\/01\/Logo-Videomusic-Blog1.jpg\"><img data-recalc-dims=\"1\" decoding=\"async\" class=\"alignnone size-medium wp-image-3983\" src=\"https:\/\/i0.wp.com\/videom.it\/blog\/wp-content\/uploads\/2020\/01\/Logo-Videomusic-Blog1-300x74.jpg?resize=300%2C74\" alt=\"\" width=\"300\" height=\"74\" srcset=\"https:\/\/i0.wp.com\/videom.it\/blog\/wp-content\/uploads\/2020\/01\/Logo-Videomusic-Blog1.jpg?resize=300%2C74&amp;ssl=1 300w, https:\/\/i0.wp.com\/videom.it\/blog\/wp-content\/uploads\/2020\/01\/Logo-Videomusic-Blog1.jpg?resize=1024%2C252&amp;ssl=1 1024w, https:\/\/i0.wp.com\/videom.it\/blog\/wp-content\/uploads\/2020\/01\/Logo-Videomusic-Blog1.jpg?resize=768%2C189&amp;ssl=1 768w, https:\/\/i0.wp.com\/videom.it\/blog\/wp-content\/uploads\/2020\/01\/Logo-Videomusic-Blog1.jpg?resize=1536%2C379&amp;ssl=1 1536w, https:\/\/i0.wp.com\/videom.it\/blog\/wp-content\/uploads\/2020\/01\/Logo-Videomusic-Blog1.jpg?resize=100%2C25&amp;ssl=1 100w, https:\/\/i0.wp.com\/videom.it\/blog\/wp-content\/uploads\/2020\/01\/Logo-Videomusic-Blog1.jpg?resize=150%2C37&amp;ssl=1 150w, https:\/\/i0.wp.com\/videom.it\/blog\/wp-content\/uploads\/2020\/01\/Logo-Videomusic-Blog1.jpg?resize=200%2C49&amp;ssl=1 200w, https:\/\/i0.wp.com\/videom.it\/blog\/wp-content\/uploads\/2020\/01\/Logo-Videomusic-Blog1.jpg?resize=450%2C111&amp;ssl=1 450w, https:\/\/i0.wp.com\/videom.it\/blog\/wp-content\/uploads\/2020\/01\/Logo-Videomusic-Blog1.jpg?resize=600%2C148&amp;ssl=1 600w, https:\/\/i0.wp.com\/videom.it\/blog\/wp-content\/uploads\/2020\/01\/Logo-Videomusic-Blog1.jpg?resize=900%2C222&amp;ssl=1 900w, https:\/\/i0.wp.com\/videom.it\/blog\/wp-content\/uploads\/2020\/01\/Logo-Videomusic-Blog1.jpg?w=1712&amp;ssl=1 1712w\" sizes=\"(max-width: 300px) 100vw, 300px\" \/><\/a> <a href=\"https:\/\/i0.wp.com\/videom.it\/blog\/wp-content\/uploads\/2020\/10\/Imma-da-usar-on-line-b.jpg?ssl=1\"><img data-recalc-dims=\"1\" fetchpriority=\"high\" decoding=\"async\" class=\"alignnone wp-image-4732\" src=\"https:\/\/i0.wp.com\/videom.it\/blog\/wp-content\/uploads\/2020\/10\/Imma-da-usar-on-line-b-1024x534.jpg?resize=325%2C169&#038;ssl=1\" alt=\"\" width=\"325\" height=\"169\" \/><\/a><\/p>\n","protected":false},"excerpt":{"rendered":"<ul>\n<li>Processore : AMD A4-9125 Dual Core, 2.3 GHz frequenza turbo massima 2.6 GHz.<\/li>\n<li>Ram : 4 GB, DDR4-SDRAM. Ram massima supportata : 8 GB.<\/li>\n<li>Storage : 256 GB (Solid State Disk).<\/li>\n<li>Scheda grafica integrata : AMD Radeon R3.<\/li>\n<li>Fotocamera frontale 0.3 MP.<\/li>\n<li>Connettivit\u00e0 Wireless e Bluetooth 4.1. Porte: 2x USB 3.0, 1x HDMI, 1x Ethernet LAN (RJ-45),<\/li>\n<li>Jack combinato per microfono \/ auricolare.<\/li>\n<li>Monitor da 15.6&#8243; LED con risoluzione 1366 x 768 Pixel HD.<\/li>\n<li>Batteria Polimero di litio (LiPo) a 2 celle con capacit\u00e0 della batteria 30 Wh. Durata della Batteria 5 Ore.<\/li>\n<\/ul>\n","protected":false},"featured_media":4217,"comment_status":"open","ping_status":"closed","template":"","meta":{"jetpack_post_was_ever_published":false,"jetpack_publicize_message":"","jetpack_publicize_feature_enabled":true,"jetpack_social_post_already_shared":true,"jetpack_social_options":{"image_generator_settings":{"template":"highway","default_image_id":0,"font":"","enabled":false},"version":2}},"product_brand":[],"product_cat":[206],"product_tag":[50,207,211,208],"class_list":{"0":"post-4216","1":"product","2":"type-product","3":"status-publish","4":"has-post-thumbnail","6":"product_cat-informatica","7":"product_tag-accessori","8":"product_tag-informatica","9":"product_tag-notebook","10":"product_tag-stampante","12":"first","13":"outofstock","14":"sale","15":"sold-individually","16":"taxable","17":"shipping-taxable","18":"purchasable","19":"product-type-simple"},"yoast_head":"<!-- This site is optimized with the Yoast SEO plugin v27.4 - https:\/\/yoast.com\/product\/yoast-seo-wordpress\/ -->\n<title>Lenovo V145-15AST<\/title>\n<meta name=\"description\" content=\"Il notebook\u00a0Lenovo V145 -15AST\u00a0\u00e8 un\u00a0computer portatile Lenovo\u00a0dal prezzo estremamente contenuto e fornito con\u00a0sistema operativo Windows 10\" \/>\n<meta name=\"robots\" content=\"index, follow, max-snippet:-1, max-image-preview:large, max-video-preview:-1\" \/>\n<link rel=\"canonical\" href=\"https:\/\/videom.it\/blog\/shop\/lenovo-v145\/\" \/>\n<meta property=\"og:locale\" content=\"it_IT\" \/>\n<meta property=\"og:type\" content=\"article\" \/>\n<meta property=\"og:title\" content=\"Notebook Lenovo V145 15,6 Pollici - Consegna immediata\" \/>\n<meta property=\"og:description\" content=\"Schermo da 15,6 pollici Processore: AMD A4-9125 Risoluzione schermo: 1366x768 pixel Hard disk da 500 GB Scheda video: Radeon R3 integrata webcam e microfono integrato\" \/>\n<meta property=\"og:url\" content=\"https:\/\/videom.it\/blog\/shop\/lenovo-v145\/\" \/>\n<meta property=\"og:site_name\" content=\"VideoMusic\" \/>\n<meta property=\"article:publisher\" content=\"https:\/\/www.facebook.com\/videomusiccava.trebisacce\" \/>\n<meta property=\"article:modified_time\" content=\"2024-06-19T02:30:49+00:00\" \/>\n<meta property=\"og:image\" content=\"https:\/\/i2.wp.com\/videom.it\/blog\/wp-content\/uploads\/2020\/05\/lenovo-laptop-v145-15.jpg?fit=800%2C800&ssl=1\" \/>\n\t<meta property=\"og:image:width\" content=\"800\" \/>\n\t<meta property=\"og:image:height\" content=\"800\" \/>\n\t<meta property=\"og:image:type\" content=\"image\/jpeg\" \/>\n<meta name=\"twitter:label1\" content=\"Tempo di lettura stimato\" \/>\n\t<meta name=\"twitter:data1\" content=\"1 minuto\" \/>\n<script type=\"application\/ld+json\" class=\"yoast-schema-graph\">{\"@context\":\"https:\\\/\\\/schema.org\",\"@graph\":[{\"@type\":\"WebPage\",\"@id\":\"https:\\\/\\\/videom.it\\\/blog\\\/shop\\\/lenovo-v145\\\/\",\"url\":\"https:\\\/\\\/videom.it\\\/blog\\\/shop\\\/lenovo-v145\\\/\",\"name\":\"Lenovo V145-15AST\",\"isPartOf\":{\"@id\":\"https:\\\/\\\/videom.it\\\/blog\\\/#website\"},\"primaryImageOfPage\":{\"@id\":\"https:\\\/\\\/videom.it\\\/blog\\\/shop\\\/lenovo-v145\\\/#primaryimage\"},\"image\":{\"@id\":\"https:\\\/\\\/videom.it\\\/blog\\\/shop\\\/lenovo-v145\\\/#primaryimage\"},\"thumbnailUrl\":\"https:\\\/\\\/i0.wp.com\\\/videom.it\\\/blog\\\/wp-content\\\/uploads\\\/2020\\\/05\\\/lenovo-laptop-v145-15-a.jpg?fit=800%2C800&ssl=1\",\"datePublished\":\"2020-05-02T10:42:39+00:00\",\"dateModified\":\"2024-06-19T02:30:49+00:00\",\"description\":\"Il notebook\u00a0Lenovo V145 -15AST\u00a0\u00e8 un\u00a0computer portatile Lenovo\u00a0dal prezzo estremamente contenuto e fornito con\u00a0sistema operativo Windows 10\",\"breadcrumb\":{\"@id\":\"https:\\\/\\\/videom.it\\\/blog\\\/shop\\\/lenovo-v145\\\/#breadcrumb\"},\"inLanguage\":\"it-IT\",\"potentialAction\":[{\"@type\":\"ReadAction\",\"target\":[\"https:\\\/\\\/videom.it\\\/blog\\\/shop\\\/lenovo-v145\\\/\"]}]},{\"@type\":\"ImageObject\",\"inLanguage\":\"it-IT\",\"@id\":\"https:\\\/\\\/videom.it\\\/blog\\\/shop\\\/lenovo-v145\\\/#primaryimage\",\"url\":\"https:\\\/\\\/i0.wp.com\\\/videom.it\\\/blog\\\/wp-content\\\/uploads\\\/2020\\\/05\\\/lenovo-laptop-v145-15-a.jpg?fit=800%2C800&ssl=1\",\"contentUrl\":\"https:\\\/\\\/i0.wp.com\\\/videom.it\\\/blog\\\/wp-content\\\/uploads\\\/2020\\\/05\\\/lenovo-laptop-v145-15-a.jpg?fit=800%2C800&ssl=1\",\"width\":800,\"height\":800},{\"@type\":\"BreadcrumbList\",\"@id\":\"https:\\\/\\\/videom.it\\\/blog\\\/shop\\\/lenovo-v145\\\/#breadcrumb\",\"itemListElement\":[{\"@type\":\"ListItem\",\"position\":1,\"name\":\"Home\",\"item\":\"https:\\\/\\\/videom.it\\\/blog\\\/\"},{\"@type\":\"ListItem\",\"position\":2,\"name\":\"Shop\",\"item\":\"https:\\\/\\\/videom.it\\\/blog\\\/shop\\\/\"},{\"@type\":\"ListItem\",\"position\":3,\"name\":\"Lenovo V145-15AST\"}]},{\"@type\":\"WebSite\",\"@id\":\"https:\\\/\\\/videom.it\\\/blog\\\/#website\",\"url\":\"https:\\\/\\\/videom.it\\\/blog\\\/\",\"name\":\"VideoMusic\",\"description\":\"Luce &amp; Gas - Assicurazioni - Riparazioni\",\"publisher\":{\"@id\":\"https:\\\/\\\/videom.it\\\/blog\\\/#organization\"},\"potentialAction\":[{\"@type\":\"SearchAction\",\"target\":{\"@type\":\"EntryPoint\",\"urlTemplate\":\"https:\\\/\\\/videom.it\\\/blog\\\/?s={search_term_string}\"},\"query-input\":{\"@type\":\"PropertyValueSpecification\",\"valueRequired\":true,\"valueName\":\"search_term_string\"}}],\"inLanguage\":\"it-IT\"},{\"@type\":\"Organization\",\"@id\":\"https:\\\/\\\/videom.it\\\/blog\\\/#organization\",\"name\":\"VideoMusic\",\"url\":\"https:\\\/\\\/videom.it\\\/blog\\\/\",\"logo\":{\"@type\":\"ImageObject\",\"inLanguage\":\"it-IT\",\"@id\":\"https:\\\/\\\/videom.it\\\/blog\\\/#\\\/schema\\\/logo\\\/image\\\/\",\"url\":\"https:\\\/\\\/i2.wp.com\\\/videom.it\\\/blog\\\/wp-content\\\/uploads\\\/2015\\\/04\\\/25th-giallo-3.jpg?fit=1300%2C1192&ssl=1\",\"contentUrl\":\"https:\\\/\\\/i2.wp.com\\\/videom.it\\\/blog\\\/wp-content\\\/uploads\\\/2015\\\/04\\\/25th-giallo-3.jpg?fit=1300%2C1192&ssl=1\",\"width\":1300,\"height\":1192,\"caption\":\"VideoMusic\"},\"image\":{\"@id\":\"https:\\\/\\\/videom.it\\\/blog\\\/#\\\/schema\\\/logo\\\/image\\\/\"},\"sameAs\":[\"https:\\\/\\\/www.facebook.com\\\/videomusiccava.trebisacce\",\"https:\\\/\\\/x.com\\\/vbcava\",\"https:\\\/\\\/www.youtube.com\\\/channel\\\/UCgNxnZpk2zqHaIcIxF3swOA\"]}]}<\/script>\n<!-- \/ Yoast SEO plugin. -->","yoast_head_json":{"title":"Lenovo V145-15AST","description":"Il notebook\u00a0Lenovo V145 -15AST\u00a0\u00e8 un\u00a0computer portatile Lenovo\u00a0dal prezzo estremamente contenuto e fornito con\u00a0sistema operativo Windows 10","robots":{"index":"index","follow":"follow","max-snippet":"max-snippet:-1","max-image-preview":"max-image-preview:large","max-video-preview":"max-video-preview:-1"},"canonical":"https:\/\/videom.it\/blog\/shop\/lenovo-v145\/","og_locale":"it_IT","og_type":"article","og_title":"Notebook Lenovo V145 15,6 Pollici - Consegna immediata","og_description":"Schermo da 15,6 pollici Processore: AMD A4-9125 Risoluzione schermo: 1366x768 pixel Hard disk da 500 GB Scheda video: Radeon R3 integrata webcam e microfono integrato","og_url":"https:\/\/videom.it\/blog\/shop\/lenovo-v145\/","og_site_name":"VideoMusic","article_publisher":"https:\/\/www.facebook.com\/videomusiccava.trebisacce","article_modified_time":"2024-06-19T02:30:49+00:00","og_image":[{"width":800,"height":800,"url":"https:\/\/i2.wp.com\/videom.it\/blog\/wp-content\/uploads\/2020\/05\/lenovo-laptop-v145-15.jpg?fit=800%2C800&ssl=1","type":"image\/jpeg"}],"twitter_misc":{"Tempo di lettura stimato":"1 minuto"},"schema":{"@context":"https:\/\/schema.org","@graph":[{"@type":"WebPage","@id":"https:\/\/videom.it\/blog\/shop\/lenovo-v145\/","url":"https:\/\/videom.it\/blog\/shop\/lenovo-v145\/","name":"Lenovo V145-15AST","isPartOf":{"@id":"https:\/\/videom.it\/blog\/#website"},"primaryImageOfPage":{"@id":"https:\/\/videom.it\/blog\/shop\/lenovo-v145\/#primaryimage"},"image":{"@id":"https:\/\/videom.it\/blog\/shop\/lenovo-v145\/#primaryimage"},"thumbnailUrl":"https:\/\/i0.wp.com\/videom.it\/blog\/wp-content\/uploads\/2020\/05\/lenovo-laptop-v145-15-a.jpg?fit=800%2C800&ssl=1","datePublished":"2020-05-02T10:42:39+00:00","dateModified":"2024-06-19T02:30:49+00:00","description":"Il notebook\u00a0Lenovo V145 -15AST\u00a0\u00e8 un\u00a0computer portatile Lenovo\u00a0dal prezzo estremamente contenuto e fornito con\u00a0sistema operativo Windows 10","breadcrumb":{"@id":"https:\/\/videom.it\/blog\/shop\/lenovo-v145\/#breadcrumb"},"inLanguage":"it-IT","potentialAction":[{"@type":"ReadAction","target":["https:\/\/videom.it\/blog\/shop\/lenovo-v145\/"]}]},{"@type":"ImageObject","inLanguage":"it-IT","@id":"https:\/\/videom.it\/blog\/shop\/lenovo-v145\/#primaryimage","url":"https:\/\/i0.wp.com\/videom.it\/blog\/wp-content\/uploads\/2020\/05\/lenovo-laptop-v145-15-a.jpg?fit=800%2C800&ssl=1","contentUrl":"https:\/\/i0.wp.com\/videom.it\/blog\/wp-content\/uploads\/2020\/05\/lenovo-laptop-v145-15-a.jpg?fit=800%2C800&ssl=1","width":800,"height":800},{"@type":"BreadcrumbList","@id":"https:\/\/videom.it\/blog\/shop\/lenovo-v145\/#breadcrumb","itemListElement":[{"@type":"ListItem","position":1,"name":"Home","item":"https:\/\/videom.it\/blog\/"},{"@type":"ListItem","position":2,"name":"Shop","item":"https:\/\/videom.it\/blog\/shop\/"},{"@type":"ListItem","position":3,"name":"Lenovo V145-15AST"}]},{"@type":"WebSite","@id":"https:\/\/videom.it\/blog\/#website","url":"https:\/\/videom.it\/blog\/","name":"VideoMusic","description":"Luce &amp; Gas - Assicurazioni - Riparazioni","publisher":{"@id":"https:\/\/videom.it\/blog\/#organization"},"potentialAction":[{"@type":"SearchAction","target":{"@type":"EntryPoint","urlTemplate":"https:\/\/videom.it\/blog\/?s={search_term_string}"},"query-input":{"@type":"PropertyValueSpecification","valueRequired":true,"valueName":"search_term_string"}}],"inLanguage":"it-IT"},{"@type":"Organization","@id":"https:\/\/videom.it\/blog\/#organization","name":"VideoMusic","url":"https:\/\/videom.it\/blog\/","logo":{"@type":"ImageObject","inLanguage":"it-IT","@id":"https:\/\/videom.it\/blog\/#\/schema\/logo\/image\/","url":"https:\/\/i2.wp.com\/videom.it\/blog\/wp-content\/uploads\/2015\/04\/25th-giallo-3.jpg?fit=1300%2C1192&ssl=1","contentUrl":"https:\/\/i2.wp.com\/videom.it\/blog\/wp-content\/uploads\/2015\/04\/25th-giallo-3.jpg?fit=1300%2C1192&ssl=1","width":1300,"height":1192,"caption":"VideoMusic"},"image":{"@id":"https:\/\/videom.it\/blog\/#\/schema\/logo\/image\/"},"sameAs":["https:\/\/www.facebook.com\/videomusiccava.trebisacce","https:\/\/x.com\/vbcava","https:\/\/www.youtube.com\/channel\/UCgNxnZpk2zqHaIcIxF3swOA"]}]}},"jetpack_publicize_connections":[],"jetpack_sharing_enabled":true,"_links":{"self":[{"href":"https:\/\/videom.it\/blog\/wp-json\/wp\/v2\/product\/4216","targetHints":{"allow":["GET"]}}],"collection":[{"href":"https:\/\/videom.it\/blog\/wp-json\/wp\/v2\/product"}],"about":[{"href":"https:\/\/videom.it\/blog\/wp-json\/wp\/v2\/types\/product"}],"replies":[{"embeddable":true,"href":"https:\/\/videom.it\/blog\/wp-json\/wp\/v2\/comments?post=4216"}],"wp:featuredmedia":[{"embeddable":true,"href":"https:\/\/videom.it\/blog\/wp-json\/wp\/v2\/media\/4217"}],"wp:attachment":[{"href":"https:\/\/videom.it\/blog\/wp-json\/wp\/v2\/media?parent=4216"}],"wp:term":[{"taxonomy":"product_brand","embeddable":true,"href":"https:\/\/videom.it\/blog\/wp-json\/wp\/v2\/product_brand?post=4216"},{"taxonomy":"product_cat","embeddable":true,"href":"https:\/\/videom.it\/blog\/wp-json\/wp\/v2\/product_cat?post=4216"},{"taxonomy":"product_tag","embeddable":true,"href":"https:\/\/videom.it\/blog\/wp-json\/wp\/v2\/product_tag?post=4216"}],"curies":[{"name":"wp","href":"https:\/\/api.w.org\/{rel}","templated":true}]}}