{"id":3899,"date":"2019-12-05T19:39:24","date_gmt":"2019-12-05T18:39:24","guid":{"rendered":"http:\/\/videom.it\/blog\/?post_type=product&#038;p=3899"},"modified":"2024-04-13T18:32:32","modified_gmt":"2024-04-13T16:32:32","slug":"airpods-pro-apple-2019","status":"publish","type":"product","link":"https:\/\/videom.it\/blog\/shop\/airpods-pro-apple-2019\/","title":{"rendered":"AirPods PRO Apple 2019"},"content":{"rendered":"<p>Nuovi AirPods Pro. Qualcuno ne discute la forma, qualcuno il costo, qualcuno la qualit\u00e0 dell\u2019audio. Ma non c\u2019\u00e8 alcun dubbio che gli AirPods fin dal momento della loro prima apparizione, avvenuta nel 2017, hanno segnato e poi cambiato il mercato. Prima sono stati gli auricolari full <strong><a href=\"https:\/\/it.wikipedia.org\/wiki\/Wireless\" target=\"_blank\" rel=\"noopener noreferrer\">wireless<\/a> <\/strong>pi\u00f9 venduti, poi gli auricolari in assoluto pi\u00f9 venduti. Questo nonostante molti tentativi di imitazione (alcune anche spudorati).<\/p>\n<p>A distanza di due anni dal debutto e circa sei mesi da un piccolo\u00a0refresh costituito <strong><a href=\"http:\/\/videom.it\/blog\/shop\/airpods-auricolari\/\" target=\"_blank\" rel=\"noopener noreferrer\">dagli AirPods 2<\/a><\/strong>,\u00a0c\u2019era per\u00f2 bisogno di qualche cosa di veramente nuovo per continuare a dominare questo settore. Questo \u201cnuovo\u201d sono gli Airpods Pro,\u00a0lanciati alcuni giorni fa\u00a0e che rappresentano una rivoluzione rispetto all\u2019originale.<\/p>\n<p>Pur partendo dalla stessa piattaforma e dallo stesso concetto, un accessorio iconico e diverso da tutti gli altri concorrenti.\u00a0 Perfetto per iPhone, introducono una funzione molto richiesta, la soppressione attiva del rumore. Rimediano ad una delle caratteristiche pi\u00f9 discutibili, la stabilit\u00e0 e comodit\u00e0 non ottimali per l\u2019assenza di inserti auricolari precedenti. Gli AirPods Pro si annunciano cos\u00ec come gli \u201cauricolari full wireless perfetti\u201d. Hanno tutto quello che avevano gli AirPods originali con in pi\u00f9 una efficiente soppressione attiva del rumore e una qualit\u00e0 dell\u2019ascolto significativamente migliore.<\/p>\n","protected":false},"excerpt":{"rendered":"<ul class=\"a-unordered-list a-vertical a-spacing-none\">\n<li><span class=\"a-list-item\">Cancellazione attiva del rumore per immergerti nel suono<\/span><\/li>\n<li><span class=\"a-list-item\">Modalit\u00e0 trasparenza per ascoltare il mondo intorno a te<\/span><\/li>\n<li><span class=\"a-list-item\">Affusolati cuscinetti in tre taglie, realizzati in morbido silicone, per un comfort su misura<\/span><\/li>\n<li><span class=\"a-list-item\">Resistenti all&#8217;acqua e al sudore<\/span><\/li>\n<li><span class=\"a-list-item\">Equalizzazione adattiva che regola automaticamente la musica in base alla forma del tuo orecchio<\/span><\/li>\n<li><span class=\"a-list-item\">Setup semplicissimo su tutti i dispositivi apple<\/span><\/li>\n<li><span class=\"a-list-item\">Attivazione rapida di siri con il comando \u201cehi siri\u201d<\/span><\/li>\n<li><span class=\"a-list-item\">Custodia di ricarica wireless per oltre 24 ore di autonomi<\/span><\/li>\n<\/ul>\n","protected":false},"featured_media":3905,"comment_status":"open","ping_status":"closed","template":"","meta":{"jetpack_post_was_ever_published":false,"jetpack_publicize_message":"","jetpack_publicize_feature_enabled":true,"jetpack_social_post_already_shared":true,"jetpack_social_options":{"image_generator_settings":{"template":"highway","default_image_id":0,"font":"","enabled":false},"version":2}},"product_brand":[],"product_cat":[66,67],"product_tag":[200,21,181,20],"class_list":{"0":"post-3899","1":"product","2":"type-product","3":"status-publish","4":"has-post-thumbnail","6":"product_cat-accessori","7":"product_cat-apple","8":"product_tag-airpod","9":"product_tag-apple","10":"product_tag-auricolari","11":"product_tag-iphone","13":"first","14":"instock","15":"sale","16":"taxable","17":"shipping-taxable","18":"purchasable","19":"product-type-simple"},"yoast_head":"<!-- This site is optimized with the Yoast SEO plugin v27.4 - https:\/\/yoast.com\/product\/yoast-seo-wordpress\/ -->\n<title>AirPods PRO Apple 2019<\/title>\n<meta name=\"description\" content=\"Gli AirPods Pro si annunciano come gli \u201cauricolari full wireless perfetti\u201d. Hanno tutto quello che avevano gli AirPods con in pi\u00f9 una efficiente ....\" \/>\n<meta name=\"robots\" content=\"index, follow, max-snippet:-1, max-image-preview:large, max-video-preview:-1\" \/>\n<link rel=\"canonical\" href=\"https:\/\/videom.it\/blog\/shop\/airpods-pro-apple-2019\/\" \/>\n<meta property=\"og:locale\" content=\"it_IT\" \/>\n<meta property=\"og:type\" content=\"article\" \/>\n<meta property=\"og:title\" content=\"AirPods PRO Apple 2019\" \/>\n<meta property=\"og:description\" content=\"Gli AirPods Pro si annunciano come gli \u201cauricolari full wireless perfetti\u201d. Hanno tutto quello che avevano gli AirPods con in pi\u00f9 una efficiente ....\" \/>\n<meta property=\"og:url\" content=\"https:\/\/videom.it\/blog\/shop\/airpods-pro-apple-2019\/\" \/>\n<meta property=\"og:site_name\" content=\"VideoMusic\" \/>\n<meta property=\"article:publisher\" content=\"https:\/\/www.facebook.com\/videomusiccava.trebisacce\" \/>\n<meta property=\"article:modified_time\" content=\"2024-04-13T16:32:32+00:00\" \/>\n<meta property=\"og:image\" content=\"https:\/\/i0.wp.com\/videom.it\/blog\/wp-content\/uploads\/2019\/12\/airpodpro-i.jpg?fit=800%2C800&ssl=1\" \/>\n\t<meta property=\"og:image:width\" content=\"800\" \/>\n\t<meta property=\"og:image:height\" content=\"800\" \/>\n\t<meta property=\"og:image:type\" content=\"image\/jpeg\" \/>\n<meta name=\"twitter:label1\" content=\"Tempo di lettura stimato\" \/>\n\t<meta name=\"twitter:data1\" content=\"1 minuto\" \/>\n<script type=\"application\/ld+json\" class=\"yoast-schema-graph\">{\"@context\":\"https:\\\/\\\/schema.org\",\"@graph\":[{\"@type\":\"WebPage\",\"@id\":\"https:\\\/\\\/videom.it\\\/blog\\\/shop\\\/airpods-pro-apple-2019\\\/\",\"url\":\"https:\\\/\\\/videom.it\\\/blog\\\/shop\\\/airpods-pro-apple-2019\\\/\",\"name\":\"AirPods PRO Apple 2019\",\"isPartOf\":{\"@id\":\"https:\\\/\\\/videom.it\\\/blog\\\/#website\"},\"primaryImageOfPage\":{\"@id\":\"https:\\\/\\\/videom.it\\\/blog\\\/shop\\\/airpods-pro-apple-2019\\\/#primaryimage\"},\"image\":{\"@id\":\"https:\\\/\\\/videom.it\\\/blog\\\/shop\\\/airpods-pro-apple-2019\\\/#primaryimage\"},\"thumbnailUrl\":\"https:\\\/\\\/i0.wp.com\\\/videom.it\\\/blog\\\/wp-content\\\/uploads\\\/2019\\\/12\\\/airpodpro-i.jpg?fit=800%2C800&ssl=1\",\"datePublished\":\"2019-12-05T18:39:24+00:00\",\"dateModified\":\"2024-04-13T16:32:32+00:00\",\"description\":\"Gli AirPods Pro si annunciano come gli \u201cauricolari full wireless perfetti\u201d. Hanno tutto quello che avevano gli AirPods con in pi\u00f9 una efficiente ....\",\"breadcrumb\":{\"@id\":\"https:\\\/\\\/videom.it\\\/blog\\\/shop\\\/airpods-pro-apple-2019\\\/#breadcrumb\"},\"inLanguage\":\"it-IT\",\"potentialAction\":[{\"@type\":\"ReadAction\",\"target\":[\"https:\\\/\\\/videom.it\\\/blog\\\/shop\\\/airpods-pro-apple-2019\\\/\"]}]},{\"@type\":\"ImageObject\",\"inLanguage\":\"it-IT\",\"@id\":\"https:\\\/\\\/videom.it\\\/blog\\\/shop\\\/airpods-pro-apple-2019\\\/#primaryimage\",\"url\":\"https:\\\/\\\/i0.wp.com\\\/videom.it\\\/blog\\\/wp-content\\\/uploads\\\/2019\\\/12\\\/airpodpro-i.jpg?fit=800%2C800&ssl=1\",\"contentUrl\":\"https:\\\/\\\/i0.wp.com\\\/videom.it\\\/blog\\\/wp-content\\\/uploads\\\/2019\\\/12\\\/airpodpro-i.jpg?fit=800%2C800&ssl=1\",\"width\":800,\"height\":800},{\"@type\":\"BreadcrumbList\",\"@id\":\"https:\\\/\\\/videom.it\\\/blog\\\/shop\\\/airpods-pro-apple-2019\\\/#breadcrumb\",\"itemListElement\":[{\"@type\":\"ListItem\",\"position\":1,\"name\":\"Home\",\"item\":\"https:\\\/\\\/videom.it\\\/blog\\\/\"},{\"@type\":\"ListItem\",\"position\":2,\"name\":\"Shop\",\"item\":\"https:\\\/\\\/videom.it\\\/blog\\\/shop\\\/\"},{\"@type\":\"ListItem\",\"position\":3,\"name\":\"AirPods PRO Apple 2019\"}]},{\"@type\":\"WebSite\",\"@id\":\"https:\\\/\\\/videom.it\\\/blog\\\/#website\",\"url\":\"https:\\\/\\\/videom.it\\\/blog\\\/\",\"name\":\"VideoMusic\",\"description\":\"Luce &amp; Gas - Assicurazioni - Riparazioni\",\"publisher\":{\"@id\":\"https:\\\/\\\/videom.it\\\/blog\\\/#organization\"},\"potentialAction\":[{\"@type\":\"SearchAction\",\"target\":{\"@type\":\"EntryPoint\",\"urlTemplate\":\"https:\\\/\\\/videom.it\\\/blog\\\/?s={search_term_string}\"},\"query-input\":{\"@type\":\"PropertyValueSpecification\",\"valueRequired\":true,\"valueName\":\"search_term_string\"}}],\"inLanguage\":\"it-IT\"},{\"@type\":\"Organization\",\"@id\":\"https:\\\/\\\/videom.it\\\/blog\\\/#organization\",\"name\":\"VideoMusic\",\"url\":\"https:\\\/\\\/videom.it\\\/blog\\\/\",\"logo\":{\"@type\":\"ImageObject\",\"inLanguage\":\"it-IT\",\"@id\":\"https:\\\/\\\/videom.it\\\/blog\\\/#\\\/schema\\\/logo\\\/image\\\/\",\"url\":\"https:\\\/\\\/i2.wp.com\\\/videom.it\\\/blog\\\/wp-content\\\/uploads\\\/2015\\\/04\\\/25th-giallo-3.jpg?fit=1300%2C1192&ssl=1\",\"contentUrl\":\"https:\\\/\\\/i2.wp.com\\\/videom.it\\\/blog\\\/wp-content\\\/uploads\\\/2015\\\/04\\\/25th-giallo-3.jpg?fit=1300%2C1192&ssl=1\",\"width\":1300,\"height\":1192,\"caption\":\"VideoMusic\"},\"image\":{\"@id\":\"https:\\\/\\\/videom.it\\\/blog\\\/#\\\/schema\\\/logo\\\/image\\\/\"},\"sameAs\":[\"https:\\\/\\\/www.facebook.com\\\/videomusiccava.trebisacce\",\"https:\\\/\\\/x.com\\\/vbcava\",\"https:\\\/\\\/www.youtube.com\\\/channel\\\/UCgNxnZpk2zqHaIcIxF3swOA\"]}]}<\/script>\n<!-- \/ Yoast SEO plugin. -->","yoast_head_json":{"title":"AirPods PRO Apple 2019","description":"Gli AirPods Pro si annunciano come gli \u201cauricolari full wireless perfetti\u201d. Hanno tutto quello che avevano gli AirPods con in pi\u00f9 una efficiente ....","robots":{"index":"index","follow":"follow","max-snippet":"max-snippet:-1","max-image-preview":"max-image-preview:large","max-video-preview":"max-video-preview:-1"},"canonical":"https:\/\/videom.it\/blog\/shop\/airpods-pro-apple-2019\/","og_locale":"it_IT","og_type":"article","og_title":"AirPods PRO Apple 2019","og_description":"Gli AirPods Pro si annunciano come gli \u201cauricolari full wireless perfetti\u201d. Hanno tutto quello che avevano gli AirPods con in pi\u00f9 una efficiente ....","og_url":"https:\/\/videom.it\/blog\/shop\/airpods-pro-apple-2019\/","og_site_name":"VideoMusic","article_publisher":"https:\/\/www.facebook.com\/videomusiccava.trebisacce","article_modified_time":"2024-04-13T16:32:32+00:00","og_image":[{"width":800,"height":800,"url":"https:\/\/i0.wp.com\/videom.it\/blog\/wp-content\/uploads\/2019\/12\/airpodpro-i.jpg?fit=800%2C800&ssl=1","type":"image\/jpeg"}],"twitter_misc":{"Tempo di lettura stimato":"1 minuto"},"schema":{"@context":"https:\/\/schema.org","@graph":[{"@type":"WebPage","@id":"https:\/\/videom.it\/blog\/shop\/airpods-pro-apple-2019\/","url":"https:\/\/videom.it\/blog\/shop\/airpods-pro-apple-2019\/","name":"AirPods PRO Apple 2019","isPartOf":{"@id":"https:\/\/videom.it\/blog\/#website"},"primaryImageOfPage":{"@id":"https:\/\/videom.it\/blog\/shop\/airpods-pro-apple-2019\/#primaryimage"},"image":{"@id":"https:\/\/videom.it\/blog\/shop\/airpods-pro-apple-2019\/#primaryimage"},"thumbnailUrl":"https:\/\/i0.wp.com\/videom.it\/blog\/wp-content\/uploads\/2019\/12\/airpodpro-i.jpg?fit=800%2C800&ssl=1","datePublished":"2019-12-05T18:39:24+00:00","dateModified":"2024-04-13T16:32:32+00:00","description":"Gli AirPods Pro si annunciano come gli \u201cauricolari full wireless perfetti\u201d. Hanno tutto quello che avevano gli AirPods con in pi\u00f9 una efficiente ....","breadcrumb":{"@id":"https:\/\/videom.it\/blog\/shop\/airpods-pro-apple-2019\/#breadcrumb"},"inLanguage":"it-IT","potentialAction":[{"@type":"ReadAction","target":["https:\/\/videom.it\/blog\/shop\/airpods-pro-apple-2019\/"]}]},{"@type":"ImageObject","inLanguage":"it-IT","@id":"https:\/\/videom.it\/blog\/shop\/airpods-pro-apple-2019\/#primaryimage","url":"https:\/\/i0.wp.com\/videom.it\/blog\/wp-content\/uploads\/2019\/12\/airpodpro-i.jpg?fit=800%2C800&ssl=1","contentUrl":"https:\/\/i0.wp.com\/videom.it\/blog\/wp-content\/uploads\/2019\/12\/airpodpro-i.jpg?fit=800%2C800&ssl=1","width":800,"height":800},{"@type":"BreadcrumbList","@id":"https:\/\/videom.it\/blog\/shop\/airpods-pro-apple-2019\/#breadcrumb","itemListElement":[{"@type":"ListItem","position":1,"name":"Home","item":"https:\/\/videom.it\/blog\/"},{"@type":"ListItem","position":2,"name":"Shop","item":"https:\/\/videom.it\/blog\/shop\/"},{"@type":"ListItem","position":3,"name":"AirPods PRO Apple 2019"}]},{"@type":"WebSite","@id":"https:\/\/videom.it\/blog\/#website","url":"https:\/\/videom.it\/blog\/","name":"VideoMusic","description":"Luce &amp; Gas - Assicurazioni - Riparazioni","publisher":{"@id":"https:\/\/videom.it\/blog\/#organization"},"potentialAction":[{"@type":"SearchAction","target":{"@type":"EntryPoint","urlTemplate":"https:\/\/videom.it\/blog\/?s={search_term_string}"},"query-input":{"@type":"PropertyValueSpecification","valueRequired":true,"valueName":"search_term_string"}}],"inLanguage":"it-IT"},{"@type":"Organization","@id":"https:\/\/videom.it\/blog\/#organization","name":"VideoMusic","url":"https:\/\/videom.it\/blog\/","logo":{"@type":"ImageObject","inLanguage":"it-IT","@id":"https:\/\/videom.it\/blog\/#\/schema\/logo\/image\/","url":"https:\/\/i2.wp.com\/videom.it\/blog\/wp-content\/uploads\/2015\/04\/25th-giallo-3.jpg?fit=1300%2C1192&ssl=1","contentUrl":"https:\/\/i2.wp.com\/videom.it\/blog\/wp-content\/uploads\/2015\/04\/25th-giallo-3.jpg?fit=1300%2C1192&ssl=1","width":1300,"height":1192,"caption":"VideoMusic"},"image":{"@id":"https:\/\/videom.it\/blog\/#\/schema\/logo\/image\/"},"sameAs":["https:\/\/www.facebook.com\/videomusiccava.trebisacce","https:\/\/x.com\/vbcava","https:\/\/www.youtube.com\/channel\/UCgNxnZpk2zqHaIcIxF3swOA"]}]}},"jetpack_publicize_connections":[],"jetpack_sharing_enabled":true,"_links":{"self":[{"href":"https:\/\/videom.it\/blog\/wp-json\/wp\/v2\/product\/3899","targetHints":{"allow":["GET"]}}],"collection":[{"href":"https:\/\/videom.it\/blog\/wp-json\/wp\/v2\/product"}],"about":[{"href":"https:\/\/videom.it\/blog\/wp-json\/wp\/v2\/types\/product"}],"replies":[{"embeddable":true,"href":"https:\/\/videom.it\/blog\/wp-json\/wp\/v2\/comments?post=3899"}],"wp:featuredmedia":[{"embeddable":true,"href":"https:\/\/videom.it\/blog\/wp-json\/wp\/v2\/media\/3905"}],"wp:attachment":[{"href":"https:\/\/videom.it\/blog\/wp-json\/wp\/v2\/media?parent=3899"}],"wp:term":[{"taxonomy":"product_brand","embeddable":true,"href":"https:\/\/videom.it\/blog\/wp-json\/wp\/v2\/product_brand?post=3899"},{"taxonomy":"product_cat","embeddable":true,"href":"https:\/\/videom.it\/blog\/wp-json\/wp\/v2\/product_cat?post=3899"},{"taxonomy":"product_tag","embeddable":true,"href":"https:\/\/videom.it\/blog\/wp-json\/wp\/v2\/product_tag?post=3899"}],"curies":[{"name":"wp","href":"https:\/\/api.w.org\/{rel}","templated":true}]}}