{"id":3353,"date":"2019-04-06T20:21:20","date_gmt":"2019-04-06T18:21:20","guid":{"rendered":"http:\/\/videom.it\/blog\/?page_id=3353"},"modified":"2023-04-17T18:18:50","modified_gmt":"2023-04-17T16:18:50","slug":"finanziamenti","status":"publish","type":"page","link":"https:\/\/videom.it\/blog\/finanziamenti\/","title":{"rendered":"Finanziamenti"},"content":{"rendered":"<h5>VideoMusic \u00e8 Partner con le finanziarie Compass e Findomestic<\/h5>\n<p><a href=\"https:\/\/i0.wp.com\/videom.it\/blog\/wp-content\/uploads\/2019\/04\/finanziamenti-1.jpg\"><img data-recalc-dims=\"1\" decoding=\"async\" class=\"alignnone wp-image-3362\" src=\"https:\/\/i0.wp.com\/videom.it\/blog\/wp-content\/uploads\/2019\/04\/finanziamenti-1-300x207.jpg?resize=233%2C161\" alt=\"finanziamenti 1\" width=\"233\" height=\"161\" srcset=\"https:\/\/i0.wp.com\/videom.it\/blog\/wp-content\/uploads\/2019\/04\/finanziamenti-1.jpg?resize=300%2C207&amp;ssl=1 300w, https:\/\/i0.wp.com\/videom.it\/blog\/wp-content\/uploads\/2019\/04\/finanziamenti-1.jpg?resize=500%2C345&amp;ssl=1 500w, https:\/\/i0.wp.com\/videom.it\/blog\/wp-content\/uploads\/2019\/04\/finanziamenti-1.jpg?resize=100%2C69&amp;ssl=1 100w, https:\/\/i0.wp.com\/videom.it\/blog\/wp-content\/uploads\/2019\/04\/finanziamenti-1.jpg?resize=150%2C103&amp;ssl=1 150w, https:\/\/i0.wp.com\/videom.it\/blog\/wp-content\/uploads\/2019\/04\/finanziamenti-1.jpg?resize=200%2C138&amp;ssl=1 200w, https:\/\/i0.wp.com\/videom.it\/blog\/wp-content\/uploads\/2019\/04\/finanziamenti-1.jpg?resize=450%2C310&amp;ssl=1 450w, https:\/\/i0.wp.com\/videom.it\/blog\/wp-content\/uploads\/2019\/04\/finanziamenti-1.jpg?resize=600%2C414&amp;ssl=1 600w, https:\/\/i0.wp.com\/videom.it\/blog\/wp-content\/uploads\/2019\/04\/finanziamenti-1.jpg?w=637&amp;ssl=1 637w\" sizes=\"(max-width: 233px) 100vw, 233px\" \/>\u00a0<\/a> <a href=\"https:\/\/i0.wp.com\/videom.it\/blog\/wp-content\/uploads\/2019\/04\/prestiti-findomestic.jpeg\">\u00a0 <img data-recalc-dims=\"1\" decoding=\"async\" class=\"alignnone size-medium wp-image-3363\" src=\"https:\/\/i0.wp.com\/videom.it\/blog\/wp-content\/uploads\/2019\/04\/prestiti-findomestic-300x97.jpeg?resize=300%2C97\" alt=\"prestiti-findomestic\" width=\"300\" height=\"97\" srcset=\"https:\/\/i0.wp.com\/videom.it\/blog\/wp-content\/uploads\/2019\/04\/prestiti-findomestic.jpeg?resize=300%2C97&amp;ssl=1 300w, https:\/\/i0.wp.com\/videom.it\/blog\/wp-content\/uploads\/2019\/04\/prestiti-findomestic.jpeg?resize=768%2C249&amp;ssl=1 768w, https:\/\/i0.wp.com\/videom.it\/blog\/wp-content\/uploads\/2019\/04\/prestiti-findomestic.jpeg?resize=1024%2C332&amp;ssl=1 1024w, https:\/\/i0.wp.com\/videom.it\/blog\/wp-content\/uploads\/2019\/04\/prestiti-findomestic.jpeg?resize=500%2C162&amp;ssl=1 500w, https:\/\/i0.wp.com\/videom.it\/blog\/wp-content\/uploads\/2019\/04\/prestiti-findomestic.jpeg?resize=100%2C32&amp;ssl=1 100w, https:\/\/i0.wp.com\/videom.it\/blog\/wp-content\/uploads\/2019\/04\/prestiti-findomestic.jpeg?resize=150%2C49&amp;ssl=1 150w, https:\/\/i0.wp.com\/videom.it\/blog\/wp-content\/uploads\/2019\/04\/prestiti-findomestic.jpeg?resize=200%2C65&amp;ssl=1 200w, https:\/\/i0.wp.com\/videom.it\/blog\/wp-content\/uploads\/2019\/04\/prestiti-findomestic.jpeg?resize=450%2C146&amp;ssl=1 450w, https:\/\/i0.wp.com\/videom.it\/blog\/wp-content\/uploads\/2019\/04\/prestiti-findomestic.jpeg?resize=600%2C194&amp;ssl=1 600w, https:\/\/i0.wp.com\/videom.it\/blog\/wp-content\/uploads\/2019\/04\/prestiti-findomestic.jpeg?resize=900%2C292&amp;ssl=1 900w, https:\/\/i0.wp.com\/videom.it\/blog\/wp-content\/uploads\/2019\/04\/prestiti-findomestic.jpeg?w=1759&amp;ssl=1 1759w\" sizes=\"(max-width: 300px) 100vw, 300px\" \/><\/a><\/p>\n<p>Per<strong> richiedere finanziamenti<\/strong>\u00a0\u00e8 necessario presentare una serie di documenti, fra i quali un documento di reddito, questo perch\u00e9 tale documento certifica la posizione lavorativa del richiedente ed \u00e8 importante per la <strong>valutazione della capacit\u00e0 di restituire la somma richiesta<\/strong>.<\/p>\n<p><strong>Documenti richiesti:\u00a0\u00a0<\/strong><\/p>\n<ul>\n<li>Documento di identit\u00e0 valido<\/li>\n<li>Busta paga, CUD, Modello 740 o qualsiasi altro documento che certifichi un reddito<\/li>\n<li>In caso di indirizzo di residenza diverso da quello del documento, Bolletta della fornitura Elettrica o certificazione del Comune.<\/li>\n<\/ul>\n<p>_____________<\/p>\n<ul>\n<li>L&#8217;esito della pratica di finanziamento avviene entro 24 ore nei giorni lavorativi<\/li>\n<li>E\u2019 possibile finanziare l&#8217;intero importo, senza alcun anticipo.<\/li>\n<li>I pagamenti avvengono tramite bollettini postali o conto corrente bancario o postale<\/li>\n<\/ul>\n<p><a href=\"http:\/\/videom.it\/blog\/contattaci\/\" target=\"_blank\" rel=\"noopener noreferrer\"><strong>VideoMusic<\/strong><\/a><strong> &#8211; Trebisacce (Cs)\u00a0 V.le della Libert\u00e0 22\/24 &#8211; 0981 58459\/51519<\/strong><\/p>\n<h4><strong>Finanziamenti senza busta paga<\/strong><\/h4>\n<p>Si effettuano finanziamenti anche senza busta paga se non si ha la possibilit\u00e0 di esibire l\u2019ultima busta paga, vuoi perch\u00e9 si \u00e8 disoccupati, o perch\u00e9 non si ha un rapporto di lavoro dipendente a tempo indeterminato o vuoi ancora perch\u00e9 il richiedente \u00e8 un libero professionista, un lavoratore autonomo, un imprenditore o una casalinga, uno studente. Basta rispettare delle semplicissime regole.<\/p>\n<p>Si effettuano richieste di finanziamenti <strong>senza busta paga<\/strong> per importi fino a 2000 euro e un massimo 24 rate<\/p>\n<p><strong>Il finanziamento senza busta paga, NON pu\u00f2 essere richiesto se<\/strong><\/p>\n<ul>\n<li>Negli ultimi 3 mesi si ha avuto un rifiuto di finanziamento per qualsiasi motivo<\/li>\n<li>Si hanno protesti o iscrizioni al <strong><a href=\"https:\/\/www.usuraonline.com\/visura-crif?c4&amp;utm_adw&amp;gclid=EAIaIQobChMIhNyukYW84QIVCksNCh0LXwYlEAAYASAAEgJe3vD_BwE\" target=\"_blank\" rel=\"noopener noreferrer\">CRIF<\/a><\/strong><\/li>\n<li>Ci sono stati ritardi su pagamenti nei finanziamenti gi\u00e0 estinti<\/li>\n<li>L&#8217;importo supera i 1000 euro e un massimo 12 rate<\/li>\n<li>Si ha una pensione di invalidit\u00e0.<\/li>\n<li>Non si ha un fissa dimora<\/li>\n<li>Non si \u00e8 cittadino Italiano o cmq con residenza in Italia da almeno 5 anni<\/li>\n<\/ul>\n<p>Per tutte le altre informazioni, potete visitare il nostro Store.<\/p>\n<p><a href=\"http:\/\/videom.it\/blog\/contattaci\/\" target=\"_blank\" rel=\"noopener noreferrer\"><strong>VideoMusic<\/strong><\/a><strong> &#8211; Trebisacce (Cs)\u00a0 V.le della Libert\u00e0 22\/24 &#8211; 0981 58459\/51519 &#8211; 3518188174<\/strong><\/p>\n<p><a href=\"https:\/\/i0.wp.com\/videom.it\/blog\/wp-content\/uploads\/2021\/06\/Nuova-facciata-A-nera-negozio.jpg?ssl=1\"><img data-recalc-dims=\"1\" fetchpriority=\"high\" decoding=\"async\" class=\"alignnone size-full wp-image-7057\" src=\"https:\/\/i0.wp.com\/videom.it\/blog\/wp-content\/uploads\/2021\/06\/Nuova-facciata-A-nera-negozio.jpg?resize=1140%2C509&#038;ssl=1\" alt=\"\" width=\"1140\" height=\"509\" \/><\/a><\/p>\n<p>&nbsp;<\/p>\n<p>&nbsp;<\/p>\n<p><a href=\"https:\/\/i0.wp.com\/videom.it\/blog\/wp-content\/uploads\/2019\/05\/finanziamenti-03.jpg\"><img data-recalc-dims=\"1\" loading=\"lazy\" decoding=\"async\" class=\" wp-image-3552 aligncenter\" src=\"https:\/\/i0.wp.com\/videom.it\/blog\/wp-content\/uploads\/2019\/05\/finanziamenti-03.jpg?resize=598%2C274\" alt=\"finanziamenti\" width=\"598\" height=\"274\" srcset=\"https:\/\/i0.wp.com\/videom.it\/blog\/wp-content\/uploads\/2019\/05\/finanziamenti-03.jpg?w=864&amp;ssl=1 864w, https:\/\/i0.wp.com\/videom.it\/blog\/wp-content\/uploads\/2019\/05\/finanziamenti-03.jpg?resize=300%2C138&amp;ssl=1 300w, https:\/\/i0.wp.com\/videom.it\/blog\/wp-content\/uploads\/2019\/05\/finanziamenti-03.jpg?resize=768%2C352&amp;ssl=1 768w, https:\/\/i0.wp.com\/videom.it\/blog\/wp-content\/uploads\/2019\/05\/finanziamenti-03.jpg?resize=500%2C229&amp;ssl=1 500w, https:\/\/i0.wp.com\/videom.it\/blog\/wp-content\/uploads\/2019\/05\/finanziamenti-03.jpg?resize=100%2C46&amp;ssl=1 100w, https:\/\/i0.wp.com\/videom.it\/blog\/wp-content\/uploads\/2019\/05\/finanziamenti-03.jpg?resize=150%2C69&amp;ssl=1 150w, https:\/\/i0.wp.com\/videom.it\/blog\/wp-content\/uploads\/2019\/05\/finanziamenti-03.jpg?resize=200%2C92&amp;ssl=1 200w, https:\/\/i0.wp.com\/videom.it\/blog\/wp-content\/uploads\/2019\/05\/finanziamenti-03.jpg?resize=450%2C206&amp;ssl=1 450w, https:\/\/i0.wp.com\/videom.it\/blog\/wp-content\/uploads\/2019\/05\/finanziamenti-03.jpg?resize=600%2C275&amp;ssl=1 600w\" sizes=\"(max-width: 598px) 100vw, 598px\" \/><\/a><\/p>\n","protected":false},"excerpt":{"rendered":"<p>VideoMusic \u00e8 Partner con le finanziarie Compass e Findomestic \u00a0 \u00a0 Per richiedere finanziamenti\u00a0\u00e8 necessario presentare una serie di documenti,&hellip;<\/p>\n","protected":false},"author":2,"featured_media":6177,"parent":0,"menu_order":0,"comment_status":"closed","ping_status":"closed","template":"","meta":{"jetpack_post_was_ever_published":false,"footnotes":""},"class_list":["post-3353","page","type-page","status-publish","has-post-thumbnail","hentry"],"yoast_head":"<!-- This site is optimized with the Yoast SEO plugin v27.3 - https:\/\/yoast.com\/product\/yoast-seo-wordpress\/ -->\n<title>Finanziamenti<\/title>\n<meta name=\"description\" content=\"VideoMusic Trebisacce finanziamenti anche senza busta paga. Pratiche veloci e riservate. Consegna prodotti immediata. Viditate il nostro Store\" \/>\n<meta name=\"robots\" content=\"index, follow, max-snippet:-1, max-image-preview:large, max-video-preview:-1\" \/>\n<link rel=\"canonical\" href=\"https:\/\/videom.it\/blog\/finanziamenti\/\" \/>\n<meta property=\"og:locale\" content=\"it_IT\" \/>\n<meta property=\"og:type\" content=\"article\" \/>\n<meta property=\"og:title\" content=\"Finanziamenti\" \/>\n<meta property=\"og:description\" content=\"VideoMusic Trebisacce finanziamenti anche senza busta paga. Pratiche veloci e riservate. Consegna prodotti immediata. Viditate il nostro Store\" \/>\n<meta property=\"og:url\" content=\"https:\/\/videom.it\/blog\/finanziamenti\/\" \/>\n<meta property=\"og:site_name\" content=\"VideoMusic\" \/>\n<meta property=\"article:publisher\" content=\"https:\/\/www.facebook.com\/videomusiccava.trebisacce\" \/>\n<meta property=\"article:modified_time\" content=\"2023-04-17T16:18:50+00:00\" \/>\n<meta property=\"og:image\" content=\"https:\/\/videom.it\/blog\/wp-content\/uploads\/2021\/05\/finanziamenti.jpg\" \/>\n\t<meta property=\"og:image:width\" content=\"1200\" \/>\n\t<meta property=\"og:image:height\" content=\"640\" \/>\n\t<meta property=\"og:image:type\" content=\"image\/jpeg\" \/>\n<meta name=\"twitter:label1\" content=\"Tempo di lettura stimato\" \/>\n\t<meta name=\"twitter:data1\" content=\"3 minuti\" \/>\n<script type=\"application\/ld+json\" class=\"yoast-schema-graph\">{\"@context\":\"https:\\\/\\\/schema.org\",\"@graph\":[{\"@type\":\"WebPage\",\"@id\":\"https:\\\/\\\/videom.it\\\/blog\\\/finanziamenti\\\/\",\"url\":\"https:\\\/\\\/videom.it\\\/blog\\\/finanziamenti\\\/\",\"name\":\"Finanziamenti\",\"isPartOf\":{\"@id\":\"https:\\\/\\\/videom.it\\\/blog\\\/#website\"},\"primaryImageOfPage\":{\"@id\":\"https:\\\/\\\/videom.it\\\/blog\\\/finanziamenti\\\/#primaryimage\"},\"image\":{\"@id\":\"https:\\\/\\\/videom.it\\\/blog\\\/finanziamenti\\\/#primaryimage\"},\"thumbnailUrl\":\"https:\\\/\\\/i0.wp.com\\\/videom.it\\\/blog\\\/wp-content\\\/uploads\\\/2021\\\/05\\\/finanziamenti.jpg?fit=1200%2C640&ssl=1\",\"datePublished\":\"2019-04-06T18:21:20+00:00\",\"dateModified\":\"2023-04-17T16:18:50+00:00\",\"description\":\"VideoMusic Trebisacce finanziamenti anche senza busta paga. Pratiche veloci e riservate. Consegna prodotti immediata. Viditate il nostro Store\",\"breadcrumb\":{\"@id\":\"https:\\\/\\\/videom.it\\\/blog\\\/finanziamenti\\\/#breadcrumb\"},\"inLanguage\":\"it-IT\",\"potentialAction\":[{\"@type\":\"ReadAction\",\"target\":[\"https:\\\/\\\/videom.it\\\/blog\\\/finanziamenti\\\/\"]}]},{\"@type\":\"ImageObject\",\"inLanguage\":\"it-IT\",\"@id\":\"https:\\\/\\\/videom.it\\\/blog\\\/finanziamenti\\\/#primaryimage\",\"url\":\"https:\\\/\\\/i0.wp.com\\\/videom.it\\\/blog\\\/wp-content\\\/uploads\\\/2021\\\/05\\\/finanziamenti.jpg?fit=1200%2C640&ssl=1\",\"contentUrl\":\"https:\\\/\\\/i0.wp.com\\\/videom.it\\\/blog\\\/wp-content\\\/uploads\\\/2021\\\/05\\\/finanziamenti.jpg?fit=1200%2C640&ssl=1\",\"width\":1200,\"height\":640},{\"@type\":\"BreadcrumbList\",\"@id\":\"https:\\\/\\\/videom.it\\\/blog\\\/finanziamenti\\\/#breadcrumb\",\"itemListElement\":[{\"@type\":\"ListItem\",\"position\":1,\"name\":\"Home\",\"item\":\"https:\\\/\\\/videom.it\\\/blog\\\/\"},{\"@type\":\"ListItem\",\"position\":2,\"name\":\"Finanziamenti\"}]},{\"@type\":\"WebSite\",\"@id\":\"https:\\\/\\\/videom.it\\\/blog\\\/#website\",\"url\":\"https:\\\/\\\/videom.it\\\/blog\\\/\",\"name\":\"VideoMusic\",\"description\":\"Luce &amp; Gas - Assicurazioni - Riparazioni\",\"publisher\":{\"@id\":\"https:\\\/\\\/videom.it\\\/blog\\\/#organization\"},\"potentialAction\":[{\"@type\":\"SearchAction\",\"target\":{\"@type\":\"EntryPoint\",\"urlTemplate\":\"https:\\\/\\\/videom.it\\\/blog\\\/?s={search_term_string}\"},\"query-input\":{\"@type\":\"PropertyValueSpecification\",\"valueRequired\":true,\"valueName\":\"search_term_string\"}}],\"inLanguage\":\"it-IT\"},{\"@type\":\"Organization\",\"@id\":\"https:\\\/\\\/videom.it\\\/blog\\\/#organization\",\"name\":\"VideoMusic\",\"url\":\"https:\\\/\\\/videom.it\\\/blog\\\/\",\"logo\":{\"@type\":\"ImageObject\",\"inLanguage\":\"it-IT\",\"@id\":\"https:\\\/\\\/videom.it\\\/blog\\\/#\\\/schema\\\/logo\\\/image\\\/\",\"url\":\"https:\\\/\\\/i2.wp.com\\\/videom.it\\\/blog\\\/wp-content\\\/uploads\\\/2015\\\/04\\\/25th-giallo-3.jpg?fit=1300%2C1192&ssl=1\",\"contentUrl\":\"https:\\\/\\\/i2.wp.com\\\/videom.it\\\/blog\\\/wp-content\\\/uploads\\\/2015\\\/04\\\/25th-giallo-3.jpg?fit=1300%2C1192&ssl=1\",\"width\":1300,\"height\":1192,\"caption\":\"VideoMusic\"},\"image\":{\"@id\":\"https:\\\/\\\/videom.it\\\/blog\\\/#\\\/schema\\\/logo\\\/image\\\/\"},\"sameAs\":[\"https:\\\/\\\/www.facebook.com\\\/videomusiccava.trebisacce\",\"https:\\\/\\\/x.com\\\/vbcava\",\"https:\\\/\\\/www.youtube.com\\\/channel\\\/UCgNxnZpk2zqHaIcIxF3swOA\"]}]}<\/script>\n<!-- \/ Yoast SEO plugin. -->","yoast_head_json":{"title":"Finanziamenti","description":"VideoMusic Trebisacce finanziamenti anche senza busta paga. Pratiche veloci e riservate. Consegna prodotti immediata. Viditate il nostro Store","robots":{"index":"index","follow":"follow","max-snippet":"max-snippet:-1","max-image-preview":"max-image-preview:large","max-video-preview":"max-video-preview:-1"},"canonical":"https:\/\/videom.it\/blog\/finanziamenti\/","og_locale":"it_IT","og_type":"article","og_title":"Finanziamenti","og_description":"VideoMusic Trebisacce finanziamenti anche senza busta paga. Pratiche veloci e riservate. Consegna prodotti immediata. Viditate il nostro Store","og_url":"https:\/\/videom.it\/blog\/finanziamenti\/","og_site_name":"VideoMusic","article_publisher":"https:\/\/www.facebook.com\/videomusiccava.trebisacce","article_modified_time":"2023-04-17T16:18:50+00:00","og_image":[{"width":1200,"height":640,"url":"https:\/\/videom.it\/blog\/wp-content\/uploads\/2021\/05\/finanziamenti.jpg","type":"image\/jpeg"}],"twitter_misc":{"Tempo di lettura stimato":"3 minuti"},"schema":{"@context":"https:\/\/schema.org","@graph":[{"@type":"WebPage","@id":"https:\/\/videom.it\/blog\/finanziamenti\/","url":"https:\/\/videom.it\/blog\/finanziamenti\/","name":"Finanziamenti","isPartOf":{"@id":"https:\/\/videom.it\/blog\/#website"},"primaryImageOfPage":{"@id":"https:\/\/videom.it\/blog\/finanziamenti\/#primaryimage"},"image":{"@id":"https:\/\/videom.it\/blog\/finanziamenti\/#primaryimage"},"thumbnailUrl":"https:\/\/i0.wp.com\/videom.it\/blog\/wp-content\/uploads\/2021\/05\/finanziamenti.jpg?fit=1200%2C640&ssl=1","datePublished":"2019-04-06T18:21:20+00:00","dateModified":"2023-04-17T16:18:50+00:00","description":"VideoMusic Trebisacce finanziamenti anche senza busta paga. Pratiche veloci e riservate. Consegna prodotti immediata. Viditate il nostro Store","breadcrumb":{"@id":"https:\/\/videom.it\/blog\/finanziamenti\/#breadcrumb"},"inLanguage":"it-IT","potentialAction":[{"@type":"ReadAction","target":["https:\/\/videom.it\/blog\/finanziamenti\/"]}]},{"@type":"ImageObject","inLanguage":"it-IT","@id":"https:\/\/videom.it\/blog\/finanziamenti\/#primaryimage","url":"https:\/\/i0.wp.com\/videom.it\/blog\/wp-content\/uploads\/2021\/05\/finanziamenti.jpg?fit=1200%2C640&ssl=1","contentUrl":"https:\/\/i0.wp.com\/videom.it\/blog\/wp-content\/uploads\/2021\/05\/finanziamenti.jpg?fit=1200%2C640&ssl=1","width":1200,"height":640},{"@type":"BreadcrumbList","@id":"https:\/\/videom.it\/blog\/finanziamenti\/#breadcrumb","itemListElement":[{"@type":"ListItem","position":1,"name":"Home","item":"https:\/\/videom.it\/blog\/"},{"@type":"ListItem","position":2,"name":"Finanziamenti"}]},{"@type":"WebSite","@id":"https:\/\/videom.it\/blog\/#website","url":"https:\/\/videom.it\/blog\/","name":"VideoMusic","description":"Luce &amp; Gas - Assicurazioni - Riparazioni","publisher":{"@id":"https:\/\/videom.it\/blog\/#organization"},"potentialAction":[{"@type":"SearchAction","target":{"@type":"EntryPoint","urlTemplate":"https:\/\/videom.it\/blog\/?s={search_term_string}"},"query-input":{"@type":"PropertyValueSpecification","valueRequired":true,"valueName":"search_term_string"}}],"inLanguage":"it-IT"},{"@type":"Organization","@id":"https:\/\/videom.it\/blog\/#organization","name":"VideoMusic","url":"https:\/\/videom.it\/blog\/","logo":{"@type":"ImageObject","inLanguage":"it-IT","@id":"https:\/\/videom.it\/blog\/#\/schema\/logo\/image\/","url":"https:\/\/i2.wp.com\/videom.it\/blog\/wp-content\/uploads\/2015\/04\/25th-giallo-3.jpg?fit=1300%2C1192&ssl=1","contentUrl":"https:\/\/i2.wp.com\/videom.it\/blog\/wp-content\/uploads\/2015\/04\/25th-giallo-3.jpg?fit=1300%2C1192&ssl=1","width":1300,"height":1192,"caption":"VideoMusic"},"image":{"@id":"https:\/\/videom.it\/blog\/#\/schema\/logo\/image\/"},"sameAs":["https:\/\/www.facebook.com\/videomusiccava.trebisacce","https:\/\/x.com\/vbcava","https:\/\/www.youtube.com\/channel\/UCgNxnZpk2zqHaIcIxF3swOA"]}]}},"jetpack_sharing_enabled":true,"jetpack_shortlink":"https:\/\/wp.me\/P5ZUZm-S5","_links":{"self":[{"href":"https:\/\/videom.it\/blog\/wp-json\/wp\/v2\/pages\/3353","targetHints":{"allow":["GET"]}}],"collection":[{"href":"https:\/\/videom.it\/blog\/wp-json\/wp\/v2\/pages"}],"about":[{"href":"https:\/\/videom.it\/blog\/wp-json\/wp\/v2\/types\/page"}],"author":[{"embeddable":true,"href":"https:\/\/videom.it\/blog\/wp-json\/wp\/v2\/users\/2"}],"replies":[{"embeddable":true,"href":"https:\/\/videom.it\/blog\/wp-json\/wp\/v2\/comments?post=3353"}],"version-history":[{"count":12,"href":"https:\/\/videom.it\/blog\/wp-json\/wp\/v2\/pages\/3353\/revisions"}],"predecessor-version":[{"id":7340,"href":"https:\/\/videom.it\/blog\/wp-json\/wp\/v2\/pages\/3353\/revisions\/7340"}],"wp:featuredmedia":[{"embeddable":true,"href":"https:\/\/videom.it\/blog\/wp-json\/wp\/v2\/media\/6177"}],"wp:attachment":[{"href":"https:\/\/videom.it\/blog\/wp-json\/wp\/v2\/media?parent=3353"}],"curies":[{"name":"wp","href":"https:\/\/api.w.org\/{rel}","templated":true}]}}